178
CDUS44 KAMA 261522
CLIDHT


CLIMATE REPORT
NATIONAL WEATHER SERVICE AMARILLO TX
922 AM CST MON JAN 26 2015


...................................

...THE DALHART CLIMATE SUMMARY FOR JANUARY 26 2015...
VALID AS OF 0900 AM LOCAL TIME.

CLIMATE NORMAL PERIOD 1981 TO 2010
CLIMATE RECORD PERIOD 1894 TO 2015


WEATHER ITEM   OBSERVED TIME   RECORD YEAR NORMAL DEPARTURE LAST
                VALUE   (LST)  VALUE       VALUE  FROM      YEAR
                                                  NORMAL
..................................................................
TEMPERATURE (F)
 TODAY
  MINIMUM         34    609 AM  -2    1963  20     14       29

PRECIPITATION (IN)
  TODAY            0.00          0.44 1994   0.02  -0.02     0.00
  MONTH TO DATE    1.09                      0.42   0.67     0.01
  SINCE DEC 1      1.42                      0.96   0.46     0.22
  SINCE JAN 1      1.09                      0.42   0.67     0.01

SNOWFALL (IN)
  TODAY            0.0           1.0  2000   0.1   -0.1      0.0
  MONTH TO DATE   15.0                       3.5   11.5      3.0
  SINCE DEC 1     19.5                       7.8   11.7      9.5
  SINCE JUL 1     21.0                       9.7   11.3     12.5
  SNOW DEPTH       0

..................................................................


WIND (MPH)
  RESULTANT WIND SPEED  12   RESULTANT WIND DIRECTION   W (280)
  HIGHEST WIND SPEED    16   HIGHEST WIND DIRECTION     W (270)
  HIGHEST GUST SPEED    19   HIGHEST GUST DIRECTION     W (270)
  AVERAGE WIND SPEED    12.5


SKY COVER
  AVERAGE SKY COVER 0.0


WEATHER CONDITIONS
 THE FOLLOWING WEATHER WAS RECORDED TODAY.
  NO SIGNIFICANT WEATHER WAS OBSERVED.


RELATIVE HUMIDITY (PERCENT)
 HIGHEST    75           500 AM
 LOWEST     64           800 AM
 AVERAGE    70

..........................................................


THE DALHART CLIMATE NORMALS FOR TOMORROW
                         NORMAL    RECORD    YEAR
 MAXIMUM TEMPERATURE (F)   51        74      1970
 MINIMUM TEMPERATURE (F)   20        -2      1963


SUNRISE AND SUNSET
JANUARY 26 2015.......SUNRISE   755 AM CST   SUNSET   611 PM CST
JANUARY 27 2015.......SUNRISE   755 AM CST   SUNSET   612 PM CST


-  INDICATES NEGATIVE NUMBERS.
R  INDICATES RECORD WAS SET OR TIED.
MM INDICATES DATA IS MISSING.
T  INDICATES TRACE AMOUNT.




$$




180
CDUS44 KAMA 261522
CLIBGD


CLIMATE REPORT
NATIONAL WEATHER SERVICE AMARILLO TX
922 AM CST MON JAN 26 2015


...................................

...THE BORGER CLIMATE SUMMARY FOR JANUARY 26 2015...
VALID AS OF 0900 AM LOCAL TIME.

CLIMATE NORMAL PERIOD 1981 TO 2013
CLIMATE RECORD PERIOD 1949 TO 2015


WEATHER ITEM   OBSERVED TIME   RECORD YEAR NORMAL DEPARTURE LAST
                VALUE   (LST)  VALUE       VALUE  FROM      YEAR
                                                  NORMAL
..................................................................
TEMPERATURE (F)
 TODAY
  MINIMUM         39    759 AM   4    1966  27     12       31

PRECIPITATION (IN)
  TODAY            0.00          0.22 1994   0.02  -0.02     0.00
  MONTH TO DATE    0.87                      0.46   0.41     0.07
  SINCE DEC 1      1.01                      1.23  -0.22     0.34
  SINCE JAN 1      0.87                      0.46   0.41     0.07

SNOWFALL (IN)
  TODAY            0.0           3.5  2001                   0.0
  MONTH TO DATE    7.6                                       1.3
  SINCE DEC 1      8.0                                       4.7
  SINCE JUL 1      9.9                                       8.5
  SNOW DEPTH       0

..................................................................


WIND (MPH)
  RESULTANT WIND SPEED  10   RESULTANT WIND DIRECTION  SW (240)
  HIGHEST WIND SPEED    14   HIGHEST WIND DIRECTION    SW (240)
  HIGHEST GUST SPEED    17   HIGHEST GUST DIRECTION     W (250)
  AVERAGE WIND SPEED    10.0


SKY COVER
  AVERAGE SKY COVER 0.0


WEATHER CONDITIONS
 THE FOLLOWING WEATHER WAS RECORDED TODAY.
  NO SIGNIFICANT WEATHER WAS OBSERVED.


RELATIVE HUMIDITY (PERCENT)
 HIGHEST    70           100 AM
 LOWEST     62           300 AM
 AVERAGE    66

..........................................................


THE BORGER CLIMATE NORMALS FOR TOMORROW
                         NORMAL    RECORD    YEAR
 MAXIMUM TEMPERATURE (F)   53        78      1970
 MINIMUM TEMPERATURE (F)   27         0      1963


SUNRISE AND SUNSET
JANUARY 26 2015.......SUNRISE   750 AM CST   SUNSET   607 PM CST
JANUARY 27 2015.......SUNRISE   749 AM CST   SUNSET   608 PM CST


-  INDICATES NEGATIVE NUMBERS.
R  INDICATES RECORD WAS SET OR TIED.
MM INDICATES DATA IS MISSING.
T  INDICATES TRACE AMOUNT.




$$




National Weather Service
Disclaimer
Last Modified: August 31, 2005
Privacy Policy