794
CDUS46 KBOI 170932
CLIBKE


CLIMATE REPORT
NATIONAL WEATHER SERVICE BOISE ID
332 AM MDT THU APR 17 2014


...................................

...THE BAKER OR CLIMATE SUMMARY FOR APRIL 16 2014...

CLIMATE NORMAL PERIOD 1981 TO 2010
CLIMATE RECORD PERIOD 1948 TO 2014


WEATHER ITEM   OBSERVED TIME   RECORD YEAR NORMAL DEPARTURE LAST
                VALUE   (LST)  VALUE       VALUE  FROM      YEAR
                                                  NORMAL
..................................................................
TEMPERATURE (F)
 YESTERDAY
  MAXIMUM         59    107 PM  77    1990  58      1       44
  MINIMUM         29   1143 PM  19    2007  29      0       24
  AVERAGE         44                        43      1       34

PRECIPITATION (IN)
  YESTERDAY        0.00          0.61 1978   0.03  -0.03     0.00
  MONTH TO DATE    0.05                      0.41  -0.36     0.31
  SINCE OCT 1      3.95                      5.12  -1.17     4.07
  SINCE JAN 1      2.78                      2.61   0.17     1.89

DEGREE DAYS
 HEATING
  YESTERDAY       21                        22     -1       31
  MONTH TO DATE  334                       367    -33      372
  SINCE MAR 1   1089                      1215   -126     1201
  SINCE JUL 1   6615                      6735   -120     6593

 COOLING
  YESTERDAY        0                         0      0        0
  MONTH TO DATE    0                         0      0        0
  SINCE MAR 1      0                         0      0        0
  SINCE JAN 1      0                         0      0        0
..................................................................


WIND (MPH)
  RESULTANT WIND SPEED   1   RESULTANT WIND DIRECTION  NW (330)
  HIGHEST WIND SPEED    10   HIGHEST WIND DIRECTION    NW (310)
  HIGHEST GUST SPEED    14   HIGHEST GUST DIRECTION    NW (310)
  AVERAGE WIND SPEED     3.8


SKY COVER
  AVERAGE SKY COVER 0.5


WEATHER CONDITIONS
 THE FOLLOWING WEATHER WAS RECORDED YESTERDAY.
  NO SIGNIFICANT WEATHER WAS OBSERVED.


RELATIVE HUMIDITY (PERCENT)
 HIGHEST    82           900 PM
 LOWEST     30           300 PM
 AVERAGE    56

..........................................................


THE BAKER OR CLIMATE NORMALS FOR TODAY
                         NORMAL    RECORD    YEAR
 MAXIMUM TEMPERATURE (F)   58        84      1994
 MINIMUM TEMPERATURE (F)   29        18      1972


SUNRISE AND SUNSET
APRIL 17 2014.........SUNRISE   603 AM PDT   SUNSET   739 PM PDT
APRIL 18 2014.........SUNRISE   602 AM PDT   SUNSET   740 PM PDT


-  INDICATES NEGATIVE NUMBERS.
R  INDICATES RECORD WAS SET OR TIED.
MM INDICATES DATA IS MISSING.
T  INDICATES TRACE AMOUNT.




$$




792
CDUS45 KBOI 170932
CLIMUO


CLIMATE REPORT
NATIONAL WEATHER SERVICE BOISE ID
332 AM MDT THU APR 17 2014


...................................

...THE MOUNTAIN HOME AFB CLIMATE SUMMARY FOR APRIL 16 2014...

CLIMATE NORMAL PERIOD 1981 TO 2010
CLIMATE RECORD PERIOD 1906 TO 2014


WEATHER ITEM   OBSERVED RECORD YEAR NORMAL DEPARTURE
                VALUE   VALUE       VALUE  FROM
                                           NORMAL
........................................................
TEMPERATURE (F)
 YESTERDAY
  MAXIMUM         63     87    1990  63      0
  MINIMUM         31     17    1918  35     -4
  AVERAGE         47                 49     -2

PRECIPITATION (IN)
  YESTERDAY        0.00   0.63 1944   0.03  -0.03
  MONTH TO DATE    0.10               0.57  -0.47

DEGREE DAYS
 HEATING
  YESTERDAY       18                 16      2
  MONTH TO DATE  242                280    -38

 COOLING
  YESTERDAY        0                  0      0
  MONTH TO DATE    0                  0      0
........................................................







THE MOUNTAIN HOME AFB CLIMATE NORMALS FOR TODAY
                         NORMAL    RECORD    YEAR
 MAXIMUM TEMPERATURE (F)   63        90      1936
 MINIMUM TEMPERATURE (F)   36        15      1964


SUNRISE AND SUNSET
APRIL 17 2014.........SUNRISE   658 AM MDT   SUNSET   828 PM MDT
APRIL 18 2014.........SUNRISE   657 AM MDT   SUNSET   830 PM MDT


-  INDICATES NEGATIVE NUMBERS.
R  INDICATES RECORD WAS SET OR TIED.
MM INDICATES DATA IS MISSING.
T  INDICATES TRACE AMOUNT.




$$




793
CDUS46 KBOI 170932
CLIREO


CLIMATE REPORT
NATIONAL WEATHER SERVICE BOISE ID
332 AM MDT THU APR 17 2014


...................................

...THE ROME OR CLIMATE SUMMARY FOR APRIL 16 2014...

CLIMATE NORMAL PERIOD 1981 TO 2010
CLIMATE RECORD PERIOD 9999 TO 9999


WEATHER ITEM   OBSERVED TIME   NORMAL DEPARTURE LAST
                VALUE   (LST)  VALUE  FROM      YEAR
                                      NORMAL
......................................................
TEMPERATURE (F)
 YESTERDAY
  MAXIMUM         63    457 PM  61      2       47
  MINIMUM         34    442 AM  30      4       24
  AVERAGE         49            46      3       36

PRECIPITATION (IN)
  YESTERDAY        0.00          0.04  -0.04     0.00
  MONTH TO DATE    0.24          0.47  -0.23     0.24
  SINCE OCT 1      1.56          5.05  -3.49     2.94
  SINCE JAN 1      1.37          2.86  -1.49     1.48

DEGREE DAYS
 HEATING
  YESTERDAY       16            19     -3       29
  MONTH TO DATE  269           336    -67      307
  SINCE MAR 1    942          1117   -175     1039
  SINCE JUL 1   5364          5851   -487     5688

 COOLING
  YESTERDAY        0             0      0        0
  MONTH TO DATE    0             0      0        0
  SINCE MAR 1      0             0      0        0
  SINCE JAN 1      0             0      0        0
......................................................


WIND (MPH)
  RESULTANT WIND SPEED   2   RESULTANT WIND DIRECTION  NE (40)
  HIGHEST WIND SPEED    14   HIGHEST WIND DIRECTION    SE (130)
  HIGHEST GUST SPEED    19   HIGHEST GUST DIRECTION     N (10)
  AVERAGE WIND SPEED     6.1


SKY COVER
  AVERAGE SKY COVER 0.0


WEATHER CONDITIONS
 THE FOLLOWING WEATHER WAS RECORDED YESTERDAY.
  NO SIGNIFICANT WEATHER WAS OBSERVED.


RELATIVE HUMIDITY (PERCENT)
 HIGHEST    40           500 AM
 LOWEST     20           200 PM
 AVERAGE    30

..........................................................


THE ROME OR CLIMATE NORMALS FOR TODAY
                         NORMAL    RECORD    YEAR
 MAXIMUM TEMPERATURE (F)   61        MM        MM
 MINIMUM TEMPERATURE (F)   31        MM        MM


SUNRISE AND SUNSET
APRIL 17 2014.........SUNRISE   607 AM PDT   SUNSET   736 PM PDT
APRIL 18 2014.........SUNRISE   605 AM PDT   SUNSET   737 PM PDT


-  INDICATES NEGATIVE NUMBERS.
R  INDICATES RECORD WAS SET OR TIED.
MM INDICATES DATA IS MISSING.
T  INDICATES TRACE AMOUNT.




$$




767
CDAK49 PAFG 170932
CLIFAI

CLIMATE REPORT
NATIONAL WEATHER SERVICE FAIRBANKS AK
132 AM AKDT THU APR 17 2014

...................................

...THE FAIRBANKS AK CLIMATE SUMMARY FOR APRIL 16 2014...

CLIMATE NORMAL PERIOD 1981 TO 2010
CLIMATE RECORD PERIOD 1904 TO 2014


WEATHER ITEM   OBSERVED TIME   RECORD YEAR NORMAL DEPARTURE LAST
                VALUE   (LST)  VALUE       VALUE  FROM      YEAR
                                                  NORMAL
..................................................................
TEMPERATURE (F)
 YESTERDAY
  MAXIMUM         51    402 PM  61    2012  45      6       30
  MINIMUM         27    355 AM -12    1914  22      5       12
  AVERAGE         39                        33      6       21

PRECIPITATION (IN)
  YESTERDAY        0.00          0.06 1960   0.01  -0.01      T
  MONTH TO DATE    0.20                      0.13   0.07     0.31
  SINCE MAR 1      0.41                      0.38   0.03     0.57
  SINCE JAN 1      1.03                      1.38  -0.35     1.84

SNOWFALL (IN)
  YESTERDAY        0.0           2.5  1960   0.1   -0.1       T
  MONTH TO DATE    2.9                       1.8    1.1      5.4
  SINCE MAR 1      6.0                       6.7   -0.7     11.6
  SINCE JUL 1     48.9                      63.0  -14.1     62.1
  SNOW DEPTH      13

DEGREE DAYS
 HEATING
  YESTERDAY       26                        32     -6       44
  MONTH TO DATE  640                       601     39      852
  SINCE MAR 1   2216                      2261    -45     2638
  SINCE JUL 1  11608                     12651  -1043    13607

 COOLING
  YESTERDAY        0                         0      0        0
  MONTH TO DATE    0                         0      0        0
  SINCE MAR 1      0                         0      0        0
  SINCE JAN 1      0                         0      0        0
..................................................................


WIND (MPH)
  HIGHEST GUST SPEED    10   HIGHEST GUST DIRECTION    NW (300)


SKY COVER
  AVERAGE SKY COVER 0.5


WEATHER CONDITIONS
 THE FOLLOWING WEATHER WAS RECORDED YESTERDAY.
  NO SIGNIFICANT WEATHER WAS OBSERVED.


RELATIVE HUMIDITY (PERCENT)
 HIGHEST    92
 LOWEST     36
 AVERAGE    64

..........................................................


THE FAIRBANKS AK CLIMATE NORMALS FOR TODAY
                         NORMAL    RECORD    YEAR
 MAXIMUM TEMPERATURE (F)   46        60      1996
 MINIMUM TEMPERATURE (F)   22       -16      1963


SUNRISE AND SUNSET
APRIL 17 2014..........SUNRISE  609 AM AKDT   SUNSET  936 PM AKDT
APRIL 18 2014..........SUNRISE  605 AM AKDT   SUNSET  939 PM AKDT


-  INDICATES NEGATIVE NUMBERS.
R  INDICATES RECORD WAS SET OR TIED.
MM INDICATES DATA IS MISSING.
T  INDICATES TRACE AMOUNT.

&&

SNOW DEPTH IS MEASURED AT 3AM AKST/4AM AKDT

----------------------------
AVAILABLE DAYLIGHT

AMOUNT OF DAYLIGHT TODAY  (HOUR:MIN)........15:27
GAIN SINCE YESTERDAY........................7 MINUTES
----------------------------

$$
CF APR 14



National Weather Service
Disclaimer
Last Modified: August 31, 2005
Privacy Policy