187
CDHW43 PHFO 310245
CLIITO


CLIMATE REPORT
NATIONAL WEATHER SERVICE HONOLULU HI
445 PM HST SAT AUG 30 2014


...................................

...THE HILO HI CLIMATE SUMMARY FOR AUGUST 30 2014...
VALID TODAY AS OF 0400 PM LOCAL TIME.

CLIMATE NORMAL PERIOD 1981 TO 2010
CLIMATE RECORD PERIOD 1946 TO 2014


WEATHER ITEM   OBSERVED TIME   RECORD YEAR NORMAL DEPARTURE LAST
                VALUE   (LST)  VALUE       VALUE  FROM      YEAR
                                                  NORMAL
..................................................................
TEMPERATURE (F)
 TODAY
  MAXIMUM         87    106 PM  88    2007  83      4       83
                                      1996
                                      1987
  MINIMUM         67    655 AM  65    1993  70     -3       66
  AVERAGE         77                        76      1       75

PRECIPITATION (IN)
  TODAY            0.00          2.88 1960   0.29  -0.29      T
  MONTH TO DATE   10.71                      9.56   1.15     8.87
  SINCE JUN 1     33.27                     27.74   5.53    17.67
  SINCE JAN 1     81.01                     79.65   1.36    64.71

SNOWFALL (IN)
  TODAY            0.0
  MONTH TO DATE    0.0
  SINCE JUN 1      0.0
  SINCE JUL 1      0.0
  SNOW DEPTH       0

DEGREE DAYS
 HEATING
  TODAY            0                         0      0        0
  MONTH TO DATE    0                         0      0        0
  SINCE JUN 1      0                         0      0        0
  SINCE JUL 1      0                         0      0        0

 COOLING
  TODAY           12                        11      1       10
  MONTH TO DATE  395                       330     65      348
  SINCE JUN 1   1007                       979     28     1050
  SINCE JAN 1   2263                      2047    216     2203
..................................................................


WIND (MPH)
  HIGHEST WIND SPEED    14   HIGHEST WIND DIRECTION     E (70)
  HIGHEST GUST SPEED    24   HIGHEST GUST DIRECTION     E (90)
  AVERAGE WIND SPEED     7.4


SKY COVER
  POSSIBLE SUNSHINE  MM
  AVERAGE SKY COVER 0.1


WEATHER CONDITIONS
 THE FOLLOWING WEATHER WAS RECORDED TODAY.
  NO SIGNIFICANT WEATHER WAS OBSERVED.


RELATIVE HUMIDITY (PERCENT)
 HIGHEST    90          1200 AM
 LOWEST     48          1200 PM
 AVERAGE    69

..........................................................


THE HILO HI CLIMATE NORMALS FOR TOMORROW
                         NORMAL    RECORD    YEAR
 MAXIMUM TEMPERATURE (F)   83        89      1996
 MINIMUM TEMPERATURE (F)   70        64      1971
                                             1970


SUNRISE AND SUNSET
AUGUST 30 2014........SUNRISE   604 AM HST   SUNSET   637 PM HST
AUGUST 31 2014........SUNRISE   605 AM HST   SUNSET   636 PM HST


-  INDICATES NEGATIVE NUMBERS.
R  INDICATES RECORD WAS SET OR TIED.
MM INDICATES DATA IS MISSING.
T  INDICATES TRACE AMOUNT.




$$




National Weather Service
Disclaimer
Last Modified: August 31, 2005
Privacy Policy