284
CDUS44 KJAN 240714
CLIGWO


CLIMATE REPORT
NATIONAL WEATHER SERVICE JACKSON MS
209 AM CDT THU APR 24 2014


...................................

...THE GREENWOOD CLIMATE SUMMARY FOR APRIL 23 2014...

CLIMATE NORMAL PERIOD 1981 TO 2010
CLIMATE RECORD PERIOD 1948 TO 2014


WEATHER ITEM   OBSERVED TIME   RECORD YEAR NORMAL DEPARTURE LAST
                VALUE   (LST)  VALUE       VALUE  FROM      YEAR
                                                  NORMAL
..................................................................
TEMPERATURE (F)
 YESTERDAY
  MAXIMUM         80    406 PM  89    1965  77      3       78
  MINIMUM         49    329 AM  38    1986  54     -5       61
  AVERAGE         65                        65      0       70

PRECIPITATION (IN)
  YESTERDAY        0.00          3.28 2010   0.16  -0.16     0.00
  MONTH TO DATE    6.89                      3.95   2.94     5.20
  SINCE MAR 1     10.97                      8.26   2.71    11.02
  SINCE JAN 1     17.25                     17.20   0.05    23.48

SNOWFALL (IN)
  YESTERDAY        0.0

DEGREE DAYS
 HEATING
  YESTERDAY        0                         3     -3        0
  MONTH TO DATE  135                       109     26      125
  SINCE MAR 1    573                       425    148      613
  SINCE JUL 1   3227                      2656    571     2693

 COOLING
  YESTERDAY        0                         3     -3        5
  MONTH TO DATE   36                        51    -15       63
  SINCE MAR 1     40                        72    -32       63
  SINCE JAN 1     40                        77    -37       75
..................................................................


WIND (MPH)
  HIGHEST WIND SPEED    12   HIGHEST WIND DIRECTION    NE (40)
  HIGHEST GUST SPEED    17   HIGHEST GUST DIRECTION    NE (40)
  AVERAGE WIND SPEED     5.0


SKY COVER
  POSSIBLE SUNSHINE  MM
  AVERAGE SKY COVER 0.0


WEATHER CONDITIONS
 THE FOLLOWING WEATHER WAS RECORDED YESTERDAY.
  FOG


RELATIVE HUMIDITY (PERCENT)
 HIGHEST   100           200 AM
 LOWEST     21           400 PM
 AVERAGE    61

..........................................................


THE GREENWOOD CLIMATE NORMALS FOR TODAY
                         NORMAL    RECORD    YEAR
 MAXIMUM TEMPERATURE (F)   77        89      1965
                                             1958
 MINIMUM TEMPERATURE (F)   54        38      2005


SUNRISE AND SUNSET
APRIL 24 2014.........SUNRISE   619 AM CDT   SUNSET   738 PM CDT
APRIL 25 2014.........SUNRISE   618 AM CDT   SUNSET   739 PM CDT


-  INDICATES NEGATIVE NUMBERS.
R  INDICATES RECORD WAS SET OR TIED.
MM INDICATES DATA IS MISSING.
T  INDICATES TRACE AMOUNT.




$$




285
CDUS44 KJAN 240714
CLIGLH


CLIMATE REPORT
NATIONAL WEATHER SERVICE JACKSON MS
209 AM CDT THU APR 24 2014


...................................

...THE GREENVILLE CLIMATE SUMMARY FOR APRIL 23 2014...

CLIMATE NORMAL PERIOD 1981 TO 2010
CLIMATE RECORD PERIOD 1920 TO 2014


WEATHER ITEM   OBSERVED TIME   RECORD YEAR NORMAL DEPARTURE LAST
                VALUE   (LST)  VALUE       VALUE  FROM      YEAR
                                                  NORMAL
..................................................................
TEMPERATURE (F)
 YESTERDAY
  MAXIMUM         80    313 PM  90    1925  77      3       79
  MINIMUM         50    516 AM  39    1931  55     -5       59
  AVERAGE         65                        66     -1       69

PRECIPITATION (IN)
  YESTERDAY        0.00          2.35 1995   0.14  -0.14     0.00
  MONTH TO DATE    6.65                      3.82   2.83     3.30
  SINCE MAR 1     12.16                      8.37   3.79     8.05
  SINCE JAN 1     16.46                     18.36  -1.90    20.51

SNOWFALL (IN)
  YESTERDAY        0.0

DEGREE DAYS
 HEATING
  YESTERDAY        0                         2     -2        0
  MONTH TO DATE  123                       105     18      141
  SINCE MAR 1    557                       441    116      616
  SINCE JUL 1   3164                      2750    414     2619

 COOLING
  YESTERDAY        0                         3     -3        4
  MONTH TO DATE   40                        39      1       58
  SINCE MAR 1     45                        56    -11       60
  SINCE JAN 1     45                        61    -16       70
..................................................................


WIND (MPH)
  HIGHEST WIND SPEED    MM   HIGHEST WIND DIRECTION    MM
  HIGHEST GUST SPEED    MM   HIGHEST GUST DIRECTION    MM
  AVERAGE WIND SPEED    MM


SKY COVER
  POSSIBLE SUNSHINE  MM
  AVERAGE SKY COVER 0.0


WEATHER CONDITIONS
 THE FOLLOWING WEATHER WAS RECORDED YESTERDAY.
  NO SIGNIFICANT WEATHER WAS OBSERVED.


RELATIVE HUMIDITY (PERCENT)
 HIGHEST    93           500 AM
 LOWEST     25           500 PM
 AVERAGE    59

..........................................................


THE GREENVILLE CLIMATE NORMALS FOR TODAY
                         NORMAL    RECORD    YEAR
 MAXIMUM TEMPERATURE (F)   77        91      1953
 MINIMUM TEMPERATURE (F)   55        43      2013
                                             2012
                                             2005


SUNRISE AND SUNSET
APRIL 24 2014.........SUNRISE   623 AM CDT   SUNSET   742 PM CDT
APRIL 25 2014.........SUNRISE   622 AM CDT   SUNSET   742 PM CDT


-  INDICATES NEGATIVE NUMBERS.
R  INDICATES RECORD WAS SET OR TIED.
MM INDICATES DATA IS MISSING.
T  INDICATES TRACE AMOUNT.




$$




National Weather Service
Disclaimer
Last Modified: August 31, 2005
Privacy Policy