743
CDUS46 KPQR 281141
CLIEUG


CLIMATE REPORT
NATIONAL WEATHER SERVICE PORTLAND OREGON
441 AM PDT MON JUL 28 2014


...................................

...THE EUGENE OR CLIMATE SUMMARY FOR JULY 27 2014...

CLIMATE NORMAL PERIOD 1981 TO 2010
CLIMATE RECORD PERIOD 1892 TO 2014


WEATHER ITEM   OBSERVED TIME   RECORD YEAR NORMAL DEPARTURE LAST
                VALUE   (LST)  VALUE       VALUE  FROM      YEAR
                                                  NORMAL
..................................................................
TEMPERATURE (F)
 YESTERDAY
  MAXIMUM         89    513 PM 105    1998  84      5       86
  MINIMUM         53    456 AM  41    1919  52      1       49
  AVERAGE         71                        68      3       68

PRECIPITATION (IN)
  YESTERDAY        0.00          1.36 1947   0.01  -0.01     0.00
  MONTH TO DATE    0.33                      0.49  -0.16     0.00
  SINCE OCT 1     26.96                     44.15 -17.19    29.01
  SINCE JAN 1     22.77                     25.35  -2.58     9.67

SNOWFALL (IN)
  YESTERDAY        0.0
  MONTH TO DATE    0.0
  SINCE JUN 1      0.0
  SINCE JUL 1      0.0

DEGREE DAYS
 HEATING
  YESTERDAY        0                         1     -1        0
  MONTH TO DATE    6                        36    -30        4
  SINCE JUN 1    113                       193    -80       96
  SINCE JUL 1      6                        36    -30        4

 COOLING
  YESTERDAY        6                         4      2        3
  MONTH TO DATE  155                        81     74      140
  SINCE JUN 1    161                       100     61      188
  SINCE JAN 1    164                       105     59      193
..................................................................


WIND (MPH)
  HIGHEST WIND SPEED    17   HIGHEST WIND DIRECTION     N (20)
  HIGHEST GUST SPEED    20   HIGHEST GUST DIRECTION     N (360)
  AVERAGE WIND SPEED     7.3


SKY COVER
  POSSIBLE SUNSHINE  MM
  AVERAGE SKY COVER 0.4


WEATHER CONDITIONS
 THE FOLLOWING WEATHER WAS RECORDED YESTERDAY.
  NO SIGNIFICANT WEATHER WAS OBSERVED.


RELATIVE HUMIDITY (PERCENT)
 HIGHEST    93           500 AM
 LOWEST     26           500 PM
 AVERAGE    60

..........................................................


THE EUGENE OR CLIMATE NORMALS FOR TODAY
                         NORMAL    RECORD    YEAR
 MAXIMUM TEMPERATURE (F)   84       106      2009
 MINIMUM TEMPERATURE (F)   52        43      2013


SUNRISE AND SUNSET
JULY 28 2014..........SUNRISE   556 AM PDT   SUNSET   842 PM PDT
JULY 29 2014..........SUNRISE   558 AM PDT   SUNSET   840 PM PDT


-  INDICATES NEGATIVE NUMBERS.
R  INDICATES RECORD WAS SET OR TIED.
MM INDICATES DATA IS MISSING.
T  INDICATES TRACE AMOUNT.




$$




742
CDUS46 KPQR 281141
CLIAST


CLIMATE REPORT
NATIONAL WEATHER SERVICE PORTLAND OREGON
441 AM PDT MON JUL 28 2014


...................................

...THE ASTORIA OR CLIMATE SUMMARY FOR JULY 27 2014...

CLIMATE NORMAL PERIOD 1981 TO 2010
CLIMATE RECORD PERIOD 1892 TO 2014


WEATHER ITEM   OBSERVED TIME   RECORD YEAR NORMAL DEPARTURE LAST
                VALUE   (LST)  VALUE       VALUE  FROM      YEAR
                                                  NORMAL
..................................................................
TEMPERATURE (F)
 YESTERDAY
  MAXIMUM         73   1122 AM  90    1958  68      5       64
  MINIMUM         50    524 AM  37    1930  54     -4       55
  AVERAGE         62                        61      1       60

PRECIPITATION (IN)
  YESTERDAY        0.00          0.48 1948   0.02  -0.02     0.00
  MONTH TO DATE    1.08                      0.94   0.14     0.01
  SINCE OCT 1     53.77                     63.87 -10.10    76.60
  SINCE JAN 1     41.61                     36.85   4.76    34.98

DEGREE DAYS
 HEATING
  YESTERDAY        3                         4     -1        5
  MONTH TO DATE   95                       132    -37      116
  SINCE JUN 1    275                       374    -99      297
  SINCE JUL 1     95                       132    -37      116

 COOLING
  YESTERDAY        0                         0      0        0
  MONTH TO DATE    8                         0      8        0
  SINCE JUN 1      8                         0      8        3
  SINCE JAN 1     19                         0     19        4
..................................................................


WIND (MPH)
  HIGHEST WIND SPEED    25   HIGHEST WIND DIRECTION    NW (310)
  HIGHEST GUST SPEED    29   HIGHEST GUST DIRECTION    NW (310)
  AVERAGE WIND SPEED    10.8


SKY COVER
  POSSIBLE SUNSHINE  MM
  AVERAGE SKY COVER 0.0


WEATHER CONDITIONS
 THE FOLLOWING WEATHER WAS RECORDED YESTERDAY.
  NO SIGNIFICANT WEATHER WAS OBSERVED.


RELATIVE HUMIDITY (PERCENT)
 HIGHEST    96           300 AM
 LOWEST     61           100 PM
 AVERAGE    79

..........................................................


THE ASTORIA OR CLIMATE NORMALS FOR TODAY
                         NORMAL    RECORD    YEAR
 MAXIMUM TEMPERATURE (F)   68        92      2009
 MINIMUM TEMPERATURE (F)   54        45      2008
                                             1954
                                             1949


SUNRISE AND SUNSET
JULY 28 2014..........SUNRISE   553 AM PDT   SUNSET   850 PM PDT
JULY 29 2014..........SUNRISE   554 AM PDT   SUNSET   849 PM PDT


-  INDICATES NEGATIVE NUMBERS.
R  INDICATES RECORD WAS SET OR TIED.
MM INDICATES DATA IS MISSING.
T  INDICATES TRACE AMOUNT.




$$




779
CDUS46 KPQR 281141
CLITTD


CLIMATE REPORT
NATIONAL WEATHER SERVICE PORTLAND OREGON
441 AM PDT MON JUL 28 2014


...................................

...THE TROUTDALE OR CLIMATE SUMMARY FOR JULY 27 2014...

CLIMATE NORMAL PERIOD 1981 TO 2010
CLIMATE RECORD PERIOD 9999 TO 9999


WEATHER ITEM   OBSERVED TIME   NORMAL DEPARTURE LAST
                VALUE   (LST)  VALUE  FROM      YEAR
                                      NORMAL
......................................................
TEMPERATURE (F)
 YESTERDAY
  MAXIMUM         88    518 PM  83      5       81
  MINIMUM         55    528 AM  55      0       56
  AVERAGE         72            69      3       69

PRECIPITATION (IN)
  YESTERDAY        0.00          0.01  -0.01     0.00
  MONTH TO DATE    1.07          0.68   0.39      T
  SINCE OCT 1     29.15         44.20 -15.05    36.50
  SINCE JAN 1     21.56         25.80  -4.24    16.52

DEGREE DAYS
 HEATING
  YESTERDAY        0             1     -1        0
  MONTH TO DATE    4            32    -28        5

 COOLING
  YESTERDAY        7             5      2        4
  MONTH TO DATE  177            96     81      142
......................................................


WIND (MPH)
  HIGHEST WIND SPEED     9   HIGHEST WIND DIRECTION     W (250)
  HIGHEST GUST SPEED    13   HIGHEST GUST DIRECTION    SW (230)
  AVERAGE WIND SPEED     2.0


SKY COVER
  POSSIBLE SUNSHINE  MM
  AVERAGE SKY COVER 0.1


WEATHER CONDITIONS
 THE FOLLOWING WEATHER WAS RECORDED YESTERDAY.
  NO SIGNIFICANT WEATHER WAS OBSERVED.


RELATIVE HUMIDITY (PERCENT)
 HIGHEST    93           300 AM
 LOWEST     35           600 PM
 AVERAGE    64

..........................................................


THE TROUTDALE OR CLIMATE NORMALS FOR TODAY
                         NORMAL    RECORD    YEAR
 MAXIMUM TEMPERATURE (F)   83       105      2009
 MINIMUM TEMPERATURE (F)   55        42      1989


SUNRISE AND SUNSET
JULY 28 2014..........SUNRISE   549 AM PDT   SUNSET   843 PM PDT
JULY 29 2014..........SUNRISE   550 AM PDT   SUNSET   841 PM PDT


-  INDICATES NEGATIVE NUMBERS.
R  INDICATES RECORD WAS SET OR TIED.
MM INDICATES DATA IS MISSING.
T  INDICATES TRACE AMOUNT.




$$




National Weather Service
Disclaimer
Last Modified: August 31, 2005
Privacy Policy