724
CDUS41 KAKQ 200832
CLISBY


CLIMATE REPORT
NATIONAL WEATHER SERVICE WAKEFIELD, VA
432 AM EDT MON OCT 20 2014


...................................

...THE SALISBURY MD CLIMATE SUMMARY FOR OCTOBER 19 2014...

CLIMATE NORMAL PERIOD 1981 TO 2010
CLIMATE RECORD PERIOD 1900 TO 2014


WEATHER ITEM   OBSERVED TIME   RECORD YEAR NORMAL DEPARTURE LAST
                VALUE   (LST)  VALUE       VALUE  FROM      YEAR
                                                  NORMAL
..................................................................
TEMPERATURE (F)
 YESTERDAY
  MAXIMUM         60    339 PM  84    1938  67     -7       65
  MINIMUM         38   1155 PM  25    1940  45     -7       47
  AVERAGE         49                        56     -7       56

PRECIPITATION (IN)
  YESTERDAY        0.00          2.03 1996   0.10  -0.10      T
  MONTH TO DATE    1.56                      2.15  -0.59     3.61
  SINCE SEP 1      5.94                      6.13  -0.19     4.38
  SINCE JAN 1     26.22                     37.20 -10.98    44.06

SNOWFALL (IN)
  YESTERDAY        0.0           T    1972   0.0    0.0
  MONTH TO DATE    0.0                       0.0    0.0
  SINCE NOV 1     22.5                       9.3   13.2
  SINCE JUL 1      0.0                       0.0    0.0
  SNOW DEPTH       0

DEGREE DAYS
 HEATING
  YESTERDAY       16                         9      7        9
  MONTH TO DATE   47                       133    -86       22
  SINCE SEP 1     53                       179   -126       49
  SINCE JUL 1     53                       181   -128       49

 COOLING
  YESTERDAY        0                         0      0        0
  MONTH TO DATE   31                        22      9       88
  SINCE SEP 1    251                       164     87      257
  SINCE JAN 1   1373                      1147    226     1620
..................................................................


WIND (MPH)
  HIGHEST WIND SPEED    24   HIGHEST WIND DIRECTION    NW (320)
  HIGHEST GUST SPEED    31   HIGHEST GUST DIRECTION    NW (320)
  AVERAGE WIND SPEED     8.8


SKY COVER
  POSSIBLE SUNSHINE  MM
  AVERAGE SKY COVER 0.3


WEATHER CONDITIONS
 THE FOLLOWING WEATHER WAS RECORDED YESTERDAY.
  NO SIGNIFICANT WEATHER WAS OBSERVED.


RELATIVE HUMIDITY (PERCENT)
 HIGHEST    86           900 PM
 LOWEST     33           400 PM
 AVERAGE    60

..........................................................


THE SALISBURY MD CLIMATE NORMALS FOR TODAY
                         NORMAL    RECORD    YEAR
 MAXIMUM TEMPERATURE (F)   67        84      1984
 MINIMUM TEMPERATURE (F)   45        25      1992


SUNRISE AND SUNSET
OCTOBER 20 2014.......SUNRISE   716 AM EDT   SUNSET   617 PM EDT
OCTOBER 21 2014.......SUNRISE   717 AM EDT   SUNSET   616 PM EDT


-  INDICATES NEGATIVE NUMBERS.
R  INDICATES RECORD WAS SET OR TIED.
MM INDICATES DATA IS MISSING.
T  INDICATES TRACE AMOUNT.




$$




National Weather Service
Disclaimer
Last Modified: August 31, 2005
Privacy Policy