116
CDUS41 KRLX 240819
CLIPKB


CLIMATE REPORT
NATIONAL WEATHER SERVICE CHARLESTON WV
317 AM EST MON NOV 24 2014


...................................

...THE PARKERSBURG WV CLIMATE SUMMARY FOR NOVEMBER 23 2014...

CLIMATE NORMAL PERIOD 1981 TO 2010
CLIMATE RECORD PERIOD 1889 TO 2014


WEATHER ITEM   OBSERVED TIME   RECORD YEAR NORMAL DEPARTURE LAST
                VALUE   (LST)  VALUE       VALUE  FROM      YEAR
                                                  NORMAL
..................................................................
TEMPERATURE (F)
 YESTERDAY
  MAXIMUM         67    256 PM  77    1979  52     15       42
  MINIMUM         42    251 AM  13    1956  33      9       23
  AVERAGE         55                        43     12       33

PRECIPITATION (IN)
  YESTERDAY        0.17R         0.09 2005   0.12   0.05      T
  MONTH TO DATE    1.51                      2.57  -1.06     2.84
  SINCE JAN 1        MM                     37.30     MM    38.78

SNOWFALL (IN)
  YESTERDAY       MM
  MONTH TO DATE   MM
  SINCE SEP 1     MM
  SINCE JUL 1     MM
  SNOW DEPTH      MM

DEGREE DAYS
 HEATING
  YESTERDAY       10                        22    -12       32
  MONTH TO DATE  579                       424    155      466
  SINCE SEP 1     MM                       813     MM      854
  SINCE JUL 1     MM                       818     MM      859

 COOLING
  YESTERDAY        0                         0      0        0
  MONTH TO DATE    0                         0      0        0
  SINCE SEP 1     MM                       123     MM      131
  SINCE JAN 1     MM                       953     MM      955
..................................................................


WIND (MPH)
  HIGHEST WIND SPEED    21   HIGHEST WIND DIRECTION    SE (140)
  HIGHEST GUST SPEED    28   HIGHEST GUST DIRECTION     S (170)
  AVERAGE WIND SPEED     7.8


SKY COVER
  POSSIBLE SUNSHINE  MM
  AVERAGE SKY COVER 0.7


WEATHER CONDITIONS
 THE FOLLOWING WEATHER WAS RECORDED YESTERDAY.
  LIGHT RAIN
  FOG


RELATIVE HUMIDITY (PERCENT)
 HIGHEST    86          1000 PM
 LOWEST     33           200 AM
 AVERAGE    60

..........................................................


THE PARKERSBURG WV CLIMATE NORMALS FOR TODAY
                         NORMAL    RECORD    YEAR
 MAXIMUM TEMPERATURE (F)   51        73      2001
                                             1931
 MINIMUM TEMPERATURE (F)   33         7      1956


SUNRISE AND SUNSET
NOVEMBER 24 2014......SUNRISE   719 AM EST   SUNSET   505 PM EST
NOVEMBER 25 2014......SUNRISE   720 AM EST   SUNSET   505 PM EST


-  INDICATES NEGATIVE NUMBERS.
R  INDICATES RECORD WAS SET OR TIED.
MM INDICATES DATA IS MISSING.
T  INDICATES TRACE AMOUNT.




$$





115
CDUS41 KRLX 240819
CLICRW


CLIMATE REPORT
NATIONAL WEATHER SERVICE CHARLESTON WV
317 AM EST MON NOV 24 2014


...................................

...THE CHARLESTON WV CLIMATE SUMMARY FOR NOVEMBER 23 2014...

CLIMATE NORMAL PERIOD 1981 TO 2010
CLIMATE RECORD PERIOD 1901 TO 2014


WEATHER ITEM   OBSERVED TIME   RECORD YEAR NORMAL DEPARTURE LAST
                VALUE   (LST)  VALUE       VALUE  FROM      YEAR
                                                  NORMAL
..................................................................
TEMPERATURE (F)
 YESTERDAY
  MAXIMUM         63    233 PM  86    1931  54      9       44
  MINIMUM         38    234 AM  14    1970  35      3       28
                                      1964
  AVERAGE         51                        44      7       36

PRECIPITATION (IN)
  YESTERDAY        0.07          1.75 1941   0.13  -0.06      T
  MONTH TO DATE    1.96                      2.86  -0.90     1.75
  SINCE JAN 1     43.08                     39.89   3.19    39.55

SNOWFALL (IN)
  YESTERDAY       MM
  MONTH TO DATE    0.3
  SINCE SEP 1      0.3
  SNOW DEPTH       0

DEGREE DAYS
 HEATING
  YESTERDAY       14                        21     -7       29
  MONTH TO DATE  557                       390    167      412
  SINCE SEP 1    894                       728    166      715
  SINCE JUL 1    894                       730    164      718

 COOLING
  YESTERDAY        0                         0      0        0
  MONTH TO DATE    0                         0      0        0
  SINCE SEP 1    142                       148     -6      155
  SINCE JAN 1   1049                      1094    -45     1121
..................................................................


WIND (MPH)
  HIGHEST WIND SPEED    25   HIGHEST WIND DIRECTION    SE (140)
  HIGHEST GUST SPEED    40   HIGHEST GUST DIRECTION    SE (140)
  AVERAGE WIND SPEED     6.9


SKY COVER
  POSSIBLE SUNSHINE  MM
  AVERAGE SKY COVER 0.7


WEATHER CONDITIONS
 THE FOLLOWING WEATHER WAS RECORDED YESTERDAY.
  RAIN
  LIGHT RAIN
  HAZE


RELATIVE HUMIDITY (PERCENT)
 HIGHEST    80           900 PM
 LOWEST     39          1200 PM
 AVERAGE    60

..........................................................


THE CHARLESTON WV CLIMATE NORMALS FOR TODAY
                         NORMAL    RECORD    YEAR
 MAXIMUM TEMPERATURE (F)   53        87      1931
 MINIMUM TEMPERATURE (F)   35         9      1950


SUNRISE AND SUNSET
NOVEMBER 24 2014......SUNRISE   717 AM EST   SUNSET   508 PM EST
NOVEMBER 25 2014......SUNRISE   719 AM EST   SUNSET   508 PM EST


-  INDICATES NEGATIVE NUMBERS.
R  INDICATES RECORD WAS SET OR TIED.
MM INDICATES DATA IS MISSING.
T  INDICATES TRACE AMOUNT.




$$




118
CDUS41 KRLX 240819
CLIEKN


CLIMATE REPORT
NATIONAL WEATHER SERVICE CHARLESTON WV
317 AM EST MON NOV 24 2014


...................................

...THE ELKINS WV CLIMATE SUMMARY FOR NOVEMBER 23 2014...

CLIMATE NORMAL PERIOD 1981 TO 2010
CLIMATE RECORD PERIOD 1899 TO 2014


WEATHER ITEM   OBSERVED TIME   RECORD YEAR NORMAL DEPARTURE LAST
                VALUE   (LST)  VALUE       VALUE  FROM      YEAR
                                                  NORMAL
..................................................................
TEMPERATURE (F)
 YESTERDAY
  MAXIMUM         60   1240 PM  72    1931  50     10       43
  MINIMUM         27    326 AM   4    1971  29     -2       21
  AVERAGE         44                        40      4       32

PRECIPITATION (IN)
  YESTERDAY        0.05          1.33 1934   0.11  -0.06     0.02
  MONTH TO DATE    1.68                      2.56  -0.88     1.90
  SINCE JAN 1     37.68                     41.85  -4.17    38.49

SNOWFALL (IN)
  YESTERDAY       MM
  MONTH TO DATE    2.5
  SINCE SEP 1      2.5
  SNOW DEPTH       0

DEGREE DAYS
 HEATING
  YESTERDAY       21                        26     -5       33
  MONTH TO DATE  639                       506    133      536
  SINCE SEP 1   1123                      1067     56     1014
  SINCE JUL 1   1174                      1097     77     1037

 COOLING
  YESTERDAY        0                         0      0        0
  MONTH TO DATE    0                         0      0        0
  SINCE SEP 1     67                        49     18       70
  SINCE JAN 1    505                       475     30      533
..................................................................


WIND (MPH)
  HIGHEST WIND SPEED    25   HIGHEST WIND DIRECTION     S (160)
  HIGHEST GUST SPEED    34   HIGHEST GUST DIRECTION     S (180)
  AVERAGE WIND SPEED     6.1


SKY COVER
  POSSIBLE SUNSHINE  MM
  AVERAGE SKY COVER 0.5


WEATHER CONDITIONS
 THE FOLLOWING WEATHER WAS RECORDED YESTERDAY.
  LIGHT RAIN


RELATIVE HUMIDITY (PERCENT)
 HIGHEST   100           400 AM
 LOWEST     47           100 PM
 AVERAGE    74

..........................................................


THE ELKINS WV CLIMATE NORMALS FOR TODAY
                         NORMAL    RECORD    YEAR
 MAXIMUM TEMPERATURE (F)   50        71      1973
 MINIMUM TEMPERATURE (F)   29         3      1956


SUNRISE AND SUNSET
NOVEMBER 24 2014......SUNRISE   712 AM EST   SUNSET   500 PM EST
NOVEMBER 25 2014......SUNRISE   713 AM EST   SUNSET   500 PM EST


-  INDICATES NEGATIVE NUMBERS.
R  INDICATES RECORD WAS SET OR TIED.
MM INDICATES DATA IS MISSING.
T  INDICATES TRACE AMOUNT.




$$




National Weather Service
Disclaimer
Last Modified: August 31, 2005
Privacy Policy