786
CDUS46 KSTO 311442
CLISAC

CLIMATE REPORT
NATIONAL WEATHER SERVICE SACRAMENTO, CA
741 AM PDT THU JUL 31 2014


...................................

...THE SACRAMENTO EXEC. AIRPORT CA CLIMATE SUMMARY FOR JULY 30 2014...

CLIMATE NORMAL PERIOD 1981 TO 2010
CLIMATE RECORD PERIOD 1930 TO 2014


WEATHER ITEM   OBSERVED TIME   RECORD YEAR NORMAL DEPARTURE LAST
                VALUE   (LST)  VALUE       VALUE  FROM      YEAR
                                                  NORMAL
..................................................................
TEMPERATURE (F)
 YESTERDAY
  MAXIMUM         99    417 PM 106    1977  93      6       88
  MINIMUM         64    548 AM  53    1987  59      5       54
                                      1978
                                      1969
  AVERAGE         82

PRECIPITATION (IN)
  YESTERDAY        0.00          0.09 1966   0.00   0.00     0.00
  MONTH TO DATE    0.01                      0.00   0.01      T
  SINCE JUL 1      0.01                      0.00   0.01      T
  SINCE JAN 1      7.90                     11.90  -4.00     3.91

SNOWFALL (IN)
  YESTERDAY        0.0          MM      MM   0.0             0.0
  MONTH TO DATE    0.0                       0.0             0.0
  SINCE JUN 1      0.0                       0.0             0.0
  SINCE JUL 1      0.0                       0.0             0.0

DEGREE DAYS
 HEATING
  YESTERDAY        0

 COOLING
  YESTERDAY       17
..................................................................


WIND (MPH)
  RESULTANT WIND SPEED   4   RESULTANT WIND DIRECTION   S (200)
  HIGHEST WIND SPEED    14   HIGHEST WIND DIRECTION    SW (240)
  HIGHEST GUST SPEED    16   HIGHEST GUST DIRECTION    SW (230)


SKY COVER
  POSSIBLE SUNSHINE  MM
  AVERAGE SKY COVER 0.0


WEATHER CONDITIONS
 THE FOLLOWING WEATHER WAS RECORDED YESTERDAY.
  NO SIGNIFICANT WEATHER WAS OBSERVED.


RELATIVE HUMIDITY (PERCENT)
 HIGHEST    78
 LOWEST     20
 AVERAGE    49

..........................................................


THE SACRAMENTO EXEC. AIRPORT CA CLIMATE NORMALS FOR TODAY
                         NORMAL    RECORD    YEAR
 MAXIMUM TEMPERATURE (F)   93       104      2000
                                             1973
 MINIMUM TEMPERATURE (F)   59        53      1992
                                             1989
                                             1981


SUNRISE AND SUNSET
JULY 31 2014..........SUNRISE   607 AM PDT   SUNSET   817 PM PDT
AUGUST  1 2014........SUNRISE   608 AM PDT   SUNSET   816 PM PDT


-  INDICATES NEGATIVE NUMBERS.
R  INDICATES RECORD WAS SET OR TIED.
MM INDICATES DATA IS MISSING.
T  INDICATES TRACE AMOUNT.

&&
....................................................................

SACRAMENTO CITY CLIMATE DATA FOR WEDNESDAY JULY 30 2014

HIGH...  102  RECORD HIGH   109 IN 1977    NORMAL    HIGH   94
LOW....   68  RECORD LOW     50 IN 1919    NORMAL    LOW    61

RAIN SINCE MIDNIGHT....  0.00   RECORD THIS DATE....... 0.07 IN 1966
TOTAL THIS MONTH.......  0.02   NORMAL SEASON TO DATE.........  0
TOTAL SINCE JULY 1ST...  0.02   PERCENT OF NORMAL.............    0%


$$
NNNN






National Weather Service
Disclaimer
Last Modified: August 31, 2005
Privacy Policy