063
CDUS45 KBOI 231636
CLIBNO


CLIMATE REPORT
NATIONAL WEATHER SERVICE BOISE ID
1036 AM MDT TUE SEP 23 2014


...................................

...THE BURNS OR CLIMATE SUMMARY FOR SEPTEMBER 23 2014...
VALID AS OF 0900 AM LOCAL TIME.

CLIMATE NORMAL PERIOD 1981 TO 2010
CLIMATE RECORD PERIOD 1939 TO 2014


WEATHER ITEM   OBSERVED TIME   RECORD YEAR     LAST
                VALUE   (LST)  VALUE           YEAR
....................................................
TEMPERATURE (F)
 TODAY
  MAXIMUM         MM        MM  90    2011    68
  MINIMUM         MM        MM  19    2000    40

PRECIPITATION (IN)
  TODAY           MM             0.14 2005     0.00
                                      1986
  MONTH TO DATE    0.00                        0.75
  SINCE OCT 1      6.96                        8.57
  SINCE JAN 1      5.99                        4.67

DEGREE DAYS
 HEATING
  TODAY           MM                          11
  MONTH TO DATE  115                         129
  SINCE SEP 1    115                         129
  SINCE JUL 1    180                         165

 COOLING
  TODAY           MM                           0
  MONTH TO DATE    5                          21
  SINCE SEP 1      5                          21
  SINCE JAN 1    318                         372
....................................................


WIND (MPH)
  HIGHEST WIND SPEED    MM   HIGHEST WIND DIRECTION    MM
  HIGHEST GUST SPEED    MM   HIGHEST GUST DIRECTION    MM
  AVERAGE WIND SPEED    MM



WEATHER CONDITIONS
 THE FOLLOWING WEATHER WAS RECORDED TODAY.
  NO SIGNIFICANT WEATHER WAS OBSERVED.


RELATIVE HUMIDITY (PERCENT)
 HIGHEST    MM
 LOWEST     MM
 AVERAGE    MM

..........................................................


THE BURNS OR CLIMATE NORMALS FOR TOMORROW
                         NORMAL    RECORD    YEAR
 MAXIMUM TEMPERATURE (F)   72        91      2011
 MINIMUM TEMPERATURE (F)   33        21      1984


SUNRISE AND SUNSET
SEPTEMBER 23 2014.....SUNRISE   644 AM PDT   SUNSET   651 PM PDT
SEPTEMBER 24 2014.....SUNRISE   645 AM PDT   SUNSET   649 PM PDT


-  INDICATES NEGATIVE NUMBERS.
R  INDICATES RECORD WAS SET OR TIED.
MM INDICATES DATA IS MISSING.
T  INDICATES TRACE AMOUNT.




$$




062
CDUS45 KBOI 231636
CLIBOI


CLIMATE REPORT
NATIONAL WEATHER SERVICE BOISE ID
1036 AM MDT TUE SEP 23 2014


...................................

...THE BOISE ID CLIMATE SUMMARY FOR SEPTEMBER 23 2014...
VALID AS OF 0900 AM LOCAL TIME.

CLIMATE NORMAL PERIOD 1981 TO 2010
CLIMATE RECORD PERIOD 1878 TO 2014


WEATHER ITEM   OBSERVED TIME   RECORD YEAR NORMAL  LAST
                VALUE   (LST)  VALUE       VALUE   YEAR
..........................................................
TEMPERATURE (F)
 TODAY
  MAXIMUM         71    855 AM  94    1987  76      73
  MINIMUM         63    632 AM  29    1984  48      50
  AVERAGE         67                        62      62

PRECIPITATION (IN)
  TODAY            T             1.06 1918            T
  MONTH TO DATE    0.03                              0.85
  SINCE OCT 1     11.55                              8.41
  SINCE JAN 1      8.64                              5.76

DEGREE DAYS
 HEATING
  TODAY            0                                 3
  MONTH TO DATE   24                                18
  SINCE SEP 1     24                                18
  SINCE JUL 1     28                                18

 COOLING
  TODAY            2                                 0
  MONTH TO DATE  114                               148
  SINCE SEP 1    114                               148
  SINCE JAN 1   1097                              1320
..........................................................


WIND (MPH)
  HIGHEST WIND SPEED    16   HIGHEST WIND DIRECTION    SE (140)
  HIGHEST GUST SPEED    20   HIGHEST GUST DIRECTION    SE (140)
  AVERAGE WIND SPEED    10.6



WEATHER CONDITIONS
 THE FOLLOWING WEATHER WAS RECORDED TODAY.
  LIGHT RAIN


RELATIVE HUMIDITY (PERCENT)
 HIGHEST    67           600 AM
 LOWEST     53           900 AM
 AVERAGE    60

..........................................................


THE BOISE ID CLIMATE NORMALS FOR TOMORROW
                         NORMAL    RECORD    YEAR
 MAXIMUM TEMPERATURE (F)   75        98      2011
 MINIMUM TEMPERATURE (F)   48        23      1926


SUNRISE AND SUNSET
SEPTEMBER 23 2014.....SUNRISE   733 AM MDT   SUNSET   740 PM MDT
SEPTEMBER 24 2014.....SUNRISE   734 AM MDT   SUNSET   738 PM MDT


-  INDICATES NEGATIVE NUMBERS.
R  INDICATES RECORD WAS SET OR TIED.
MM INDICATES DATA IS MISSING.
T  INDICATES TRACE AMOUNT.




$$




National Weather Service
Disclaimer
Last Modified: August 31, 2005
Privacy Policy