870
CDUS45 KGJT 260750
CLIGJT


CLIMATE REPORT
NATIONAL WEATHER SERVICE GRAND JUNCTION CO
1247 AM MST WED NOV 26 2014


...................................

...THE GRAND JUNCTION CO CLIMATE SUMMARY FOR NOVEMBER 25 2014...

CLIMATE NORMAL PERIOD 1981 TO 2010
CLIMATE RECORD PERIOD 1893 TO 2014


WEATHER ITEM   OBSERVED TIME   RECORD YEAR NORMAL DEPARTURE LAST
                VALUE   (LST)  VALUE       VALUE  FROM      YEAR
                                                  NORMAL
..................................................................
TEMPERATURE (F)
 YESTERDAY
  MAXIMUM         40    318 PM  65    1933  45     -5       46
  MINIMUM         20    211 AM   3    1931  24     -4       28
  AVERAGE         30                        34     -4       37

PRECIPITATION (IN)
  YESTERDAY        0.00          0.65 1893   0.03  -0.03     0.00
  MONTH TO DATE    0.39                      0.63  -0.24     1.05
  SINCE SEP 1      2.81                      2.88  -0.07     5.50
  SINCE JAN 1     10.90                      8.73   2.17    11.47

SNOWFALL (IN)
  YESTERDAY        0.0           2.2  1965   0.1   -0.1      0.0
  MONTH TO DATE    T                         1.5   -1.5      4.7
  SINCE SEP 1      T                         1.9   -1.9      4.8
  SINCE JUL 1      T                         1.9   -1.9      4.8
  SNOW DEPTH       0

DEGREE DAYS
 HEATING
  YESTERDAY       35                        31      4       28
  MONTH TO DATE  719                       619    100      619
  SINCE SEP 1   1080                      1064     16     1189
  SINCE JUL 1   1085                      1067     18     1189

 COOLING
  YESTERDAY        0                         0      0        0
  MONTH TO DATE    0                         0      0        0
  SINCE SEP 1    120                       106     14      143
  SINCE JAN 1   1046                      1125    -79     1269
..................................................................


WIND (MPH)
  HIGHEST WIND SPEED    16   HIGHEST WIND DIRECTION     E (110)
  HIGHEST GUST SPEED    21   HIGHEST GUST DIRECTION    SE (120)
  AVERAGE WIND SPEED     6.4


SKY COVER
  POSSIBLE SUNSHINE  MM
  AVERAGE SKY COVER 0.7


WEATHER CONDITIONS
 THE FOLLOWING WEATHER WAS RECORDED YESTERDAY.
  NO SIGNIFICANT WEATHER WAS OBSERVED.


RELATIVE HUMIDITY (PERCENT)
 HIGHEST    77          1200 AM
 LOWEST     34           300 PM
 AVERAGE    56

..........................................................


THE GRAND JUNCTION CO CLIMATE NORMALS FOR TODAY
                         NORMAL    RECORD    YEAR
 MAXIMUM TEMPERATURE (F)   45        64      1909
 MINIMUM TEMPERATURE (F)   23         5      1918


SUNRISE AND SUNSET
NOVEMBER 26 2014......SUNRISE   709 AM MST   SUNSET   453 PM MST
NOVEMBER 27 2014......SUNRISE   710 AM MST   SUNSET   453 PM MST


-  INDICATES NEGATIVE NUMBERS.
R  INDICATES RECORD WAS SET OR TIED.
MM INDICATES DATA IS MISSING.
T  INDICATES TRACE AMOUNT.




$$





871
CDUS45 KGJT 260750
CLIMTJ


CLIMATE REPORT
NATIONAL WEATHER SERVICE GRAND JUNCTION CO
1247 AM MST WED NOV 26 2014


...................................

...THE MONTROSE CO CLIMATE SUMMARY FOR NOVEMBER 25 2014...

CLIMATE NORMAL PERIOD 1981 TO 2010
CLIMATE RECORD PERIOD 9999 TO 9999


WEATHER ITEM   OBSERVED TIME   RECORD YEAR NORMAL DEPARTURE LAST
                VALUE   (LST)  VALUE       VALUE  FROM      YEAR
                                                  NORMAL
..................................................................
TEMPERATURE (F)
 YESTERDAY
  MAXIMUM         36    348 PM  MM      MM  45     -9       39
  MINIMUM         16    100 AM  MM      MM  22     -6       28
  AVERAGE         26                        33     -7       34

PRECIPITATION (IN)
  YESTERDAY        0.00         MM      MM   0.02  -0.02     0.00
  MONTH TO DATE    0.21                      0.70  -0.49     0.69
  SINCE SEP 1      3.08                      3.21  -0.13     4.42
  SINCE JAN 1      8.65                     10.54  -1.89    10.44

SNOWFALL (IN)
  YESTERDAY       MM            MM      MM  MM     MM       MM
  MONTH TO DATE   MM                        MM     MM       MM
  SINCE SEP 1     MM                        MM     MM       MM
  SINCE JUL 1     MM                        MM     MM       MM
  SNOW DEPTH      MM

DEGREE DAYS
 HEATING
  YESTERDAY       39                        32      7       31
  MONTH TO DATE  712                       664     48      626
  SINCE SEP 1   1127                      1250   -123     1242
  SINCE JUL 1   1134                      1255   -121     1244

 COOLING
  YESTERDAY        0                         0      0        0
  MONTH TO DATE    0                         0      0        0
  SINCE SEP 1     84                        38     46       90
  SINCE JAN 1    782                       643    139      891
..................................................................


WIND (MPH)
  HIGHEST WIND SPEED    12   HIGHEST WIND DIRECTION    SE (140)
  HIGHEST GUST SPEED    14   HIGHEST GUST DIRECTION    SE (140)
  AVERAGE WIND SPEED     2.9


SKY COVER
  POSSIBLE SUNSHINE  MM
  AVERAGE SKY COVER 0.8


WEATHER CONDITIONS
 THE FOLLOWING WEATHER WAS RECORDED YESTERDAY.
  NO SIGNIFICANT WEATHER WAS OBSERVED.


RELATIVE HUMIDITY (PERCENT)
 HIGHEST    80           100 AM
 LOWEST     38           400 PM
 AVERAGE    59

..........................................................


THE MONTROSE CO CLIMATE NORMALS FOR TODAY
                         NORMAL    RECORD    YEAR
 MAXIMUM TEMPERATURE (F)   44        MM        MM
 MINIMUM TEMPERATURE (F)   21        MM        MM


SUNRISE AND SUNSET
NOVEMBER 26 2014......SUNRISE   705 AM MST   SUNSET   452 PM MST
NOVEMBER 27 2014......SUNRISE   706 AM MST   SUNSET   452 PM MST


-  INDICATES NEGATIVE NUMBERS.
R  INDICATES RECORD WAS SET OR TIED.
MM INDICATES DATA IS MISSING.
T  INDICATES TRACE AMOUNT.




$$




944
CDUS45 KGJT 260750
CLIASE


CLIMATE REPORT
NATIONAL WEATHER SERVICE GRAND JUNCTION CO
1247 AM MST WED NOV 26 2014


...................................

...THE ASPEN CO CLIMATE SUMMARY FOR NOVEMBER 25 2014...

CLIMATE NORMAL PERIOD 1981 TO 2010
CLIMATE RECORD PERIOD 9999 TO 9999


WEATHER ITEM   OBSERVED TIME   RECORD YEAR NORMAL DEPARTURE LAST
                VALUE   (LST)  VALUE       VALUE  FROM      YEAR
                                                  NORMAL
..................................................................
TEMPERATURE (F)
 YESTERDAY
  MAXIMUM         24   1242 PM  MM      MM  37    -13       39
  MINIMUM         11    643 AM  MM      MM  13     -2       15
  AVERAGE         18                        25     -7       27

PRECIPITATION (IN)
  YESTERDAY        0.09         MM      MM   0.04   0.05     0.00
  MONTH TO DATE    1.16                      1.20  -0.04     1.11
  SINCE SEP 1      4.23                      4.49  -0.26     5.35
  SINCE JAN 1     13.47                     15.95  -2.48    15.31

SNOWFALL (IN)
  YESTERDAY       MM            MM      MM  MM     MM       MM
  MONTH TO DATE   MM                        MM     MM       MM
  SINCE SEP 1     MM                        MM     MM       MM
  SINCE JUL 1     MM                        MM     MM       MM
  SNOW DEPTH      MM

DEGREE DAYS
 HEATING
  YESTERDAY       47                        40      7       38
  MONTH TO DATE  890                       864     26      825
  SINCE SEP 1   1683                      1923   -240     1895
  SINCE JUL 1   1836                      2119   -283     2030

 COOLING
  YESTERDAY        0                         0      0        0
  MONTH TO DATE    0                         0      0        0
  SINCE SEP 1      0                         0      0        9
  SINCE JAN 1     56                        39     17       69
..................................................................


WIND (MPH)
  HIGHEST WIND SPEED     9   HIGHEST WIND DIRECTION    SW (210)
  HIGHEST GUST SPEED    12   HIGHEST GUST DIRECTION    SW (220)
  AVERAGE WIND SPEED     2.4


SKY COVER
  POSSIBLE SUNSHINE  MM
  AVERAGE SKY COVER 1.0


WEATHER CONDITIONS
 THE FOLLOWING WEATHER WAS RECORDED YESTERDAY.
  LIGHT SNOW
  FOG
  HAZE


RELATIVE HUMIDITY (PERCENT)
 HIGHEST    92           600 PM
 LOWEST     73           200 AM
 AVERAGE    83

..........................................................


THE ASPEN CO CLIMATE NORMALS FOR TODAY
                         NORMAL    RECORD    YEAR
 MAXIMUM TEMPERATURE (F)   36        MM        MM
 MINIMUM TEMPERATURE (F)   13        MM        MM


SUNRISE AND SUNSET
NOVEMBER 26 2014......SUNRISE   703 AM MST   SUNSET   446 PM MST
NOVEMBER 27 2014......SUNRISE   704 AM MST   SUNSET   446 PM MST


-  INDICATES NEGATIVE NUMBERS.
R  INDICATES RECORD WAS SET OR TIED.
MM INDICATES DATA IS MISSING.
T  INDICATES TRACE AMOUNT.




$$





945
CDUS45 KGJT 260750
CLICEZ


CLIMATE REPORT
NATIONAL WEATHER SERVICE GRAND JUNCTION CO
1247 AM MST WED NOV 26 2014


...................................

...THE CORTEZ CO CLIMATE SUMMARY FOR NOVEMBER 25 2014...

CLIMATE NORMAL PERIOD 1981 TO 2010
CLIMATE RECORD PERIOD 9999 TO 9999


WEATHER ITEM   OBSERVED TIME   RECORD YEAR NORMAL DEPARTURE LAST
                VALUE   (LST)  VALUE       VALUE  FROM      YEAR
                                                  NORMAL
..................................................................
TEMPERATURE (F)
 YESTERDAY
  MAXIMUM         43    316 PM  MM      MM  47     -4       45
  MINIMUM         10    301 AM  MM      MM  19     -9       27
  AVERAGE         27                        33     -6       36

PRECIPITATION (IN)
  YESTERDAY        0.00         MM      MM   0.04  -0.04      T
  MONTH TO DATE    0.44                      1.13  -0.69     1.00
  SINCE SEP 1      3.11                      4.11  -1.00     5.20
  SINCE JAN 1      8.21                     12.55  -4.34    13.32

SNOWFALL (IN)
  YESTERDAY       MM            MM      MM  MM     MM       MM
  MONTH TO DATE   MM                        MM     MM       MM
  SINCE SEP 1     MM                        MM     MM       MM
  SINCE JUL 1     MM                        MM     MM       MM
  SNOW DEPTH      MM

DEGREE DAYS
 HEATING
  YESTERDAY       38                        32      6       29
  MONTH TO DATE  670                       679     -9      630
  SINCE SEP 1   1124                      1349   -225     1310
  SINCE JUL 1   1134                      1361   -227     1310

 COOLING
  YESTERDAY        0                         0      0        0
  MONTH TO DATE    0                         0      0        0
  SINCE SEP 1     25                        17      8       62
  SINCE JAN 1    537                       426    111      667
..................................................................


WIND (MPH)
  HIGHEST WIND SPEED    14   HIGHEST WIND DIRECTION     W (280)
  HIGHEST GUST SPEED    17   HIGHEST GUST DIRECTION     W (290)
  AVERAGE WIND SPEED     6.6


SKY COVER
  POSSIBLE SUNSHINE  MM
  AVERAGE SKY COVER 0.3


WEATHER CONDITIONS
 THE FOLLOWING WEATHER WAS RECORDED YESTERDAY.
  HAZE


RELATIVE HUMIDITY (PERCENT)
 HIGHEST    84           600 AM
 LOWEST     21           400 PM
 AVERAGE    53

..........................................................


THE CORTEZ CO CLIMATE NORMALS FOR TODAY
                         NORMAL    RECORD    YEAR
 MAXIMUM TEMPERATURE (F)   47        MM        MM
 MINIMUM TEMPERATURE (F)   19        MM        MM


SUNRISE AND SUNSET
NOVEMBER 26 2014......SUNRISE   705 AM MST   SUNSET   458 PM MST
NOVEMBER 27 2014......SUNRISE   706 AM MST   SUNSET   458 PM MST


-  INDICATES NEGATIVE NUMBERS.
R  INDICATES RECORD WAS SET OR TIED.
MM INDICATES DATA IS MISSING.
T  INDICATES TRACE AMOUNT.




$$





National Weather Service
Disclaimer
Last Modified: August 31, 2005
Privacy Policy