794
CDUS45 KTWC 170731
CLITUS

CLIMATE REPORT
NATIONAL WEATHER SERVICE TUCSON AZ
1230 AM MST WED SEP 17 2014


...................................

...THE TUCSON AZ CLIMATE SUMMARY FOR SEPTEMBER 16 2014...

CLIMATE NORMAL PERIOD 1981 TO 2010
CLIMATE RECORD PERIOD 1895 TO 2014


WEATHER ITEM   OBSERVED TIME   RECORD YEAR NORMAL DEPARTURE LAST
                VALUE   (LST)  VALUE       VALUE  FROM      YEAR
                                                  NORMAL
..................................................................
TEMPERATURE (F)
 YESTERDAY
  MAXIMUM         83    251 PM 104    1928  95    -12      101
                                      1895
  MINIMUM         72    714 AM  50    1903  69      3       80
  AVERAGE         78                        82     -4       91

PRECIPITATION (IN)
  YESTERDAY        0.14          1.07 1925   0.04   0.10     0.00
  MONTH TO DATE    2.59                      0.78   1.81     0.63
  SINCE OCT 1      9.57                     11.08  -1.51     6.69
  SINCE JAN 1      6.52                      8.69  -2.17     5.48

DEGREE DAYS
 HEATING
  YESTERDAY        0                         0      0        0
  MONTH TO DATE    0                         0      0        0
  SINCE SEP 1      0                         0      0        0
  SINCE JUL 1      0                         0      0        0

 COOLING
  YESTERDAY       13                        17     -4       26
  MONTH TO DATE  305                       297      8      320
  SINCE SEP 1    305                       297      8      320
  SINCE JAN 1   2996                      2707    289     3194
..................................................................


WIND (MPH)
  HIGHEST WIND SPEED    22   HIGHEST WIND DIRECTION    SE (130)
  HIGHEST GUST SPEED    27   HIGHEST GUST DIRECTION    SE (130)
  AVERAGE WIND SPEED     8.4


SKY COVER
  POSSIBLE SUNSHINE  MM
  AVERAGE SKY COVER 0.5


WEATHER CONDITIONS
 THE FOLLOWING WEATHER WAS RECORDED YESTERDAY.
  LIGHT RAIN


RELATIVE HUMIDITY (PERCENT)
 HIGHEST    84
 LOWEST     47
 AVERAGE    66

..........................................................


THE TUCSON AZ CLIMATE NORMALS FOR TODAY
                         NORMAL    RECORD    YEAR
 MAXIMUM TEMPERATURE (F)   95       105      1956
 MINIMUM TEMPERATURE (F)   69        52      1915
                                             1906
                                             1899


SUNRISE AND SUNSET
SEPTEMBER 17 2014.....SUNRISE   609 AM MST   SUNSET   627 PM MST
SEPTEMBER 18 2014.....SUNRISE   609 AM MST   SUNSET   626 PM MST


-  INDICATES NEGATIVE NUMBERS.
R  INDICATES RECORD WAS SET OR TIED.
MM INDICATES DATA IS MISSING.
T  INDICATES TRACE AMOUNT.




$$







National Weather Service
Disclaimer
Last Modified: August 31, 2005
Privacy Policy