684
CDUS45 KBOI 300942
CLIMUO


CLIMATE REPORT
NATIONAL WEATHER SERVICE BOISE ID
342 AM MDT TUE SEP 30 2014


...................................

...THE MOUNTAIN HOME AFB CLIMATE SUMMARY FOR SEPTEMBER 29 2014...

CLIMATE NORMAL PERIOD 1981 TO 2010
CLIMATE RECORD PERIOD 1906 TO 2014


WEATHER ITEM   OBSERVED RECORD YEAR NORMAL DEPARTURE
                VALUE   VALUE       VALUE  FROM
                                           NORMAL
........................................................
TEMPERATURE (F)
 YESTERDAY
  MAXIMUM         61     94    1906  74    -13
  MINIMUM         51      0    1926  41     10
  AVERAGE         56                 58     -2

PRECIPITATION (IN)
  YESTERDAY        0.55R  0.29 1971   0.01   0.54
  MONTH TO DATE  100.63               0.47 100.16

DEGREE DAYS
 HEATING
  YESTERDAY        9                  7      2
  MONTH TO DATE   41                111    -70

 COOLING
  YESTERDAY        0                  1     -1
  MONTH TO DATE   93                 89      4
........................................................







THE MOUNTAIN HOME AFB CLIMATE NORMALS FOR TODAY
                         NORMAL    RECORD    YEAR
 MAXIMUM TEMPERATURE (F)   74        94      1992
 MINIMUM TEMPERATURE (F)   41         0      1926


SUNRISE AND SUNSET
SEPTEMBER 30 2014.....SUNRISE   740 AM MDT   SUNSET   726 PM MDT
OCTOBER  1 2014.......SUNRISE   741 AM MDT   SUNSET   725 PM MDT


-  INDICATES NEGATIVE NUMBERS.
R  INDICATES RECORD WAS SET OR TIED.
MM INDICATES DATA IS MISSING.
T  INDICATES TRACE AMOUNT.




$$




680
CDUS46 KBOI 300942
CLIBKE


CLIMATE REPORT
NATIONAL WEATHER SERVICE BOISE ID
342 AM MDT TUE SEP 30 2014


...................................

...THE BAKER OR CLIMATE SUMMARY FOR SEPTEMBER 29 2014...

CLIMATE NORMAL PERIOD 1981 TO 2010
CLIMATE RECORD PERIOD 1948 TO 2014


WEATHER ITEM   OBSERVED TIME   RECORD YEAR NORMAL DEPARTURE LAST
                VALUE   (LST)  VALUE       VALUE  FROM      YEAR
                                                  NORMAL
..................................................................
TEMPERATURE (F)
 YESTERDAY
  MAXIMUM         61    310 PM  90    1963  69     -8       63
  MINIMUM         50   1159 PM  21    1985  32     18       43
  AVERAGE         56                        51      5       53

PRECIPITATION (IN)
  YESTERDAY        0.16          0.52 2013   0.01   0.15     0.52
  MONTH TO DATE    0.38                      0.53  -0.15     1.55
  SINCE OCT 1      7.17                     10.11  -2.94     9.88
  SINCE JAN 1      6.00                      7.60  -1.60     7.70

DEGREE DAYS
 HEATING
  YESTERDAY        9                        14     -5       12
  MONTH TO DATE  193                       275    -82      221
  SINCE SEP 1    193                       275    -82      221
  SINCE JUL 1    270                       426   -156      253

 COOLING
  YESTERDAY        0                         0      0        0
  MONTH TO DATE   15                         7      8       28
  SINCE SEP 1     15                         7      8       28
  SINCE JAN 1    250                       167     83      258
..................................................................


WIND (MPH)
  RESULTANT WIND SPEED   3   RESULTANT WIND DIRECTION  NE (60)
  HIGHEST WIND SPEED    12   HIGHEST WIND DIRECTION    NE (50)
  HIGHEST GUST SPEED    14   HIGHEST GUST DIRECTION    NE (60)
  AVERAGE WIND SPEED     3.1


SKY COVER
  AVERAGE SKY COVER 0.7


WEATHER CONDITIONS
 THE FOLLOWING WEATHER WAS RECORDED YESTERDAY.
  LIGHT RAIN
  FOG


RELATIVE HUMIDITY (PERCENT)
 HIGHEST   100           700 AM
 LOWEST     80           200 PM
 AVERAGE    90

..........................................................


THE BAKER OR CLIMATE NORMALS FOR TODAY
                         NORMAL    RECORD    YEAR
 MAXIMUM TEMPERATURE (F)   69        90      1992
 MINIMUM TEMPERATURE (F)   32        17      1954


SUNRISE AND SUNSET
SEPTEMBER 30 2014.....SUNRISE   648 AM PDT   SUNSET   633 PM PDT
OCTOBER  1 2014.......SUNRISE   649 AM PDT   SUNSET   632 PM PDT


-  INDICATES NEGATIVE NUMBERS.
R  INDICATES RECORD WAS SET OR TIED.
MM INDICATES DATA IS MISSING.
T  INDICATES TRACE AMOUNT.




$$




686
CDUS45 KBOI 300942
CLIBOI


CLIMATE REPORT
NATIONAL WEATHER SERVICE BOISE ID
342 AM MDT TUE SEP 30 2014


...................................

...THE BOISE ID CLIMATE SUMMARY FOR SEPTEMBER 29 2014...

CLIMATE NORMAL PERIOD 1981 TO 2010
CLIMATE RECORD PERIOD 1878 TO 2014


WEATHER ITEM   OBSERVED TIME   RECORD YEAR NORMAL DEPARTURE LAST
                VALUE   (LST)  VALUE       VALUE  FROM      YEAR
                                                  NORMAL
..................................................................
TEMPERATURE (F)
 YESTERDAY
  MAXIMUM         63    120 PM  95    1992  73    -10       69
  MINIMUM         52    535 AM  27    1954  46      6       49
  AVERAGE         58                        60     -2       59

PRECIPITATION (IN)
  YESTERDAY        0.36          0.59 1927   0.03   0.33     0.05
  MONTH TO DATE    0.90                      0.56   0.34     1.62
  SINCE OCT 1     12.42                     11.71   0.71     9.18
  SINCE JAN 1      9.51                      8.06   1.45     6.53

SNOWFALL (IN)
  YESTERDAY        0.0           0.0  2006   0.0    0.0      0.0
  MONTH TO DATE    0.0                       0.0    0.0      0.0
  SINCE OCT 1     14.4                      19.2   -4.8     16.0
  SINCE JUL 1      0.0                       0.0    0.0      0.0
  SNOW DEPTH       0

DEGREE DAYS
 HEATING
  YESTERDAY        7                         7      0        6
  MONTH TO DATE   43                        97    -54       82
  SINCE SEP 1     43                        97    -54       82
  SINCE JUL 1     47                       115    -68       82

 COOLING
  YESTERDAY        0                         1     -1        0
  MONTH TO DATE  136                        98     38      148
  SINCE SEP 1    136                        98     38      148
  SINCE JAN 1   1119                       932    187     1320
..................................................................


WIND (MPH)
  HIGHEST WIND SPEED    22   HIGHEST WIND DIRECTION    SE (120)
  HIGHEST GUST SPEED    28   HIGHEST GUST DIRECTION    SE (120)
  AVERAGE WIND SPEED     7.8


SKY COVER
  POSSIBLE SUNSHINE  MM
  AVERAGE SKY COVER 0.8


WEATHER CONDITIONS
 THE FOLLOWING WEATHER WAS RECORDED YESTERDAY.
  RAIN
  LIGHT RAIN


RELATIVE HUMIDITY (PERCENT)
 HIGHEST    96           300 AM
 LOWEST     56          1200 PM
 AVERAGE    76

..........................................................


THE BOISE ID CLIMATE NORMALS FOR TODAY
                         NORMAL    RECORD    YEAR
 MAXIMUM TEMPERATURE (F)   73        96      1992
 MINIMUM TEMPERATURE (F)   46        29      1954


SUNRISE AND SUNSET
SEPTEMBER 30 2014.....SUNRISE   741 AM MDT   SUNSET   728 PM MDT
OCTOBER  1 2014.......SUNRISE   742 AM MDT   SUNSET   726 PM MDT


-  INDICATES NEGATIVE NUMBERS.
R  INDICATES RECORD WAS SET OR TIED.
MM INDICATES DATA IS MISSING.
T  INDICATES TRACE AMOUNT.




$$




National Weather Service
Disclaimer
Last Modified: August 31, 2005
Privacy Policy