003
CDUS45 KLKN 010933
CLIELY


CLIMATE REPORT
NATIONAL WEATHER SERVICE ELKO NV
232 AM PDT FRI AUG 1 2014


...................................

...THE ELY AIRPORT NV CLIMATE SUMMARY FOR JULY 31 2014...

CLIMATE NORMAL PERIOD 1981 TO 2010
CLIMATE RECORD PERIOD 1893 TO 2014


WEATHER ITEM   OBSERVED TIME   RECORD YEAR NORMAL DEPARTURE LAST
                VALUE   (LST)  VALUE       VALUE  FROM      YEAR
                                                  NORMAL
..................................................................
TEMPERATURE (F)
 YESTERDAY
  MAXIMUM         84    222 PM  97    2000  88     -4       89
  MINIMUM         51   1159 PM  35    1975  49      2       55
  AVERAGE         68                        69     -1       72

PRECIPITATION (IN)
  YESTERDAY        T             0.63 2011   0.03  -0.03     0.00
  MONTH TO DATE    0.43                      0.64  -0.21     0.25
  SINCE OCT 1      7.46                      8.03  -0.57     6.46
  SINCE JAN 1      4.78                      5.74  -0.96     3.36

SNOWFALL (IN)
  YESTERDAY        0.0           0.0  1893   0.0    0.0      0.0
  MONTH TO DATE    0.0                       0.0    0.0      0.0
  SINCE JUN 1      T                         0.1   -0.1      0.0
  SINCE JUL 1      0.0                       0.0    0.0      0.0
  SNOW DEPTH       0

DEGREE DAYS
 HEATING
  YESTERDAY        0                         0      0        0
  MONTH TO DATE    0                        20    -20        5
  SINCE JUN 1    140                       198    -58      100
  SINCE JUL 1      0                        23    -23        5

 COOLING
  YESTERDAY        3                         4     -1        7
  MONTH TO DATE  206                       111     95      211
  SINCE JUN 1    225                       134     91      268
  SINCE JAN 1    227                       135     92      268
..................................................................


WIND (MPH)
  HIGHEST WIND SPEED    38   HIGHEST WIND DIRECTION     N (360)
  HIGHEST GUST SPEED    49   HIGHEST GUST DIRECTION     N (10)
  AVERAGE WIND SPEED     9.7



WEATHER CONDITIONS
 THE FOLLOWING WEATHER WAS RECORDED YESTERDAY.
  NO SIGNIFICANT WEATHER WAS OBSERVED.


RELATIVE HUMIDITY (PERCENT)
 HIGHEST    75           400 AM
 LOWEST     26           200 PM
 AVERAGE    51

..........................................................


THE ELY AIRPORT NV CLIMATE NORMALS FOR TODAY
                         NORMAL    RECORD    YEAR
 MAXIMUM TEMPERATURE (F)   88        95      2000
                                             1996
 MINIMUM TEMPERATURE (F)   49        38      1975


SUNRISE AND SUNSET
AUGUST  1 2014........SUNRISE   540 AM PDT   SUNSET   751 PM PDT
AUGUST  2 2014........SUNRISE   540 AM PDT   SUNSET   750 PM PDT


-  INDICATES NEGATIVE NUMBERS.
R  INDICATES RECORD WAS SET OR TIED.
MM INDICATES DATA IS MISSING.
T  INDICATES TRACE AMOUNT.




$$




008
CDUS45 KLKN 010933
CLIEKO


CLIMATE REPORT
NATIONAL WEATHER SERVICE ELKO NV
232 AM PDT FRI AUG 1 2014


...................................

...THE ELKO AIRPORT NV CLIMATE SUMMARY FOR JULY 31 2014...

CLIMATE NORMAL PERIOD 1981 TO 2010
CLIMATE RECORD PERIOD 1888 TO 2014


WEATHER ITEM   OBSERVED TIME   RECORD YEAR NORMAL DEPARTURE LAST
                VALUE   (LST)  VALUE       VALUE  FROM      YEAR
                                                  NORMAL
..................................................................
TEMPERATURE (F)
 YESTERDAY
  MAXIMUM         89   1201 PM 103    1978  92     -3       95
  MINIMUM         57   1157 PM  30    1995  51      6       57
  AVERAGE         73                        71      2       76

PRECIPITATION (IN)
  YESTERDAY        0.01          0.56 1984   0.01   0.00     0.00
  MONTH TO DATE    0.55                      0.37   0.18     0.45
  SINCE OCT 1      8.01                      8.97  -0.96     6.14
  SINCE JAN 1      6.40                      5.91   0.49     3.31

SNOWFALL (IN)
  YESTERDAY        0.0           0.0  1888   0.0    0.0      0.0
  MONTH TO DATE    0.0                       0.0    0.0      0.0
  SINCE JUN 1      0.0                       0.0    0.0      0.0
  SINCE JUL 1      0.0                       0.0    0.0      0.0
  SNOW DEPTH       0

DEGREE DAYS
 HEATING
  YESTERDAY        0                         0      0        0
  MONTH TO DATE    0                        17    -17        0
  SINCE JUN 1     92                       150    -58       63
  SINCE JUL 1      0                        19    -19        0

 COOLING
  YESTERDAY        8                         6      2       11
  MONTH TO DATE  344                       180    164      373
  SINCE JUN 1    373                       227    146      496
  SINCE JAN 1    376                       231    145      500
..................................................................


WIND (MPH)
  HIGHEST WIND SPEED    24   HIGHEST WIND DIRECTION     E (80)
  HIGHEST GUST SPEED    34   HIGHEST GUST DIRECTION     E (80)
  AVERAGE WIND SPEED     6.1



WEATHER CONDITIONS
 THE FOLLOWING WEATHER WAS RECORDED YESTERDAY.
  THUNDERSTORM
  LIGHT RAIN


RELATIVE HUMIDITY (PERCENT)
 HIGHEST    67          1100 PM
 LOWEST     20          1200 PM
 AVERAGE    44

..........................................................


THE ELKO AIRPORT NV CLIMATE NORMALS FOR TODAY
                         NORMAL    RECORD    YEAR
 MAXIMUM TEMPERATURE (F)   91       105      1892
 MINIMUM TEMPERATURE (F)   50        34      1932


SUNRISE AND SUNSET
AUGUST  1 2014........SUNRISE   540 AM PDT   SUNSET   759 PM PDT
AUGUST  2 2014........SUNRISE   541 AM PDT   SUNSET   758 PM PDT


-  INDICATES NEGATIVE NUMBERS.
R  INDICATES RECORD WAS SET OR TIED.
MM INDICATES DATA IS MISSING.
T  INDICATES TRACE AMOUNT.




$$




National Weather Service
Disclaimer
Last Modified: August 31, 2005
Privacy Policy