060
CDUS46 KMTR 230825
CLIHWD


CLIMATE REPORT
NATIONAL WEATHER SERVICE SAN FRANCISCO BAY AREA
125 AM PDT THU OCT 23 2014


...................................

...THE HAYWARD AIRPORT CLIMATE SUMMARY FOR OCTOBER 22 2014...

CLIMATE NORMAL PERIOD 1981 TO 2010
CLIMATE RECORD PERIOD 1998 TO 2014


WEATHER ITEM   OBSERVED TIME   RECORD YEAR NORMAL DEPARTURE LAST
                VALUE   (LST)  VALUE       VALUE  FROM      YEAR
                                                  NORMAL
..................................................................
TEMPERATURE (F)
 YESTERDAY
  MAXIMUM         66    216 PM  86    2008  71     -5       MM
  MINIMUM         50R   547 AM  50    2007  53     -3       MM
  AVERAGE         58                        62     -4       MM

PRECIPITATION (IN)
  YESTERDAY        0.00                                      0.00
  MONTH TO DATE    0.02                                      0.00
  SINCE JUL 1      0.39                                      0.22
  SINCE JAN 1      5.08                                      1.71

DEGREE DAYS
 HEATING
  YESTERDAY        7                                        MM
  MONTH TO DATE   19                                        15
  SINCE SEP 1     19                                        62
  SINCE JUL 1     21                                       122

 COOLING
  YESTERDAY        0                                        MM
  MONTH TO DATE   76                                         7
  SINCE SEP 1    238                                        54
  SINCE JAN 1    563                                       250
..................................................................


WIND (MPH)
  RESULTANT WIND SPEED   3   RESULTANT WIND DIRECTION  NW (300)
  HIGHEST WIND SPEED    13   HIGHEST WIND DIRECTION     W (290)
  HIGHEST GUST SPEED    15   HIGHEST GUST DIRECTION     W (290)
  AVERAGE WIND SPEED     4.4


SKY COVER
  POSSIBLE SUNSHINE  MM
  AVERAGE SKY COVER 0.0


WEATHER CONDITIONS
 THE FOLLOWING WEATHER WAS RECORDED YESTERDAY.
  NO SIGNIFICANT WEATHER WAS OBSERVED.


RELATIVE HUMIDITY (PERCENT)
 HIGHEST   100           200 AM
 LOWEST     60          1200 PM
 AVERAGE    80

..........................................................


THE HAYWARD AIRPORT CLIMATE NORMALS FOR TODAY
                         NORMAL    RECORD    YEAR
 MAXIMUM TEMPERATURE (F)   70        83      2008
 MINIMUM TEMPERATURE (F)   53        49      1998


SUNRISE AND SUNSET
OCTOBER 23 2014.......SUNRISE   725 AM PDT   SUNSET   620 PM PDT
OCTOBER 24 2014.......SUNRISE   726 AM PDT   SUNSET   619 PM PDT


-  INDICATES NEGATIVE NUMBERS.
R  INDICATES RECORD WAS SET OR TIED.
MM INDICATES DATA IS MISSING.
T  INDICATES TRACE AMOUNT.




$$




051
CDUS46 KMTR 230825
CLINUQ


CLIMATE REPORT
NATIONAL WEATHER SERVICE SAN FRANCISCO BAY AREA
125 AM PDT THU OCT 23 2014


...................................

...THE MOFFETT FIELD CLIMATE SUMMARY FOR OCTOBER 22 2014...

CLIMATE NORMAL PERIOD 1981 TO 2010
CLIMATE RECORD PERIOD 1945 TO 2014


WEATHER ITEM   OBSERVED TIME   RECORD YEAR NORMAL DEPARTURE LAST
                VALUE   (LST)  VALUE       VALUE  FROM      YEAR
                                                  NORMAL
..................................................................
TEMPERATURE (F)
 YESTERDAY
  MAXIMUM         73    403 PM  86    2011  72      1       67
  MINIMUM         51    616 AM  38    1949  53     -2       52
  AVERAGE         62                        63     -1       60

PRECIPITATION (IN)
  YESTERDAY        0.00          0.69 1973   0.02  -0.02     0.00
  MONTH TO DATE    0.02                      0.35  -0.33     0.00
  SINCE JUL 1      0.43                      0.56  -0.13     0.50
  SINCE JAN 1      5.62                     10.19  -4.57     2.32

DEGREE DAYS
 HEATING
  YESTERDAY        3                                         5
  MONTH TO DATE   10                                        53
  SINCE SEP 1     12                                        58
  SINCE JUL 1     12                                        62

 COOLING
  YESTERDAY        0                                         0
  MONTH TO DATE   72                                        14
  SINCE SEP 1    196                                       119
  SINCE JAN 1    638                                       478
..................................................................


WIND (MPH)
  RESULTANT WIND SPEED   4   RESULTANT WIND DIRECTION   N (340)
  HIGHEST WIND SPEED    13   HIGHEST WIND DIRECTION     N (340)
  HIGHEST GUST SPEED    15   HIGHEST GUST DIRECTION     N (340)
  AVERAGE WIND SPEED     4.3


SKY COVER
  POSSIBLE SUNSHINE  MM
  AVERAGE SKY COVER 0.0


WEATHER CONDITIONS
 THE FOLLOWING WEATHER WAS RECORDED YESTERDAY.
  NO SIGNIFICANT WEATHER WAS OBSERVED.


RELATIVE HUMIDITY (PERCENT)
 HIGHEST    89           600 AM
 LOWEST     41           100 PM
 AVERAGE    65

..........................................................


THE MOFFETT FIELD CLIMATE NORMALS FOR TODAY
                         NORMAL    RECORD    YEAR
 MAXIMUM TEMPERATURE (F)   72        89      1959
 MINIMUM TEMPERATURE (F)   53        39      1949


SUNRISE AND SUNSET
OCTOBER 23 2014.......SUNRISE   724 AM PDT   SUNSET   620 PM PDT
OCTOBER 24 2014.......SUNRISE   725 AM PDT   SUNSET   619 PM PDT


-  INDICATES NEGATIVE NUMBERS.
R  INDICATES RECORD WAS SET OR TIED.
MM INDICATES DATA IS MISSING.
T  INDICATES TRACE AMOUNT.




$$




National Weather Service
Disclaimer
Last Modified: August 31, 2005
Privacy Policy