133
CDUS45 KGJT 282343
CLICAG


CLIMATE REPORT
NATIONAL WEATHER SERVICE GRAND JUNCTION CO
441 PM MST FRI NOV 28 2014


...................................

...THE CRAIG CO CLIMATE SUMMARY FOR NOVEMBER 28 2014...
VALID TODAY AS OF 0400 PM LOCAL TIME.

CLIMATE NORMAL PERIOD 1981 TO 2010
CLIMATE RECORD PERIOD 9999 TO 9999


WEATHER ITEM   OBSERVED TIME   RECORD YEAR NORMAL DEPARTURE LAST
                VALUE   (LST)  VALUE       VALUE  FROM      YEAR
                                                  NORMAL
..................................................................
TEMPERATURE (F)
 TODAY
  MAXIMUM         55    209 PM  MM      MM  37     18       37
  MINIMUM         21    714 AM  MM      MM  12      9       17
  AVERAGE         38                        24     14       27

PRECIPITATION (IN)
  TODAY            0.00         MM      MM   0.03  -0.03     0.00
  MONTH TO DATE    0.96                      1.37  -0.41     0.94
  SINCE SEP 1      3.99                      4.92  -0.93     6.33
  SINCE JAN 1     14.01                     14.98  -0.97    12.45

SNOWFALL (IN)
  TODAY           MM            MM      MM  MM     MM       MM
  MONTH TO DATE   MM                        MM     MM       MM
  SINCE SEP 1     MM                        MM     MM       MM
  SINCE JUL 1     MM                        MM     MM       MM
  SNOW DEPTH      MM

DEGREE DAYS
 HEATING
  TODAY           27                        41    -14       38
  MONTH TO DATE 1015                       957     58      942
  SINCE SEP 1   1751                      1925   -174     1827
  SINCE JUL 1   1854                      2002   -148     1832

 COOLING
  TODAY            0                         0      0        0
  MONTH TO DATE    0                         0      0        0
  SINCE SEP 1      1                         2     -1       45
  SINCE JAN 1     71                       142    -71      377
..................................................................


WIND (MPH)
  HIGHEST WIND SPEED     9   HIGHEST WIND DIRECTION    NE (60)
  HIGHEST GUST SPEED    12   HIGHEST GUST DIRECTION    NE (60)
  AVERAGE WIND SPEED     2.8


SKY COVER
  POSSIBLE SUNSHINE  MM
  AVERAGE SKY COVER 0.0


WEATHER CONDITIONS
 THE FOLLOWING WEATHER WAS RECORDED TODAY.
  NO SIGNIFICANT WEATHER WAS OBSERVED.


RELATIVE HUMIDITY (PERCENT)
 HIGHEST    92          1200 AM
 LOWEST     28           400 PM
 AVERAGE    60

..........................................................


THE CRAIG CO CLIMATE NORMALS FOR TOMORROW
                         NORMAL    RECORD    YEAR
 MAXIMUM TEMPERATURE (F)   36        MM        MM
 MINIMUM TEMPERATURE (F)   12        MM        MM


SUNRISE AND SUNSET
NOVEMBER 28 2014......SUNRISE   711 AM MST   SUNSET   445 PM MST
NOVEMBER 29 2014......SUNRISE   712 AM MST   SUNSET   445 PM MST


-  INDICATES NEGATIVE NUMBERS.
R  INDICATES RECORD WAS SET OR TIED.
MM INDICATES DATA IS MISSING.
T  INDICATES TRACE AMOUNT.




$$




108
CDUS43 KDDC 282343
CLIDGC


CLIMATE REPORT
NATIONAL WEATHER SERVICE DODGE CITY KS
541 PM CST FRI NOV 28 2014


...................................

...THE DODGE CITY KS CLIMATE SUMMARY FOR NOVEMBER 28 2014...
VALID TODAY AS OF 0500 PM LOCAL TIME.

CLIMATE NORMAL PERIOD 1981 TO 2010
CLIMATE RECORD PERIOD 1875 TO 2014


WEATHER ITEM   OBSERVED TIME   RECORD YEAR NORMAL DEPARTURE LAST
                VALUE   (LST)  VALUE       VALUE  FROM      YEAR
                                                  NORMAL
..................................................................
TEMPERATURE (F)
 TODAY
  MAXIMUM         78R   332 PM  74    1893  49     29       46
  MINIMUM         32    747 AM   0    1958  25      7       23
  AVERAGE         55                        37     18       35

PRECIPITATION (IN)
  TODAY            0.00          2.08 1909   0.02  -0.02     0.00
  MONTH TO DATE    0.15                      0.72  -0.57     0.80
  SINCE SEP 1      3.95                      4.13  -0.18     4.76
  SINCE JAN 1     22.18                     20.72   1.46    20.24

SNOWFALL (IN)
  TODAY            0.0           1.5  1898   0.1   -0.1      0.0
  MONTH TO DATE    2.2                       1.6    0.6      2.3
  SINCE SEP 1      2.2                       2.0    0.2      5.0
  SINCE JUL 1      2.2                       2.0    0.2      5.0
  SNOW DEPTH       0

DEGREE DAYS
 HEATING
  TODAY           10                        28    -18       30
  MONTH TO DATE  708                       602    106      644
  SINCE SEP 1    948                       954     -6      984
  SINCE JUL 1    961                       958      3      984

 COOLING
  TODAY            0                         0      0        0
  MONTH TO DATE    0                         0      0        0
  SINCE SEP 1    230                       216     14      277
  SINCE JAN 1   1475                      1462     13     1641
..................................................................


WIND (MPH)
  HIGHEST WIND SPEED    18   HIGHEST WIND DIRECTION     W (260)
  HIGHEST GUST SPEED    22   HIGHEST GUST DIRECTION    SW (220)
  AVERAGE WIND SPEED    10.9


SKY COVER
  POSSIBLE SUNSHINE  MM
  AVERAGE SKY COVER 0.0


WEATHER CONDITIONS
 THE FOLLOWING WEATHER WAS RECORDED TODAY.
  NO SIGNIFICANT WEATHER WAS OBSERVED.


RELATIVE HUMIDITY (PERCENT)
 HIGHEST    75           600 AM
 LOWEST      8           300 PM
 AVERAGE    42

..........................................................


THE DODGE CITY KS CLIMATE NORMALS FOR TOMORROW
                         NORMAL    RECORD    YEAR
 MAXIMUM TEMPERATURE (F)   49        76      1901
 MINIMUM TEMPERATURE (F)   25        -3      1880


SUNRISE AND SUNSET
NOVEMBER 28 2014......SUNRISE   734 AM CST   SUNSET   522 PM CST
NOVEMBER 29 2014......SUNRISE   735 AM CST   SUNSET   522 PM CST


-  INDICATES NEGATIVE NUMBERS.
R  INDICATES RECORD WAS SET OR TIED.
MM INDICATES DATA IS MISSING.
T  INDICATES TRACE AMOUNT.




$$




136
CDUS45 KGJT 282343
CLIRIL


CLIMATE REPORT
NATIONAL WEATHER SERVICE GRAND JUNCTION CO
441 PM MST FRI NOV 28 2014


...................................

...THE RIFLE CO CLIMATE SUMMARY FOR NOVEMBER 28 2014...
VALID TODAY AS OF 0400 PM LOCAL TIME.

CLIMATE NORMAL PERIOD 1981 TO 2010
CLIMATE RECORD PERIOD 9999 TO 9999


WEATHER ITEM   OBSERVED TIME   RECORD YEAR NORMAL DEPARTURE LAST
                VALUE   (LST)  VALUE       VALUE  FROM      YEAR
                                                  NORMAL
..................................................................
TEMPERATURE (F)
 TODAY
  MAXIMUM         51    335 PM  MM      MM  41     10       45
  MINIMUM         24    740 AM  MM      MM  19      5       21
  AVERAGE         38                        30      8       33

PRECIPITATION (IN)
  TODAY            0.00         MM      MM   0.03  -0.03     0.00
  MONTH TO DATE    0.57                      1.05  -0.48     0.68
  SINCE SEP 1      3.75                      4.44  -0.69     5.64
  SINCE JAN 1     11.88                     13.41  -1.53    10.73

SNOWFALL (IN)
  TODAY           MM            MM      MM  MM     MM       MM
  MONTH TO DATE   MM                        MM     MM       MM
  SINCE SEP 1     MM                        MM     MM       MM
  SINCE JUL 1     MM                        MM     MM       MM
  SNOW DEPTH      MM

DEGREE DAYS
 HEATING
  TODAY           27                        35     -8       32
  MONTH TO DATE  892                       811     81      776
  SINCE SEP 1   1379                      1448    -69     1454
  SINCE JUL 1   1396                      1455    -59     1454

 COOLING
  TODAY            0                         0      0        0
  MONTH TO DATE    0                         0      0        0
  SINCE SEP 1     26                        25      1       92
  SINCE JAN 1    555                       541     14      798
..................................................................


WIND (MPH)
  HIGHEST WIND SPEED     3   HIGHEST WIND DIRECTION     E (110)
  HIGHEST GUST SPEED     5   HIGHEST GUST DIRECTION    SE (130)
  AVERAGE WIND SPEED     0.2


SKY COVER
  POSSIBLE SUNSHINE  MM
  AVERAGE SKY COVER 0.0


WEATHER CONDITIONS
 THE FOLLOWING WEATHER WAS RECORDED TODAY.
  NO SIGNIFICANT WEATHER WAS OBSERVED.


RELATIVE HUMIDITY (PERCENT)
 HIGHEST    92           400 AM
 LOWEST     33           300 PM
 AVERAGE    63

..........................................................


THE RIFLE CO CLIMATE NORMALS FOR TOMORROW
                         NORMAL    RECORD    YEAR
 MAXIMUM TEMPERATURE (F)   41        MM        MM
 MINIMUM TEMPERATURE (F)   19        MM        MM


SUNRISE AND SUNSET
NOVEMBER 28 2014......SUNRISE   709 AM MST   SUNSET   448 PM MST
NOVEMBER 29 2014......SUNRISE   710 AM MST   SUNSET   448 PM MST


-  INDICATES NEGATIVE NUMBERS.
R  INDICATES RECORD WAS SET OR TIED.
MM INDICATES DATA IS MISSING.
T  INDICATES TRACE AMOUNT.




$$




107
CDUS43 KDDC 282343
CLIGCK


CLIMATE REPORT
NATIONAL WEATHER SERVICE DODGE CITY KS
541 PM CST FRI NOV 28 2014


...................................

...THE GARDEN CITY REGIONAL ARPT KS CLIMATE SUMMARY FOR NOVEMBER 28 2014...
VALID TODAY AS OF 0500 PM LOCAL TIME.

CLIMATE NORMAL PERIOD 1981 TO 2010
CLIMATE RECORD PERIOD 1948 TO 2014


WEATHER ITEM   OBSERVED TIME   RECORD YEAR NORMAL DEPARTURE LAST
                VALUE   (LST)  VALUE       VALUE  FROM      YEAR
                                                  NORMAL
..................................................................
TEMPERATURE (F)
 TODAY
  MAXIMUM         77    310 PM  78    1949  49     28       45
  MINIMUM         26    527 AM  -5    1976  22      4       24
  AVERAGE         52                        36     16       35

PRECIPITATION (IN)
  TODAY            0.00          0.15 1977   0.02  -0.02     0.00
  MONTH TO DATE    0.01                      0.52  -0.51     0.98
  SINCE SEP 1      3.74                      3.27   0.47     4.67
  SINCE JAN 1     21.39                     18.92   2.47    14.84

DEGREE DAYS
 HEATING
  TODAY           13                        29    -16       30
  MONTH TO DATE  709                       642     67      633
  SINCE SEP 1    988                      1028    -40      997
  SINCE JUL 1    998                      1032    -34      997

 COOLING
  TODAY            0                         0      0        0
  MONTH TO DATE    0                         0      0        0
  SINCE SEP 1    182                       182      0      249
  SINCE JAN 1   1342                      1298     44     1591
..................................................................


WIND (MPH)
  HIGHEST WIND SPEED    18   HIGHEST WIND DIRECTION     W (250)
  HIGHEST GUST SPEED    23   HIGHEST GUST DIRECTION    SW (240)
  AVERAGE WIND SPEED     9.1



WEATHER CONDITIONS
 THE FOLLOWING WEATHER WAS RECORDED TODAY.
  NO SIGNIFICANT WEATHER WAS OBSERVED.


RELATIVE HUMIDITY (PERCENT)
 HIGHEST    92           500 AM
 LOWEST     11           200 PM
 AVERAGE    52

..........................................................


THE GARDEN CITY REGIONAL ARPT KS CLIMATE NORMALS FOR TOMORROW
                         NORMAL    RECORD    YEAR
 MAXIMUM TEMPERATURE (F)   49        73      1973
 MINIMUM TEMPERATURE (F)   22         6      1992


SUNRISE AND SUNSET
NOVEMBER 28 2014......SUNRISE   737 AM CST   SUNSET   525 PM CST
NOVEMBER 29 2014......SUNRISE   738 AM CST   SUNSET   524 PM CST


-  INDICATES NEGATIVE NUMBERS.
R  INDICATES RECORD WAS SET OR TIED.
MM INDICATES DATA IS MISSING.
T  INDICATES TRACE AMOUNT.




$$





National Weather Service
Disclaimer
Last Modified: August 31, 2005
Privacy Policy