115
CDUS45 KRIW 240741
CLIBYG


CLIMATE REPORT
NATIONAL WEATHER SERVICE RIVERTON WY
136 AM MDT THU APR 24 2014


...................................

...THE BUFFALO WY CLIMATE SUMMARY FOR APRIL 23 2014...

CLIMATE NORMAL PERIOD 1981 TO 2010
CLIMATE RECORD PERIOD 1998 TO 2014


WEATHER ITEM   OBSERVED TIME   RECORD YEAR NORMAL DEPARTURE LAST
                VALUE   (LST)  VALUE       VALUE  FROM      YEAR
                                                  NORMAL
..................................................................
TEMPERATURE (F)
 YESTERDAY
  MAXIMUM         61   1245 AM  82    2012  56      5       34
  MINIMUM         34   1037 PM   8    2013  35     -1        8
  AVERAGE         48                        46      2       21

PRECIPITATION (IN)
  YESTERDAY        0.00          0.53 2010   0.05  -0.05     0.00
  MONTH TO DATE    0.59                      0.79  -0.20     0.66
  SINCE MAR 1      1.20                      1.71  -0.51     0.74
  SINCE JAN 1      1.56                      2.48  -0.92     1.35

DEGREE DAYS
 HEATING
  YESTERDAY       17                        19     -2       44
  MONTH TO DATE  518                       527     -9      701
  SINCE MAR 1   1514                      1477     37     1636
  SINCE JUL 1   6758                      6717     41     6585

 COOLING
  YESTERDAY        0                         0      0        0
  MONTH TO DATE    0                         0      0        0
  SINCE MAR 1      0                         0      0        0
  SINCE JAN 1      0                         0      0        0
..................................................................


WIND (MPH)
  HIGHEST WIND SPEED    37   HIGHEST WIND DIRECTION     N (350)
  HIGHEST GUST SPEED    44   HIGHEST GUST DIRECTION     N (350)
  AVERAGE WIND SPEED    16.2


SKY COVER
  POSSIBLE SUNSHINE  MM
  AVERAGE SKY COVER 0.4


WEATHER CONDITIONS
 THE FOLLOWING WEATHER WAS RECORDED YESTERDAY.
  NO SIGNIFICANT WEATHER WAS OBSERVED.


RELATIVE HUMIDITY (PERCENT)
 HIGHEST    76           500 AM
 LOWEST     25           900 PM
 AVERAGE    51

..........................................................


THE BUFFALO WY CLIMATE NORMALS FOR TODAY
                         NORMAL    RECORD    YEAR
 MAXIMUM TEMPERATURE (F)   57        80      2012
 MINIMUM TEMPERATURE (F)   35        23      2002


SUNRISE AND SUNSET
APRIL 24 2014.........SUNRISE   608 AM MDT   SUNSET   803 PM MDT
APRIL 25 2014.........SUNRISE   607 AM MDT   SUNSET   804 PM MDT


-  INDICATES NEGATIVE NUMBERS.
R  INDICATES RECORD WAS SET OR TIED.
MM INDICATES DATA IS MISSING.
T  INDICATES TRACE AMOUNT.




$$





National Weather Service
Disclaimer
Last Modified: August 31, 2005
Privacy Policy