773
CDUS44 KBMX 280942
CLIMGM


CLIMATE REPORT
NATIONAL WEATHER SERVICE BIRMINGHAM, AL
440 AM CDT MON JUL 28 2014


...................................

...THE MONTGOMERY CLIMATE SUMMARY FOR JULY 27 2014...

CLIMATE NORMAL PERIOD 1981 TO 2010
CLIMATE RECORD PERIOD 1872 TO 2014


WEATHER ITEM   OBSERVED TIME   RECORD YEAR NORMAL DEPARTURE LAST
                VALUE   (LST)  VALUE       VALUE  FROM      YEAR
                                                  NORMAL
..................................................................
TEMPERATURE (F)
 YESTERDAY
  MAXIMUM         97    244 PM 101    1987  92      5       83
  MINIMUM         75    445 AM  62    1911  72      3       71
  AVERAGE         86                        82      4       77

PRECIPITATION (IN)
  YESTERDAY        0.00          2.14 1887   0.15  -0.15      T
  MONTH TO DATE    2.28                      4.66  -2.38     8.26
  SINCE JUN 1      7.45                      8.73  -1.28    12.11
  SINCE JAN 1     36.34                     32.17   4.17    37.82

DEGREE DAYS
 COOLING
  YESTERDAY       21                        17      4       12
  MONTH TO DATE  454                       453      1      406
  SINCE JUN 1    926                       872     54      897
  SINCE JAN 1   1292                      1211     81     1256
..................................................................


WIND (MPH)
  HIGHEST WIND SPEED    13   HIGHEST WIND DIRECTION     W (270)
  HIGHEST GUST SPEED    16   HIGHEST GUST DIRECTION     W (260)
  AVERAGE WIND SPEED     5.0


SKY COVER
  AVERAGE SKY COVER 0.1


WEATHER CONDITIONS
 THE FOLLOWING WEATHER WAS RECORDED YESTERDAY.
  FOG
  HAZE


RELATIVE HUMIDITY (PERCENT)
 HIGHEST    94           300 AM
 LOWEST     45           100 PM
 AVERAGE    70

..........................................................


THE MONTGOMERY CLIMATE NORMALS FOR TODAY
                         NORMAL    RECORD    YEAR
 MAXIMUM TEMPERATURE (F)   92       102      1952
 MINIMUM TEMPERATURE (F)   72        63      1911


SUNRISE AND SUNSET
JULY 28 2014..........SUNRISE   558 AM CDT   SUNSET   746 PM CDT
JULY 29 2014..........SUNRISE   558 AM CDT   SUNSET   745 PM CDT


-  INDICATES NEGATIVE NUMBERS.
R  INDICATES RECORD WAS SET OR TIED.
MM INDICATES DATA IS MISSING.
T  INDICATES TRACE AMOUNT.




$$




770
CDUS44 KBMX 280942
CLIBHM


CLIMATE REPORT
NATIONAL WEATHER SERVICE BIRMINGHAM, AL
440 AM CDT MON JUL 28 2014


...................................

...THE BIRMINGHAM CLIMATE SUMMARY FOR JULY 27 2014...

CLIMATE NORMAL PERIOD 1981 TO 2010
CLIMATE RECORD PERIOD 1895 TO 2014


WEATHER ITEM   OBSERVED TIME   RECORD YEAR NORMAL DEPARTURE LAST
                VALUE   (LST)  VALUE       VALUE  FROM      YEAR
                                                  NORMAL
..................................................................
TEMPERATURE (F)
 YESTERDAY
  MAXIMUM         97    254 PM 102    1952  91      6       85
  MINIMUM         73    529 AM  59    1911  72      1       70
  AVERAGE         85                        81      4       78

PRECIPITATION (IN)
  YESTERDAY        0.00          5.47 1985   0.14  -0.14      T
  MONTH TO DATE    0.92                      4.22  -3.30     7.84
  SINCE JUN 1      5.73                      8.60  -2.87    16.50
  SINCE JAN 1     28.59                     32.57  -3.98    47.01

DEGREE DAYS
 COOLING
  YESTERDAY       20                        16      4       13
  MONTH TO DATE  390                       429    -39      358
  SINCE JUN 1    796                       811    -15      779
  SINCE JAN 1   1089                      1093     -4     1044
..................................................................


WIND (MPH)
  HIGHEST WIND SPEED    20   HIGHEST WIND DIRECTION     W (260)
  HIGHEST GUST SPEED    25   HIGHEST GUST DIRECTION     W (260)
  AVERAGE WIND SPEED     8.3


SKY COVER
  AVERAGE SKY COVER 0.4


WEATHER CONDITIONS
 THE FOLLOWING WEATHER WAS RECORDED YESTERDAY.
  NO SIGNIFICANT WEATHER WAS OBSERVED.


RELATIVE HUMIDITY (PERCENT)
 HIGHEST    87           300 AM
 LOWEST     39           400 PM
 AVERAGE    63

..........................................................


THE BIRMINGHAM CLIMATE NORMALS FOR TODAY
                         NORMAL    RECORD    YEAR
 MAXIMUM TEMPERATURE (F)   91       105      1952
 MINIMUM TEMPERATURE (F)   72        60      1911


SUNRISE AND SUNSET
JULY 28 2014..........SUNRISE   556 AM CDT   SUNSET   750 PM CDT
JULY 29 2014..........SUNRISE   557 AM CDT   SUNSET   749 PM CDT


-  INDICATES NEGATIVE NUMBERS.
R  INDICATES RECORD WAS SET OR TIED.
MM INDICATES DATA IS MISSING.
T  INDICATES TRACE AMOUNT.




$$




776
CDUS44 KBMX 280942
CLITOI


CLIMATE REPORT
NATIONAL WEATHER SERVICE BIRMINGHAM, AL
440 AM CDT MON JUL 28 2014


...................................

...THE TROY CLIMATE SUMMARY FOR JULY 27 2014...

CLIMATE NORMAL PERIOD 1981 TO 2010
CLIMATE RECORD PERIOD 9999 TO 9999


WEATHER ITEM   OBSERVED TIME   RECORD YEAR NORMAL DEPARTURE LAST
                VALUE   (LST)  VALUE       VALUE  FROM      YEAR
                                                  NORMAL
..................................................................
TEMPERATURE (F)
 YESTERDAY
  MAXIMUM         97    117 PM  MM      MM  92      5       88
  MINIMUM         73    204 AM  MM      MM  70      3       70
  AVERAGE         85                        81      4       79

PRECIPITATION (IN)
  YESTERDAY        0.00                      0.19  -0.19     0.66
  MONTH TO DATE    2.09                      4.98  -2.89    11.39
  SINCE JUN 1      4.88                      9.81  -4.93    17.34
  SINCE JAN 1     34.94                     32.64   2.30    40.50

DEGREE DAYS
 COOLING
  YESTERDAY       20                        16      4       14
  MONTH TO DATE  413                       425    -12      382
  SINCE JUN 1    846                       813     33      827
  SINCE JAN 1   1168                      1100     68     1119
..................................................................


WIND (MPH)
  HIGHEST WIND SPEED    13   HIGHEST WIND DIRECTION     W (270)
  HIGHEST GUST SPEED    18   HIGHEST GUST DIRECTION     W (260)
  AVERAGE WIND SPEED     3.8


SKY COVER
  AVERAGE SKY COVER 0.2


WEATHER CONDITIONS
 THE FOLLOWING WEATHER WAS RECORDED YESTERDAY.
  FOG
  FOG W/VISIBILITY <= 1/4 MILE
  HAZE


RELATIVE HUMIDITY (PERCENT)
 HIGHEST    94          1200 AM
 LOWEST     43           100 PM
 AVERAGE    69

..........................................................


THE TROY CLIMATE NORMALS FOR TODAY
                         NORMAL    RECORD    YEAR
 MAXIMUM TEMPERATURE (F)   92        MM        MM
 MINIMUM TEMPERATURE (F)   70        MM        MM


SUNRISE AND SUNSET
JULY 28 2014..........SUNRISE   557 AM CDT   SUNSET   744 PM CDT
JULY 29 2014..........SUNRISE   558 AM CDT   SUNSET   743 PM CDT


-  INDICATES NEGATIVE NUMBERS.
R  INDICATES RECORD WAS SET OR TIED.
MM INDICATES DATA IS MISSING.
T  INDICATES TRACE AMOUNT.




$$




771
CDUS44 KBMX 280942
CLIAUO


CLIMATE REPORT
NATIONAL WEATHER SERVICE BIRMINGHAM, AL
440 AM CDT MON JUL 28 2014


...................................

...THE AUBURN    AWOS CLIMATE SUMMARY FOR JULY 27 2014...

CLIMATE NORMAL PERIOD 9999 TO 9999
CLIMATE RECORD PERIOD 9999 TO 9999


WEATHER ITEM   OBSERVED TIME   RECORD YEAR NORMAL DEPARTURE LAST
                VALUE   (LST)  VALUE       VALUE  FROM      YEAR
                                                  NORMAL
..................................................................
TEMPERATURE (F)
 YESTERDAY
  MAXIMUM         90        MM  MM      MM  MM     MM       81
  MINIMUM         72        MM  MM      MM  MM     MM       70
  AVERAGE         81                        MM     MM       76

PRECIPITATION (IN)
  YESTERDAY        0.00                     MM     MM        0.00
  MONTH TO DATE    2.76                     MM     MM        6.05
  SINCE JUN 1      5.73                     MM     MM        8.72
  SINCE JAN 1     31.17                     MM     MM       30.27

DEGREE DAYS
 COOLING
  YESTERDAY       16                        MM     MM       11
  MONTH TO DATE  331                        MM     MM      287
  SINCE JUN 1    677                        MM     MM      641
  SINCE JAN 1    893                        MM     MM      891
..................................................................


WIND (MPH)
  HIGHEST WIND SPEED    13   HIGHEST WIND DIRECTION     W (250)
  HIGHEST GUST SPEED    17   HIGHEST GUST DIRECTION     W (270)
  AVERAGE WIND SPEED     6.6



WEATHER CONDITIONS
 THE FOLLOWING WEATHER WAS RECORDED YESTERDAY.
  NO SIGNIFICANT WEATHER WAS OBSERVED.


..........................................................


THE AUBURN    AWOS CLIMATE NORMALS FOR TODAY
                         NORMAL    RECORD    YEAR
 MAXIMUM TEMPERATURE (F)   MM        MM        MM
 MINIMUM TEMPERATURE (F)   MM        MM        MM


SUNRISE AND SUNSET
JULY 28 2014..........SUNRISE   554 AM CDT   SUNSET   743 PM CDT
JULY 29 2014..........SUNRISE   554 AM CDT   SUNSET   742 PM CDT


-  INDICATES NEGATIVE NUMBERS.
R  INDICATES RECORD WAS SET OR TIED.
MM INDICATES DATA IS MISSING.
T  INDICATES TRACE AMOUNT.




$$




National Weather Service
Disclaimer
Last Modified: August 31, 2005
Privacy Policy