636
CDUS46 KPQR 280222
CLIEUG


CLIMATE REPORT
NATIONAL WEATHER SERVICE PORTLAND OREGON
621 PM PST THU NOV 27 2014


...................................

...THE EUGENE OR CLIMATE SUMMARY FOR NOVEMBER 27 2014...
VALID TODAY AS OF 0600 PM LOCAL TIME.

CLIMATE NORMAL PERIOD 1981 TO 2010
CLIMATE RECORD PERIOD 1892 TO 2014


WEATHER ITEM   OBSERVED TIME   RECORD YEAR NORMAL DEPARTURE LAST
                VALUE   (LST)  VALUE       VALUE  FROM      YEAR
                                                  NORMAL
..................................................................
TEMPERATURE (F)
 TODAY
  MAXIMUM         54    414 PM  66    1955  49      5       48
  MINIMUM         51    308 AM  17    1952  36     15       28
  AVERAGE         53                        42     11       38

PRECIPITATION (IN)
  TODAY            0.20          2.42 1986   0.30  -0.10     0.00
  MONTH TO DATE    4.66                      6.80  -2.14     2.12
  SINCE OCT 1      9.36                     10.05  -0.69     2.70
  SINCE JAN 1     33.61                     37.35  -3.74    19.70

SNOWFALL (IN)
  TODAY            0.0
  MONTH TO DATE    0.0
  SINCE SEP 1      0.0
  SINCE JUL 1      0.0

DEGREE DAYS
 HEATING
  TODAY           12                        23    -11       27
  MONTH TO DATE  522                       533    -11      537
  SINCE SEP 1    736                      1036   -300     1080
  SINCE JUL 1    743                      1103   -360     1098

 COOLING
  TODAY            0                         0      0        0
  MONTH TO DATE    0                         0      0        0
  SINCE SEP 1     67                        31     36       63
  SINCE JAN 1    475                       239    236      411
..................................................................


WIND (MPH)
  HIGHEST WIND SPEED    15   HIGHEST WIND DIRECTION     S (180)
  HIGHEST GUST SPEED    19   HIGHEST GUST DIRECTION     S (180)
  AVERAGE WIND SPEED     4.2


SKY COVER
  POSSIBLE SUNSHINE  MM
  AVERAGE SKY COVER 1.0


WEATHER CONDITIONS
 THE FOLLOWING WEATHER WAS RECORDED TODAY.
  LIGHT RAIN
  FOG


RELATIVE HUMIDITY (PERCENT)
 HIGHEST    93          1000 AM
 LOWEST     83           100 AM
 AVERAGE    88

..........................................................


THE EUGENE OR CLIMATE NORMALS FOR TOMORROW
                         NORMAL    RECORD    YEAR
 MAXIMUM TEMPERATURE (F)   48        68      1912
 MINIMUM TEMPERATURE (F)   36        15      1952


SUNRISE AND SUNSET
NOVEMBER 27 2014......SUNRISE   723 AM PST   SUNSET   437 PM PST
NOVEMBER 28 2014......SUNRISE   725 AM PST   SUNSET   437 PM PST


-  INDICATES NEGATIVE NUMBERS.
R  INDICATES RECORD WAS SET OR TIED.
MM INDICATES DATA IS MISSING.
T  INDICATES TRACE AMOUNT.




$$




633
CDUS46 KPQR 280222
CLIAST


CLIMATE REPORT
NATIONAL WEATHER SERVICE PORTLAND OREGON
621 PM PST THU NOV 27 2014


...................................

...THE ASTORIA OR CLIMATE SUMMARY FOR NOVEMBER 27 2014...
VALID TODAY AS OF 0600 PM LOCAL TIME.

CLIMATE NORMAL PERIOD 1981 TO 2010
CLIMATE RECORD PERIOD 1892 TO 2014


WEATHER ITEM   OBSERVED TIME   RECORD YEAR NORMAL DEPARTURE LAST
                VALUE   (LST)  VALUE       VALUE  FROM      YEAR
                                                  NORMAL
..................................................................
TEMPERATURE (F)
 TODAY
  MAXIMUM         58    803 AM  63    2002  51      7       59
  MINIMUM         55   1002 AM  19    1896  38     17       39
  AVERAGE         57                        44     13       49

PRECIPITATION (IN)
  TODAY            0.51          3.68 1995   0.39   0.12     0.01
  MONTH TO DATE    5.95                      9.95  -4.00     4.78
  SINCE OCT 1     14.56                     15.93  -1.37     6.83
  SINCE JAN 1     61.81                     56.17   5.64    53.88

DEGREE DAYS
 HEATING
  TODAY            8                        20    -12       16
  MONTH TO DATE  455                       482    -27      473
  SINCE SEP 1    751                      1068   -317     1043
  SINCE JUL 1    909                      1349   -440     1290

 COOLING
  TODAY            0                         0      0        0
  MONTH TO DATE    0                         0      0        0
  SINCE SEP 1     20                         5     15        3
  SINCE JAN 1     45                        12     33        9
..................................................................


WIND (MPH)
  HIGHEST WIND SPEED    26   HIGHEST WIND DIRECTION     S (190)
  HIGHEST GUST SPEED    42   HIGHEST GUST DIRECTION    SW (210)
  AVERAGE WIND SPEED    17.0


SKY COVER
  POSSIBLE SUNSHINE  MM
  AVERAGE SKY COVER 1.0


WEATHER CONDITIONS
 THE FOLLOWING WEATHER WAS RECORDED TODAY.
  HEAVY RAIN
  LIGHT RAIN
  FOG


RELATIVE HUMIDITY (PERCENT)
 HIGHEST    93           200 AM
 LOWEST     86          1200 AM
 AVERAGE    90

..........................................................


THE ASTORIA OR CLIMATE NORMALS FOR TOMORROW
                         NORMAL    RECORD    YEAR
 MAXIMUM TEMPERATURE (F)   51        68      1907
 MINIMUM TEMPERATURE (F)   38        22      1896


SUNRISE AND SUNSET
NOVEMBER 27 2014......SUNRISE   733 AM PST   SUNSET   433 PM PST
NOVEMBER 28 2014......SUNRISE   734 AM PST   SUNSET   433 PM PST


-  INDICATES NEGATIVE NUMBERS.
R  INDICATES RECORD WAS SET OR TIED.
MM INDICATES DATA IS MISSING.
T  INDICATES TRACE AMOUNT.




$$




634
CDUS46 KPQR 280222
CLIVUO


CLIMATE REPORT
NATIONAL WEATHER SERVICE PORTLAND OREGON
621 PM PST THU NOV 27 2014


...................................

...THE VANCOUVER WA CLIMATE SUMMARY FOR NOVEMBER 27 2014...
VALID TODAY AS OF 0600 PM LOCAL TIME.

CLIMATE NORMAL PERIOD 1981 TO 2010
CLIMATE RECORD PERIOD 1891 TO 2014


WEATHER ITEM   OBSERVED TIME   RECORD YEAR NORMAL DEPARTURE LAST
                VALUE   (LST)  VALUE       VALUE  FROM      YEAR
                                                  NORMAL
..................................................................
TEMPERATURE (F)
 TODAY
  MAXIMUM         59    214 AM  61    1903  50      9       50
  MINIMUM         54    400 PM  18    1896  38     16       29
  AVERAGE         57                        44     13       40

PRECIPITATION (IN)
  TODAY            0.03                      0.21  -0.18     0.00
  MONTH TO DATE    2.18                      5.21  -3.03     2.68
  SINCE OCT 1      8.21                      8.28  -0.07     3.80
  SINCE JAN 1     31.65                     31.67  -0.02    24.87

DEGREE DAYS
 HEATING
  TODAY            8                                        25
  MONTH TO DATE  513                                       531
  SINCE SEP 1    727                                      1012
  SINCE JUL 1    730                                      1025

 COOLING
  TODAY            0                                         0
  MONTH TO DATE    0                                         0
  SINCE SEP 1     79                                        74
  SINCE JAN 1    531                                       450
..................................................................


WIND (MPH)
  HIGHEST WIND SPEED    16   HIGHEST WIND DIRECTION     S (180)
  HIGHEST GUST SPEED    25   HIGHEST GUST DIRECTION     S (170)
  AVERAGE WIND SPEED     8.5


SKY COVER
  POSSIBLE SUNSHINE  MM
  AVERAGE SKY COVER 1.0


WEATHER CONDITIONS
 THE FOLLOWING WEATHER WAS RECORDED TODAY.
  LIGHT RAIN


RELATIVE HUMIDITY (PERCENT)
 HIGHEST    83           400 PM
 LOWEST     62          1200 AM
 AVERAGE    73

..........................................................


THE VANCOUVER WA CLIMATE NORMALS FOR TOMORROW
                         NORMAL    RECORD    YEAR
 MAXIMUM TEMPERATURE (F)   50        59      1907
 MINIMUM TEMPERATURE (F)   37         6      1896


SUNRISE AND SUNSET
NOVEMBER 27 2014......SUNRISE   726 AM PST   SUNSET   430 PM PST
NOVEMBER 28 2014......SUNRISE   727 AM PST   SUNSET   430 PM PST


-  INDICATES NEGATIVE NUMBERS.
R  INDICATES RECORD WAS SET OR TIED.
MM INDICATES DATA IS MISSING.
T  INDICATES TRACE AMOUNT.




$$




National Weather Service
Disclaimer
Last Modified: August 31, 2005
Privacy Policy