824
CDUS45 KCYS 210741
CLIDGW


CLIMATE REPORT
NATIONAL WEATHER SERVICE CHEYENNE WY
131 AM MDT MON APR 21 2014


...................................

...THE DOUGLAS WY AIRPORT CLIMATE SUMMARY FOR APRIL 20 2014...

CLIMATE NORMAL PERIOD 1981 TO 2010
CLIMATE RECORD PERIOD 1998 TO 2014


WEATHER ITEM   OBSERVED TIME   RECORD YEAR NORMAL DEPARTURE LAST
                VALUE   (LST)  VALUE       VALUE  FROM      YEAR
                                                  NORMAL
..................................................................
TEMPERATURE (F)
 YESTERDAY
  MAXIMUM         72R   214 PM  72    2012  59     13       55
  MINIMUM         35    510 AM  20    2011  31      4       36
  AVERAGE         54                        45      9       46

PRECIPITATION (IN)
  YESTERDAY        0.00          0.38 2005   0.06  -0.06     0.05
  MONTH TO DATE    0.72                      0.89  -0.17     1.78
  SINCE JAN 1      2.96                      2.53   0.43     2.75

DEGREE DAYS
 HEATING
  YESTERDAY       11                        20     -9       19
  MONTH TO DATE  444                       453     -9      601
  SINCE MAR 1   1336                      1371    -35     1514
  SINCE JUL 1   6926                      6771    155     6545

 COOLING
  YESTERDAY        0                         0      0        0
  MONTH TO DATE    0                         0      0        0
  SINCE MAR 1      0                         0      0        0
  SINCE JAN 1      0                         0      0        0
..................................................................


WIND (MPH)
  HIGHEST WIND SPEED    25   HIGHEST WIND DIRECTION     W (280)
  HIGHEST GUST SPEED    29   HIGHEST GUST DIRECTION     W (280)
  AVERAGE WIND SPEED    10.1


SKY COVER
  AVERAGE SKY COVER 0.1


WEATHER CONDITIONS
 THE FOLLOWING WEATHER WAS RECORDED YESTERDAY.
  NO SIGNIFICANT WEATHER WAS OBSERVED.


RELATIVE HUMIDITY (PERCENT)
 HIGHEST    85           400 AM
 LOWEST     19          1200 PM
 AVERAGE    52

..........................................................


THE DOUGLAS WY AIRPORT CLIMATE NORMALS FOR TODAY
                         NORMAL    RECORD    YEAR
 MAXIMUM TEMPERATURE (F)   59        74      2009
 MINIMUM TEMPERATURE (F)   31        17      2008


SUNRISE AND SUNSET
APRIL 21 2014.........SUNRISE   610 AM MDT   SUNSET   751 PM MDT
APRIL 22 2014.........SUNRISE   609 AM MDT   SUNSET   752 PM MDT


-  INDICATES NEGATIVE NUMBERS.
R  INDICATES RECORD WAS SET OR TIED.
MM INDICATES DATA IS MISSING.
T  INDICATES TRACE AMOUNT.




$$




825
CDUS45 KCYS 210741
CLICYS


CLIMATE REPORT
NATIONAL WEATHER SERVICE CHEYENNE WY
131 AM MDT MON APR 21 2014


...................................

...THE CHEYENNE WYOMING CLIMATE SUMMARY FOR APRIL 20 2014...

CLIMATE NORMAL PERIOD 1981 TO 2010
CLIMATE RECORD PERIOD 1871 TO 2014


WEATHER ITEM   OBSERVED TIME   RECORD YEAR NORMAL DEPARTURE LAST
                VALUE   (LST)  VALUE       VALUE  FROM      YEAR
                                                  NORMAL
..................................................................
TEMPERATURE (F)
 YESTERDAY
  MAXIMUM         69    255 PM  77    1910  56     13       46
  MINIMUM         37    447 AM  -2    1966  32      5       28
  AVERAGE         53                        44      9       37

PRECIPITATION (IN)
  YESTERDAY        T             1.61 1933   0.07  -0.07      T
  MONTH TO DATE    0.64                      1.10  -0.46     1.87
  SINCE JAN 1      3.70                      2.95   0.75     3.38

SNOWFALL (IN)
  YESTERDAY        0.0          17.3  1984   0.4   -0.4      0.0
  MONTH TO DATE    6.1                       7.7   -1.6     27.9
  SINCE JUL 1     77.6                      55.5   22.1     73.1
  SNOW DEPTH       0

DEGREE DAYS
 HEATING
  YESTERDAY       12                        21     -9       28
  MONTH TO DATE  438                       473    -35      641
  SINCE MAR 1   1311                      1374    -63     1571
  SINCE JUL 1   6515                      6393    122     6504

 COOLING
  YESTERDAY        0                         0      0        0
  MONTH TO DATE    0                         0      0        0
  SINCE MAR 1      0                         0      0        0
  SINCE JAN 1      0                         0      0        0
..................................................................


WIND (MPH)
  HIGHEST WIND SPEED    30   HIGHEST WIND DIRECTION    NW (310)
  HIGHEST GUST SPEED    43   HIGHEST GUST DIRECTION    NW (320)
  AVERAGE WIND SPEED    11.4


SKY COVER
  AVERAGE SKY COVER 0.2


WEATHER CONDITIONS
 THE FOLLOWING WEATHER WAS RECORDED YESTERDAY.
  NO SIGNIFICANT WEATHER WAS OBSERVED.


RELATIVE HUMIDITY (PERCENT)
 HIGHEST    82           500 AM
 LOWEST     17           100 PM
 AVERAGE    50

..........................................................


THE CHEYENNE WYOMING CLIMATE NORMALS FOR TODAY
                         NORMAL    RECORD    YEAR
 MAXIMUM TEMPERATURE (F)   57        82      1960
 MINIMUM TEMPERATURE (F)   32        12      1905


SUNRISE AND SUNSET
APRIL 21 2014.........SUNRISE   611 AM MDT   SUNSET   746 PM MDT
APRIL 22 2014.........SUNRISE   609 AM MDT   SUNSET   747 PM MDT


-  INDICATES NEGATIVE NUMBERS.
R  INDICATES RECORD WAS SET OR TIED.
MM INDICATES DATA IS MISSING.
T  INDICATES TRACE AMOUNT.




$$




National Weather Service
Disclaimer
Last Modified: August 31, 2005
Privacy Policy