533
CDUS46 KLOX 230112
CLISMX


CLIMATE REPORT
NATIONAL WEATHER SERVICE LOS ANGELES/OXNARD CA
612 PM PDT WED OCT 22 2014


...................................

...THE SANTA MARIA AIRPORT CA CLIMATE SUMMARY FOR OCTOBER 22 2014...
VALID TODAY AS OF 0600 PM LOCAL TIME.

CLIMATE NORMAL PERIOD 1981 TO 2010
CLIMATE RECORD PERIOD 1906 TO 2014


WEATHER ITEM   OBSERVED TIME   RECORD YEAR NORMAL DEPARTURE LAST
                VALUE   (LST)  VALUE       VALUE  FROM      YEAR
                                                  NORMAL
..................................................................
TEMPERATURE (F)
 TODAY
  MAXIMUM         81    230 PM 101    1929  73      8       67
  MINIMUM         65    641 AM  35    1949  48     17       48
  AVERAGE         73                        60     13       58

PRECIPITATION (IN)
  TODAY            0.00          2.80 1907   0.02  -0.02     0.00
  MONTH TO DATE    T                         0.32  -0.32     0.01
  SINCE JUL 1      T                         0.51  -0.51     0.02
  SINCE JAN 1      4.01                     10.22  -6.21     2.51

SNOWFALL (IN)
  TODAY            0.0
  MONTH TO DATE    0.0
  SINCE SEP 1      0.0
  SINCE JUL 1      0.0

DEGREE DAYS
 HEATING
  TODAY            0                         5     -5
  MONTH TO DATE    2                        95    -93
  SINCE SEP 1      3                       176   -173
  SINCE JUL 1      3                       312   -309

 COOLING
  TODAY            8                         0      8
  MONTH TO DATE  113                        21     92
  SINCE SEP 1    205                        48    157
  SINCE JAN 1    550                       103    447
..................................................................


WIND (MPH)
  HIGHEST WIND SPEED    22   HIGHEST WIND DIRECTION     W (290)
  HIGHEST GUST SPEED    MM   HIGHEST GUST DIRECTION    NE (30)
  AVERAGE WIND SPEED    12.3


SKY COVER
  POSSIBLE SUNSHINE  MM
  AVERAGE SKY COVER 0.2


WEATHER CONDITIONS
 THE FOLLOWING WEATHER WAS RECORDED TODAY.
  HAZE


RELATIVE HUMIDITY (PERCENT)
 HIGHEST    44           500 PM
 LOWEST     28          1000 AM
 AVERAGE    36

..........................................................


THE SANTA MARIA AIRPORT CA CLIMATE NORMALS FOR TOMORROW
                         NORMAL    RECORD    YEAR
 MAXIMUM TEMPERATURE (F)   73        98      1965
 MINIMUM TEMPERATURE (F)   48        36      1961


SUNRISE AND SUNSET
OCTOBER 22 2014.......SUNRISE   714 AM PDT   SUNSET   618 PM PDT
OCTOBER 23 2014.......SUNRISE   715 AM PDT   SUNSET   617 PM PDT


-  INDICATES NEGATIVE NUMBERS.
R  INDICATES RECORD WAS SET OR TIED.
MM INDICATES DATA IS MISSING.
T  INDICATES TRACE AMOUNT.




$$




530
CDUS46 KLOX 230112
CLIBUR


CLIMATE REPORT
NATIONAL WEATHER SERVICE LOS ANGELES/OXNARD CA
612 PM PDT WED OCT 22 2014


...................................

...THE BOB HOPE AIRPORT (BURBANK) CA CLIMATE SUMMARY FOR OCTOBER 22 2014...
VALID TODAY AS OF 0600 PM LOCAL TIME.

CLIMATE NORMAL PERIOD 1981 TO 2010
CLIMATE RECORD PERIOD 1939 TO 2014


WEATHER ITEM   OBSERVED TIME   RECORD YEAR NORMAL DEPARTURE LAST
                VALUE   (LST)  VALUE       VALUE  FROM      YEAR
                                                  NORMAL
..................................................................
TEMPERATURE (F)
 TODAY
  MAXIMUM         88    157 PM  99    2003  79      9       83
                                      1965
  MINIMUM         57    623 AM  42    1996  53      4       54
  AVERAGE         73                        66      7       69

PRECIPITATION (IN)
  TODAY            0.00          1.01 1987   0.03  -0.03     0.00
  MONTH TO DATE    0.00                      0.63  -0.63     0.10
  SINCE JUL 1      0.04                      0.95  -0.91     0.11
  SINCE JAN 1      4.95                     13.50  -8.55     2.71

SNOWFALL (IN)
  TODAY            0.0
  MONTH TO DATE    0.0
  SINCE SEP 1      0.0
  SINCE JUL 1      0.0

DEGREE DAYS
 HEATING
  TODAY            0                         2     -2        0
  MONTH TO DATE    0                        25    -25       13
  SINCE SEP 1      0                        31    -31       13
  SINCE JUL 1      0                        31    -31       13

 COOLING
  TODAY            8                         2      6        4
  MONTH TO DATE  171                        84     87      119
  SINCE SEP 1    567                       333    234      520
  SINCE JAN 1   1867                      1215    652     1949
..................................................................


WIND (MPH)
  HIGHEST WIND SPEED    12   HIGHEST WIND DIRECTION     S (200)
  HIGHEST GUST SPEED    21   HIGHEST GUST DIRECTION    SW (220)
  AVERAGE WIND SPEED     1.9


SKY COVER
  POSSIBLE SUNSHINE  MM
  AVERAGE SKY COVER 0.0


WEATHER CONDITIONS
 THE FOLLOWING WEATHER WAS RECORDED TODAY.
  NO SIGNIFICANT WEATHER WAS OBSERVED.


RELATIVE HUMIDITY (PERCENT)
 HIGHEST    72           200 AM
 LOWEST     16           200 PM
 AVERAGE    44

..........................................................


THE BOB HOPE AIRPORT (BURBANK) CA CLIMATE NORMALS FOR TOMORROW
                         NORMAL    RECORD    YEAR
 MAXIMUM TEMPERATURE (F)   79        98      1965
 MINIMUM TEMPERATURE (F)   52        42      1943


SUNRISE AND SUNSET
OCTOBER 22 2014.......SUNRISE   705 AM PDT   SUNSET   611 PM PDT
OCTOBER 23 2014.......SUNRISE   705 AM PDT   SUNSET   610 PM PDT


-  INDICATES NEGATIVE NUMBERS.
R  INDICATES RECORD WAS SET OR TIED.
MM INDICATES DATA IS MISSING.
T  INDICATES TRACE AMOUNT.




$$




526
CDUS46 KLOX 230112
CLIPMD


CLIMATE REPORT
NATIONAL WEATHER SERVICE LOS ANGELES/OXNARD CA
612 PM PDT WED OCT 22 2014


...................................

...THE PALMDALE AIRPORT CA CLIMATE SUMMARY FOR OCTOBER 22 2014...
VALID TODAY AS OF 0600 PM LOCAL TIME.

CLIMATE NORMAL PERIOD 1981 TO 2010
CLIMATE RECORD PERIOD 1931 TO 2014


WEATHER ITEM   OBSERVED TIME   RECORD YEAR NORMAL DEPARTURE LAST
                VALUE   (LST)  VALUE       VALUE  FROM      YEAR
                                                  NORMAL
..................................................................
TEMPERATURE (F)
 TODAY
  MAXIMUM         81    241 PM  95    2003  76      5       83
  MINIMUM         45    513 AM  30    1935  46     -1       44
  AVERAGE         63                        61      2       64

PRECIPITATION (IN)
  TODAY            0.00          0.41 1941   0.03  -0.03     0.00
  MONTH TO DATE    0.00                      0.39  -0.39     0.08
  SINCE JUL 1      0.16                      0.92  -0.76     0.21
  SINCE JAN 1      3.21                      6.24  -3.03     1.07

SNOWFALL (IN)
  TODAY            0.0           0.0  1973  MM               0.0
  MONTH TO DATE    0.0                      MM               0.0
  SINCE SEP 1      0.0                      MM               0.0
  SINCE JUL 1      0.0                      MM               0.0
  SNOW DEPTH       0

DEGREE DAYS
 HEATING
  TODAY            2                         5     -3        1
  MONTH TO DATE    4                        59    -55       96
  SINCE SEP 1      5                        71    -66      110
  SINCE JUL 1      5                        71    -66      110

 COOLING
  TODAY            0                         1     -1        0
  MONTH TO DATE  111                        54     57       10
  SINCE SEP 1    499                       329    170      359
  SINCE JAN 1   2212                      1811    401     2124
..................................................................


WIND (MPH)
  HIGHEST WIND SPEED    10   HIGHEST WIND DIRECTION     S (180)
  HIGHEST GUST SPEED    12   HIGHEST GUST DIRECTION    NE (40)
  AVERAGE WIND SPEED     3.3


SKY COVER
  POSSIBLE SUNSHINE  MM
  AVERAGE SKY COVER 0.0


WEATHER CONDITIONS
 THE FOLLOWING WEATHER WAS RECORDED TODAY.
  HAZE


RELATIVE HUMIDITY (PERCENT)
 HIGHEST    60           500 AM
 LOWEST     16           300 PM
 AVERAGE    38

..........................................................


THE PALMDALE AIRPORT CA CLIMATE NORMALS FOR TOMORROW
                         NORMAL    RECORD    YEAR
 MAXIMUM TEMPERATURE (F)   76        92      1959
 MINIMUM TEMPERATURE (F)   46        30      1953


SUNRISE AND SUNSET
OCTOBER 22 2014.......SUNRISE   704 AM PDT   SUNSET   609 PM PDT
OCTOBER 23 2014.......SUNRISE   705 AM PDT   SUNSET   608 PM PDT


-  INDICATES NEGATIVE NUMBERS.
R  INDICATES RECORD WAS SET OR TIED.
MM INDICATES DATA IS MISSING.
T  INDICATES TRACE AMOUNT.




$$




National Weather Service
Disclaimer
Last Modified: August 31, 2005
Privacy Policy