667
CDUS41 KLWX 231826
CLIDMH


CLIMATE REPORT
NATIONAL WEATHER SERVICE BALTIMORE MD/WASHINGTON DC
216 PM EDT WED JUL 23 2014


...................................

...THE BALTIMORE INNER HARBOR MD CLIMATE SUMMARY FOR JULY 22 2014...

CLIMATE NORMAL PERIOD 1981 TO 2010
CLIMATE RECORD PERIOD 9999 TO 9999


WEATHER ITEM   OBSERVED TIME   RECORD YEAR NORMAL DEPARTURE LAST
                VALUE   (LST)  VALUE       VALUE  FROM      YEAR
                                                  NORMAL
..................................................................
TEMPERATURE (F)
 YESTERDAY
  MAXIMUM         87        MM  MM      MM  89     -2       91
  MINIMUM         73        MM  MM      MM  73      0       76
  AVERAGE         80                        81     -1       84

PRECIPITATION (IN)
  YESTERDAY        0.00         MM      MM   0.15  -0.15     0.11
  MONTH TO DATE    3.06                      3.34  -0.28     3.30
  SINCE JUN 1      9.83                      6.61   3.22    11.98
  SINCE JAN 1     32.88                     22.70  10.18    26.14

DEGREE DAYS
 HEATING
  YESTERDAY        0                         0      0        0
  MONTH TO DATE    0                         0      0        0
  SINCE JUN 1      0                         5     -5        0
  SINCE JUL 1      0                         0      0        0

 COOLING
  YESTERDAY       15                        16     -1       19
  MONTH TO DATE  312                       349    -37      446
  SINCE JUN 1    640                       686    -46      866
  SINCE JAN 1    770                       825    -55     1096
..................................................................


WIND (MPH)
  HIGHEST WIND SPEED    MM   HIGHEST WIND DIRECTION    MM
  HIGHEST GUST SPEED    MM   HIGHEST GUST DIRECTION    MM
  AVERAGE WIND SPEED    MM


SKY COVER
  POSSIBLE SUNSHINE  MM



RELATIVE HUMIDITY (PERCENT)
 HIGHEST    87           400 AM
 LOWEST     51           200 PM
 AVERAGE    69

..........................................................


THE BALTIMORE INNER HARBOR MD CLIMATE NORMALS FOR TODAY
                         NORMAL
 MAXIMUM TEMPERATURE (F)   89
 MINIMUM TEMPERATURE (F)   73


SUNRISE AND SUNSET
JULY 23 2014..........SUNRISE   559 AM EDT   SUNSET   827 PM EDT
JULY 24 2014..........SUNRISE   600 AM EDT   SUNSET   826 PM EDT


-  INDICATES NEGATIVE NUMBERS.
R  INDICATES RECORD WAS SET OR TIED.
MM INDICATES DATA IS MISSING.
T  INDICATES TRACE AMOUNT.




$$




665
CDUS41 KLWX 231826
CLIMRB


CLIMATE REPORT
NATIONAL WEATHER SERVICE BALTIMORE MD/WASHINGTON DC
216 PM EDT WED JUL 23 2014


...................................

...THE MARTINSBURG WV CLIMATE SUMMARY FOR JULY 22 2014...

CLIMATE NORMAL PERIOD 1981 TO 2010
CLIMATE RECORD PERIOD 1926 TO 2014


WEATHER ITEM   OBSERVED TIME   RECORD YEAR NORMAL DEPARTURE LAST
                VALUE   (LST)  VALUE       VALUE  FROM      YEAR
                                                  NORMAL
..................................................................
TEMPERATURE (F)
 YESTERDAY
  MAXIMUM         87    321 PM 106    1926  86      1       87
  MINIMUM         66    508 AM  48    1966  64      2       69
  AVERAGE         77                        75      2       78

PRECIPITATION (IN)
  YESTERDAY        0.00          2.33 1953   0.12  -0.12     0.78
  MONTH TO DATE    3.55                      2.56   0.99     2.64
  SINCE JUN 1      6.23                      6.32  -0.09     6.64
  SINCE JAN 1     21.10                     22.05  -0.95    17.90

DEGREE DAYS
 HEATING
  YESTERDAY        0                         0      0        0
  MONTH TO DATE    0                         0      0        0
  SINCE JUN 1      2                        24    -22        2
  SINCE JUL 1      0                         0      0        0

 COOLING
  YESTERDAY       12                        10      2       13
  MONTH TO DATE  236                       216     20      306
  SINCE JUN 1    472                       399     73      534
  SINCE JAN 1    553                       456     97      645
..................................................................


WIND (MPH)
  HIGHEST WIND SPEED    13   HIGHEST WIND DIRECTION     E (110)
  HIGHEST GUST SPEED    17   HIGHEST GUST DIRECTION     E (100)
  AVERAGE WIND SPEED     4.0


SKY COVER
  POSSIBLE SUNSHINE  MM
  AVERAGE SKY COVER 0.4


WEATHER CONDITIONS
 THE FOLLOWING WEATHER WAS RECORDED YESTERDAY.
  FOG
  FOG W/VISIBILITY <= 1/4 MILE
  HAZE


RELATIVE HUMIDITY (PERCENT)
 HIGHEST    90           100 AM
 LOWEST     55           100 PM
 AVERAGE    73

..........................................................


THE MARTINSBURG WV CLIMATE NORMALS FOR TODAY
                         NORMAL    RECORD    YEAR
 MAXIMUM TEMPERATURE (F)   86       106      1926
 MINIMUM TEMPERATURE (F)   64        51      1983


SUNRISE AND SUNSET
JULY 23 2014..........SUNRISE   604 AM EDT   SUNSET   832 PM EDT
JULY 24 2014..........SUNRISE   605 AM EDT   SUNSET   832 PM EDT


-  INDICATES NEGATIVE NUMBERS.
R  INDICATES RECORD WAS SET OR TIED.
MM INDICATES DATA IS MISSING.
T  INDICATES TRACE AMOUNT.




$$




666
CDUS41 KLWX 231826
CLIBWI


CLIMATE REPORT
NATIONAL WEATHER SERVICE BALTIMORE MD/WASHINGTON DC
216 PM EDT WED JUL 23 2014


...................................

...THE BALTIMORE MD CLIMATE SUMMARY FOR JULY 22 2014...

CLIMATE NORMAL PERIOD 1981 TO 2010
CLIMATE RECORD PERIOD 1870 TO 2014


WEATHER ITEM   OBSERVED TIME   RECORD YEAR NORMAL DEPARTURE LAST
                VALUE   (LST)  VALUE       VALUE  FROM      YEAR
                                                  NORMAL
..................................................................
TEMPERATURE (F)
 YESTERDAY
  MAXIMUM         85    413 PM 106    2011  87     -2       88
  MINIMUM         69    450 AM  53    1966  67      2       73
  AVERAGE         77                        77      0       81

PRECIPITATION (IN)
  YESTERDAY        0.00          3.99 1906   0.13  -0.13     0.07
  MONTH TO DATE    2.57                      2.85  -0.28     2.66
  SINCE JUN 1      6.52                      6.31   0.21    10.47
  SINCE JAN 1     30.14                     23.34   6.80    24.33

SNOWFALL (IN)
  YESTERDAY        0.0          MM      MM   0.0    0.0
  MONTH TO DATE    0.0                       0.0    0.0
  SINCE JUL 1      0.0                       0.0    0.0
  SNOW DEPTH       0

DEGREE DAYS
 HEATING
  YESTERDAY        0                         0      0        0
  MONTH TO DATE    0                         0      0        0
  SINCE JUN 1      2                        15    -13        0
  SINCE JUL 1      0                         0      0        0

 COOLING
  YESTERDAY       12                        12      0       16
  MONTH TO DATE  255                       262     -7      352
  SINCE JUN 1    511                       500     11      629
  SINCE JAN 1    596                       584     12      760
..................................................................


WIND (MPH)
  HIGHEST WIND SPEED    12   HIGHEST WIND DIRECTION    SE (130)
  HIGHEST GUST SPEED    15   HIGHEST GUST DIRECTION     S (160)
  AVERAGE WIND SPEED     4.0


SKY COVER
  POSSIBLE SUNSHINE  MM
  AVERAGE SKY COVER 0.6


WEATHER CONDITIONS
 THE FOLLOWING WEATHER WAS RECORDED YESTERDAY.
  NO SIGNIFICANT WEATHER WAS OBSERVED.


RELATIVE HUMIDITY (PERCENT)
 HIGHEST    97           300 AM
 LOWEST     55           300 PM
 AVERAGE    76

..........................................................


THE BALTIMORE MD CLIMATE NORMALS FOR TODAY
                         NORMAL    RECORD    YEAR
 MAXIMUM TEMPERATURE (F)   87       102      2011
                                             1991
 MINIMUM TEMPERATURE (F)   67        57      1977


SUNRISE AND SUNSET
JULY 23 2014..........SUNRISE   559 AM EDT   SUNSET   827 PM EDT
JULY 24 2014..........SUNRISE   600 AM EDT   SUNSET   826 PM EDT


-  INDICATES NEGATIVE NUMBERS.
R  INDICATES RECORD WAS SET OR TIED.
MM INDICATES DATA IS MISSING.
T  INDICATES TRACE AMOUNT.




$$




National Weather Service
Disclaimer
Last Modified: August 31, 2005
Privacy Policy