587
CDUS41 KBUF 201015
CLIROC


CLIMATE REPORT
NATIONAL WEATHER SERVICE BUFFALO NY
613 AM EDT SUN APR 20 2014


...................................

...THE ROCHESTER NY CLIMATE SUMMARY FOR APRIL 19 2014...

CLIMATE NORMAL PERIOD 1981 TO 2010
CLIMATE RECORD PERIOD 1871 TO 2014


WEATHER ITEM   OBSERVED TIME   RECORD YEAR NORMAL DEPARTURE LAST
                VALUE   (LST)  VALUE       VALUE  FROM      YEAR
                                                  NORMAL
..................................................................
TEMPERATURE (F)
 YESTERDAY
  MAXIMUM         50    515 PM  86    2008  58     -8       74
  MINIMUM         34    436 AM  20    1904  38     -4       42
  AVERAGE         42                        48     -6       58

PRECIPITATION (IN)
  YESTERDAY        0.00          1.91 1943   0.09  -0.09     0.02
  MONTH TO DATE    2.04                      1.79   0.25     2.49
  SINCE MAR 1      4.40                      4.29   0.11     3.34
  SINCE JAN 1      8.02                      8.65  -0.63     7.65

SNOWFALL (IN)
  YESTERDAY        0.0           3.5  1983   0.0    0.0      0.0
  MONTH TO DATE    0.3                       3.3   -3.0      2.3
  SINCE MAR 1     29.6                      19.6   10.0     14.2
  SINCE JUL 1    112.7                      98.5   14.2     78.1
  SNOW DEPTH       0

DEGREE DAYS
 HEATING
  YESTERDAY       23                        17      6        7
  MONTH TO DATE  386                       398    -12      381
  SINCE MAR 1   1534                      1350    184     1352
  SINCE JUL 1   6619                      6136    483     5660

 COOLING
  YESTERDAY        0                         0      0        0
  MONTH TO DATE    1                         0      1        0
  SINCE MAR 1      1                         0      1        0
  SINCE JAN 1      1                         0      1        0
..................................................................


WIND (MPH)
  HIGHEST WIND SPEED    16   HIGHEST WIND DIRECTION    NE (30)
  HIGHEST GUST SPEED    22   HIGHEST GUST DIRECTION     N (10)
  AVERAGE WIND SPEED     7.4


SKY COVER
  AVERAGE SKY COVER 0.2


WEATHER CONDITIONS
 THE FOLLOWING WEATHER WAS RECORDED YESTERDAY.
  NO SIGNIFICANT WEATHER WAS OBSERVED.


RELATIVE HUMIDITY (PERCENT)
 HIGHEST    83          1200 AM
 LOWEST     36           500 PM
 AVERAGE    60

..........................................................


THE ROCHESTER NY CLIMATE NORMALS FOR TODAY
                         NORMAL    RECORD    YEAR
 MAXIMUM TEMPERATURE (F)   58        86      1941
 MINIMUM TEMPERATURE (F)   38        20      1904
                                             1897


SUNRISE AND SUNSET
APRIL 20 2014.........SUNRISE   621 AM EDT   SUNSET   759 PM EDT
APRIL 21 2014.........SUNRISE   619 AM EDT   SUNSET   800 PM EDT


-  INDICATES NEGATIVE NUMBERS.
R  INDICATES RECORD WAS SET OR TIED.
MM INDICATES DATA IS MISSING.
T  INDICATES TRACE AMOUNT.




$$





National Weather Service
Disclaimer
Last Modified: August 31, 2005
Privacy Policy