572
CDUS42 KRAH 280605
CLIGSO


CLIMATE REPORT
NATIONAL WEATHER SERVICE RALEIGH NC
201 AM EDT MON JUL 28 2014


...................................

...THE PIEDMONT TRIAD INTL AIRPORT NC CLIMATE SUMMARY FOR JULY 27 2014...

CLIMATE NORMAL PERIOD 1981 TO 2010
CLIMATE RECORD PERIOD 1903 TO 2014


WEATHER ITEM   OBSERVED TIME   RECORD YEAR NORMAL DEPARTURE LAST
                VALUE   (LST)  VALUE       VALUE  FROM      YEAR
                                                  NORMAL
..................................................................
TEMPERATURE (F)
 YESTERDAY
  MAXIMUM         89    228 PM 104    1914  88      1       76
  MINIMUM         72    750 AM  53    1962  69      3       67
  AVERAGE         81                        78      3       72

PRECIPITATION (IN)
  YESTERDAY        0.12          1.46 1965   0.16  -0.04     0.98
  MONTH TO DATE    2.24                      3.85  -1.61     5.64
  SINCE JUN 1      5.24                      7.58  -2.34    14.01
  SINCE JAN 1     22.73                     24.28  -1.55    32.36

DEGREE DAYS
 HEATING
  YESTERDAY        0                         0      0        0
  MONTH TO DATE    0                         0      0        0
  SINCE JUN 1      0                         6     -6        0
  SINCE JUL 1      0                         0      0        0

 COOLING
  YESTERDAY       16                        13      3        7
  MONTH TO DATE  353                       370    -17      359
  SINCE JUN 1    710                       677     33      658
  SINCE JAN 1    907                       836     71      808
..................................................................


WIND (MPH)
  HIGHEST WIND SPEED    22   HIGHEST WIND DIRECTION    SW (220)
  HIGHEST GUST SPEED    41   HIGHEST GUST DIRECTION    NW (330)
  AVERAGE WIND SPEED     9.9


SKY COVER
  POSSIBLE SUNSHINE  MM
  AVERAGE SKY COVER 0.6


WEATHER CONDITIONS
 THE FOLLOWING WEATHER WAS RECORDED YESTERDAY.
  THUNDERSTORM
  RAIN
  LIGHT RAIN
  FOG


RELATIVE HUMIDITY (PERCENT)
 HIGHEST    84           600 AM
 LOWEST     53           300 PM
 AVERAGE    69

..........................................................


THE PIEDMONT TRIAD INTL AIRPORT NC CLIMATE NORMALS FOR TODAY
                         NORMAL    RECORD    YEAR
 MAXIMUM TEMPERATURE (F)   88       100      1952
 MINIMUM TEMPERATURE (F)   69        54      1962
                                             1920


SUNRISE AND SUNSET
JULY 28 2014..........SUNRISE   624 AM EDT   SUNSET   828 PM EDT
JULY 29 2014..........SUNRISE   625 AM EDT   SUNSET   827 PM EDT


-  INDICATES NEGATIVE NUMBERS.
R  INDICATES RECORD WAS SET OR TIED.
MM INDICATES DATA IS MISSING.
T  INDICATES TRACE AMOUNT.




$$





National Weather Service
Disclaimer
Last Modified: August 31, 2005
Privacy Policy