850
CDUS42 KILM 210841
CLIFLO


CLIMATE REPORT
NATIONAL WEATHER SERVICE WILMINGTON NC
441 AM EDT TUE OCT 21 2014


...................................

...THE FLORENCE SC CLIMATE SUMMARY FOR OCTOBER 20 2014...

CLIMATE NORMAL PERIOD 1981 TO 2010
CLIMATE RECORD PERIOD 1948 TO 2014


WEATHER ITEM   OBSERVED TIME   RECORD YEAR NORMAL DEPARTURE LAST
                VALUE   (LST)  VALUE       VALUE  FROM      YEAR
                                                  NORMAL
..................................................................
TEMPERATURE (F)
 YESTERDAY
  MAXIMUM         76    307 PM  88    1969  74      2       70
  MINIMUM         43    647 AM  34    1992  52     -9       51
  AVERAGE         60                        63     -3       61

PRECIPITATION (IN)
  YESTERDAY        0.00          1.82 1995   0.09  -0.09      T
  MONTH TO DATE    1.08                      2.14  -1.06     0.81
  SINCE SEP 1      9.50                      5.81   3.69     1.70
  SINCE JAN 1     37.49                     36.29   1.20    48.16

DEGREE DAYS
 HEATING
  YESTERDAY        5                         4      1        4
  MONTH TO DATE   28                        49    -21        7
  SINCE SEP 1     34                        58    -24        7
  SINCE JUL 1     34                        58    -24        7

 COOLING
  YESTERDAY        0                         2     -2        0
  MONTH TO DATE   99                        68     31      103
  SINCE SEP 1    426                       354     72      401
  SINCE JAN 1   2258                      2024    234     2028
..................................................................


WIND (MPH)
  HIGHEST WIND SPEED    17   HIGHEST WIND DIRECTION    SW (230)
  HIGHEST GUST SPEED    22   HIGHEST GUST DIRECTION    SW (230)
  AVERAGE WIND SPEED     3.2


SKY COVER
  POSSIBLE SUNSHINE  MM
  AVERAGE SKY COVER 0.0


WEATHER CONDITIONS
 THE FOLLOWING WEATHER WAS RECORDED YESTERDAY.
  NO SIGNIFICANT WEATHER WAS OBSERVED.


RELATIVE HUMIDITY (PERCENT)
 HIGHEST    93          1000 PM
 LOWEST     43           200 PM
 AVERAGE    68

..........................................................


THE FLORENCE SC CLIMATE NORMALS FOR TODAY
                         NORMAL    RECORD    YEAR
 MAXIMUM TEMPERATURE (F)   74        86      1993
 MINIMUM TEMPERATURE (F)   51        32      1952


SUNRISE AND SUNSET
OCTOBER 21 2014.......SUNRISE   729 AM EDT   SUNSET   637 PM EDT
OCTOBER 22 2014.......SUNRISE   730 AM EDT   SUNSET   636 PM EDT


-  INDICATES NEGATIVE NUMBERS.
R  INDICATES RECORD WAS SET OR TIED.
MM INDICATES DATA IS MISSING.
T  INDICATES TRACE AMOUNT.




$$




874
CDUS42 KILM 210841
CLICRE


CLIMATE REPORT
NATIONAL WEATHER SERVICE WILMINGTON NC
441 AM EDT TUE OCT 21 2014


...................................

...THE NORTH MYRTLE BEACH SC CLIMATE SUMMARY FOR OCTOBER 20 2014...

CLIMATE NORMAL PERIOD 1981 TO 2010
CLIMATE RECORD PERIOD 1949 TO 2014


WEATHER ITEM   OBSERVED TIME   RECORD YEAR NORMAL DEPARTURE LAST
                VALUE   (LST)  VALUE       VALUE  FROM      YEAR
                                                  NORMAL
..................................................................
TEMPERATURE (F)
 YESTERDAY
  MAXIMUM         73    306 PM  84    2006  74     -1       70
                                      1953
  MINIMUM         45    450 AM  36    1992  54     -9       54
  AVERAGE         59                        64     -5       62

PRECIPITATION (IN)
  YESTERDAY        0.00                      0.13  -0.13     0.01
  MONTH TO DATE    0.35                      2.78  -2.43     1.15
  SINCE SEP 1      4.92                      9.06  -4.14     2.51
  SINCE JAN 1     33.57                     44.41 -10.84    43.27

DEGREE DAYS
 HEATING
  YESTERDAY        6                         3      3        3
  MONTH TO DATE   26                        34     -8        4
  SINCE SEP 1     27                        38    -11        4
  SINCE JUL 1     27                        38    -11        4

 COOLING
  YESTERDAY        0                         2     -2        0
  MONTH TO DATE  100                        78     22       89
  SINCE SEP 1    421                       386     35      366
  SINCE JAN 1   2009                      1862    147     1817
..................................................................


WIND (MPH)
  HIGHEST WIND SPEED    10   HIGHEST WIND DIRECTION    SE (140)
  HIGHEST GUST SPEED    15   HIGHEST GUST DIRECTION    SE (140)
  AVERAGE WIND SPEED     3.8


SKY COVER
  POSSIBLE SUNSHINE  MM
  AVERAGE SKY COVER 0.0


WEATHER CONDITIONS
 THE FOLLOWING WEATHER WAS RECORDED YESTERDAY.
  FOG


RELATIVE HUMIDITY (PERCENT)
 HIGHEST    97           800 PM
 LOWEST     52           900 AM
 AVERAGE    75

..........................................................


THE NORTH MYRTLE BEACH SC CLIMATE NORMALS FOR TODAY
                         NORMAL    RECORD    YEAR
 MAXIMUM TEMPERATURE (F)   74        83      1953
 MINIMUM TEMPERATURE (F)   54        34      1954


SUNRISE AND SUNSET
OCTOBER 21 2014.......SUNRISE   725 AM EDT   SUNSET   634 PM EDT
OCTOBER 22 2014.......SUNRISE   725 AM EDT   SUNSET   633 PM EDT


-  INDICATES NEGATIVE NUMBERS.
R  INDICATES RECORD WAS SET OR TIED.
MM INDICATES DATA IS MISSING.
T  INDICATES TRACE AMOUNT.




$$




National Weather Service
Disclaimer
Last Modified: August 31, 2005
Privacy Policy