393
CDUS43 KLOT 261534 CCA
CLIDPA

CLIMATE REPORT
NATIONAL WEATHER SERVICE CHICAGO IL
1232 AM CST WED NOV 26 2014

...................................
...THE DU PAGE  AIRPORT CLIMATE SUMMARY FOR NOVEMBER 25 2014...

CLIMATE NORMAL PERIOD 1981 TO 2010
CLIMATE RECORD PERIOD 1997 TO 2014

WEATHER ITEM   OBSERVED TIME   RECORD YEAR NORMAL DEPARTURE LAST
                VALUE   (LST)  VALUE       VALUE  FROM      YEAR
                                                  NORMAL
..................................................................
TEMPERATURE (F)
 YESTERDAY
  MAXIMUM         25   1222 AM  58    2006  44    -19       31
  MINIMUM         14   1021 PM  10    2005  27    -13       21
  AVERAGE         20                        36    -16       26

PRECIPITATION (IN)
  YESTERDAY        T             0.19        0.10  -0.10    MM
  MONTH TO DATE    1.03                      2.57  -1.54     2.21
  SINCE SEP 1      6.24                      9.05  -2.81     6.82
  SINCE JAN 1     28.86                     34.68  -5.82    34.18

SNOWFALL (IN)
  YESTERDAY        T

DEGREE DAYS
 HEATING
  YESTERDAY       45                        29     16       39
  MONTH TO DATE  738                       586    152      678
  SINCE SEP 1   1264                      1088    176     1215
  SINCE JUL 1   1273                      1097    176     1241

 COOLING
  YESTERDAY        0                         0      0        0
  MONTH TO DATE    0                         0      0        0
  SINCE SEP 1     78                        90    -12      118
  SINCE JAN 1    767                       814    -47      745
..................................................................


WIND (MPH)
  RESULTANT WIND SPEED   9   RESULTANT WIND DIRECTION   W (260)
  HIGHEST WIND SPEED    22   HIGHEST WIND DIRECTION     W (270)
  HIGHEST GUST SPEED    27   HIGHEST GUST DIRECTION     W (270)
  AVERAGE WIND SPEED    10.0

WEATHER CONDITIONS
 THE FOLLOWING WEATHER WAS RECORDED YESTERDAY.
  LIGHT SNOW
  FOG

..........................................................

THE DU PAGE  AIRPORT CLIMATE NORMALS FOR TODAY
                         NORMAL    RECORD    YEAR
 MAXIMUM TEMPERATURE (F)   43        62      2006
 MINIMUM TEMPERATURE (F)   27        14      2013


SUNRISE AND SUNSET
NOVEMBER 26 2014......SUNRISE   656 AM CST   SUNSET   425 PM CST
NOVEMBER 27 2014......SUNRISE   657 AM CST   SUNSET   424 PM CST


-  INDICATES NEGATIVE NUMBERS.
R  INDICATES RECORD WAS SET OR TIED.
MM INDICATES DATA IS MISSING.
T  INDICATES TRACE AMOUNT.

$$






National Weather Service
Disclaimer
Last Modified: August 31, 2005
Privacy Policy