745
CDUS45 KTWC 221425
CLIDUG

CLIMATE REPORT
NATIONAL WEATHER SERVICE TUCSON AZ
725 AM MST FRI AUG 22 2014


...................................

...THE DOUGLAS AZ CLIMATE SUMMARY FOR AUGUST 22 2014...
VALID AS OF 0700 AM LOCAL TIME.

CLIMATE NORMAL PERIOD 1981 TO 2010
CLIMATE RECORD PERIOD 1948 TO 2014


WEATHER ITEM   OBSERVED TIME   RECORD YEAR NORMAL DEPARTURE LAST
                VALUE   (LST)  VALUE       VALUE  FROM      YEAR
                                                  NORMAL
..................................................................
TEMPERATURE (F)
 TODAY
  MINIMUM         60    547 AM  53    1979  64     -4       63

PRECIPITATION (IN)
  TODAY            0.00          0.73 1959   0.08  -0.08     0.00
  MONTH TO DATE    3.89                      2.39   1.50     3.08
  SINCE OCT 1     10.15                     10.90  -0.75    14.81
  SINCE JAN 1      9.33                      8.35   0.98    14.18

DEGREE DAYS
 HEATING
  TODAY            2                         0      2        0

 COOLING
  TODAY            0                        13    -13       14
..................................................................


WIND (MPH)
  HIGHEST WIND SPEED     8   HIGHEST WIND DIRECTION     N (10)
  HIGHEST GUST SPEED     9   HIGHEST GUST DIRECTION     N (10)
  AVERAGE WIND SPEED     3.8


SKY COVER
  POSSIBLE SUNSHINE  MM
  AVERAGE SKY COVER 0.1


WEATHER CONDITIONS
 THE FOLLOWING WEATHER WAS RECORDED TODAY.
  FOG


RELATIVE HUMIDITY (PERCENT)
 HIGHEST    97           600 AM

..........................................................


THE DOUGLAS AZ CLIMATE NORMALS FOR TOMORROW
                         NORMAL    RECORD    YEAR
 MAXIMUM TEMPERATURE (F)   92       101      2011
 MINIMUM TEMPERATURE (F)   64        54      1979


SUNRISE AND SUNSET
AUGUST 22 2014........SUNRISE   548 AM MST   SUNSET   654 PM MST
AUGUST 23 2014........SUNRISE   549 AM MST   SUNSET   653 PM MST


-  INDICATES NEGATIVE NUMBERS.
R  INDICATES RECORD WAS SET OR TIED.
MM INDICATES DATA IS MISSING.
T  INDICATES TRACE AMOUNT.




$$







778
CDUS43 KDDC 221425
CLIGCK


CLIMATE REPORT
NATIONAL WEATHER SERVICE DODGE CITY KS
925 AM CDT FRI AUG 22 2014


...................................

...THE GARDEN CITY REGIONAL ARPT KS CLIMATE SUMMARY FOR AUGUST 22 2014...
VALID AS OF 0800 AM LOCAL TIME.

CLIMATE NORMAL PERIOD 1981 TO 2010
CLIMATE RECORD PERIOD 1948 TO 2014


WEATHER ITEM   OBSERVED TIME   RECORD YEAR NORMAL DEPARTURE LAST
                VALUE   (LST)  VALUE       VALUE  FROM      YEAR
                                                  NORMAL
..................................................................
TEMPERATURE (F)
 TODAY
  MAXIMUM         78   1212 AM 103    1973  89    -11       93
  MINIMUM         69    614 AM  53    1966  63      6       66
  AVERAGE         74                        76     -2       80

PRECIPITATION (IN)
  TODAY            0.00          0.80 1950   0.07  -0.07     0.00
  MONTH TO DATE    0.71                      1.88  -1.17     4.92
  SINCE JUN 1     15.15                      8.14   7.01     8.59
  SINCE JAN 1     16.51                     15.08   1.43    10.16

..................................................................


WIND (MPH)
  HIGHEST WIND SPEED    14   HIGHEST WIND DIRECTION     S (200)
  HIGHEST GUST SPEED    19   HIGHEST GUST DIRECTION     S (200)



WEATHER CONDITIONS
 THE FOLLOWING WEATHER WAS RECORDED TODAY.
  NO SIGNIFICANT WEATHER WAS OBSERVED.


RELATIVE HUMIDITY (PERCENT)
 HIGHEST    79

..........................................................


THE GARDEN CITY REGIONAL ARPT KS CLIMATE NORMALS FOR TOMORROW
                         NORMAL    RECORD    YEAR
 MAXIMUM TEMPERATURE (F)   89       105      2011
 MINIMUM TEMPERATURE (F)   63        50      1964


SUNRISE AND SUNSET
AUGUST 22 2014........SUNRISE   704 AM CDT   SUNSET   827 PM CDT
AUGUST 23 2014........SUNRISE   705 AM CDT   SUNSET   825 PM CDT


-  INDICATES NEGATIVE NUMBERS.
R  INDICATES RECORD WAS SET OR TIED.
MM INDICATES DATA IS MISSING.
T  INDICATES TRACE AMOUNT.




$$




776
CDUS43 KDDC 221425
CLIDGC


CLIMATE REPORT
NATIONAL WEATHER SERVICE DODGE CITY KS
925 AM CDT FRI AUG 22 2014


...................................

...THE DODGE CITY KS CLIMATE SUMMARY FOR AUGUST 22 2014...
VALID AS OF 0800 AM LOCAL TIME.

CLIMATE NORMAL PERIOD 1981 TO 2010
CLIMATE RECORD PERIOD 1875 TO 2014


WEATHER ITEM   OBSERVED TIME   RECORD YEAR NORMAL DEPARTURE LAST
                VALUE   (LST)  VALUE       VALUE  FROM      YEAR
                                                  NORMAL
..................................................................
TEMPERATURE (F)
 TODAY
  MAXIMUM         82    759 AM 104    1910  90     -8       91
  MINIMUM         74    651 AM  50    1923  65      9       65
  AVERAGE         78                        77      1       78

PRECIPITATION (IN)
  TODAY            T             0.92 1882   0.08  -0.08     0.00
  MONTH TO DATE    1.86                      2.00  -0.14     6.92
  SINCE JUN 1     13.96                      8.32   5.64    12.05
  SINCE JAN 1     17.48                     15.84   1.64    15.48

SNOWFALL (IN)
  TODAY            0.0           T    2005   0.0    0.0      0.0
  MONTH TO DATE    0.0                       0.0    0.0      0.0
  SINCE JUN 1      0.0                       0.0    0.0      0.0
  SINCE JUL 1      0.0                       0.0    0.0      0.0
  SNOW DEPTH       0

..................................................................


WIND (MPH)
  HIGHEST WIND SPEED    21   HIGHEST WIND DIRECTION     S (170)
  HIGHEST GUST SPEED    27   HIGHEST GUST DIRECTION     S (180)
  AVERAGE WIND SPEED     8.9



WEATHER CONDITIONS
 THE FOLLOWING WEATHER WAS RECORDED TODAY.
  LIGHT RAIN


RELATIVE HUMIDITY (PERCENT)
 HIGHEST    69           500 AM
 LOWEST     58          1200 AM

..........................................................


THE DODGE CITY KS CLIMATE NORMALS FOR TOMORROW
                         NORMAL    RECORD    YEAR
 MAXIMUM TEMPERATURE (F)   90       108      2011
 MINIMUM TEMPERATURE (F)   64        46      1891


SUNRISE AND SUNSET
AUGUST 22 2014........SUNRISE   701 AM CDT   SUNSET   823 PM CDT
AUGUST 23 2014........SUNRISE   702 AM CDT   SUNSET   822 PM CDT


-  INDICATES NEGATIVE NUMBERS.
R  INDICATES RECORD WAS SET OR TIED.
MM INDICATES DATA IS MISSING.
T  INDICATES TRACE AMOUNT.




$$




777
CDUS43 KDDC 221425
CLIP28


CLIMATE REPORT
NATIONAL WEATHER SERVICE DODGE CITY KS
925 AM CDT FRI AUG 22 2014


...................................

...THE MEDICINE LODGE KS CLIMATE SUMMARY FOR AUGUST 22 2014...
VALID AS OF 0800 AM LOCAL TIME.

CLIMATE NORMAL PERIOD 1981 TO 2010
CLIMATE RECORD PERIOD 1893 TO 2014


WEATHER ITEM   OBSERVED TIME   RECORD YEAR NORMAL DEPARTURE LAST
                VALUE   (LST)  VALUE       VALUE  FROM      YEAR
                                                  NORMAL
..................................................................
TEMPERATURE (F)
 TODAY
  MAXIMUM         84   1200 AM 108    1922  92     -8       93
  MINIMUM         77    702 AM  52    1896  67     10       65
  AVERAGE         81                        79      2       79

PRECIPITATION (IN)
  TODAY            0.00          2.00 1974   0.11  -0.11     0.00
  MONTH TO DATE    1.13                      2.15  -1.02     6.29
  SINCE JUN 1     13.74                      9.64   4.10    11.29
  SINCE JAN 1     16.63                     19.38  -2.75    21.64

..................................................................


WIND (MPH)
  HIGHEST WIND SPEED    10   HIGHEST WIND DIRECTION    SE (130)
  HIGHEST GUST SPEED    14   HIGHEST GUST DIRECTION    SE (130)



WEATHER CONDITIONS
 THE FOLLOWING WEATHER WAS RECORDED TODAY.
  NO SIGNIFICANT WEATHER WAS OBSERVED.


RELATIVE HUMIDITY (PERCENT)
 HIGHEST    71

..........................................................


THE MEDICINE LODGE KS CLIMATE NORMALS FOR TOMORROW
                         NORMAL    RECORD    YEAR
 MAXIMUM TEMPERATURE (F)   92       112      1922
 MINIMUM TEMPERATURE (F)   67        48      1896
                                             1939


SUNRISE AND SUNSET
AUGUST 22 2014........SUNRISE   657 AM CDT   SUNSET   817 PM CDT
AUGUST 23 2014........SUNRISE   657 AM CDT   SUNSET   816 PM CDT


-  INDICATES NEGATIVE NUMBERS.
R  INDICATES RECORD WAS SET OR TIED.
MM INDICATES DATA IS MISSING.
T  INDICATES TRACE AMOUNT.




$$




National Weather Service
Disclaimer
Last Modified: August 31, 2005
Privacy Policy