467
CDUS43 KBIS 260053
CLIBIS


CLIMATE REPORT
NATIONAL WEATHER SERVICE BISMARCK ND
753 PM CDT SAT OCT 25 2014


...................................

...THE BISMARCK ND CLIMATE SUMMARY FOR OCTOBER 25 2014...
VALID TODAY AS OF 0700 PM LOCAL TIME.

CLIMATE NORMAL PERIOD 1981 TO 2010
CLIMATE RECORD PERIOD 1875 TO 2014


WEATHER ITEM   OBSERVED TIME   RECORD YEAR NORMAL DEPARTURE LAST
                VALUE   (LST)  VALUE       VALUE  FROM      YEAR
                                                  NORMAL
..................................................................
TEMPERATURE (F)
 TODAY
  MAXIMUM         65    338 PM  78    1977  53     12       62
  MINIMUM         36    652 AM   0    1919  29      7       25
  AVERAGE         51                        41     10       44

PRECIPITATION (IN)
  TODAY            0.00          0.63 1921   0.04  -0.04     0.00
  MONTH TO DATE    0.07                      1.04  -0.97     4.73
  SINCE SEP 1      0.44                      2.63  -2.19     9.09
  SINCE JAN 1     13.13                     16.44  -3.31    25.40

SNOWFALL (IN)
  TODAY            0.0           1.5  1954   0.1   -0.1      0.0
  MONTH TO DATE    0.0                       1.3   -1.3      1.0
  SINCE SEP 1      0.0                       1.5   -1.5      1.0
  SINCE JUL 1      0.0                       1.5   -1.5      1.0
  SNOW DEPTH       0

DEGREE DAYS
 HEATING
  TODAY           14                        24    -10       21
  MONTH TO DATE  371                       469    -98      519
  SINCE SEP 1    559                       700   -141      622
  SINCE JUL 1    621                       755   -134      650

 COOLING
  TODAY            0                         0      0        0
  MONTH TO DATE    0                         0      0        0
  SINCE SEP 1     51                        38     13       75
  SINCE JAN 1    457                       519    -62      555
..................................................................


WIND (MPH)
  RESULTANT WIND SPEED   1   RESULTANT WIND DIRECTION   S (160)
  HIGHEST WIND SPEED    10   HIGHEST WIND DIRECTION    SE (140)
  HIGHEST GUST SPEED    13   HIGHEST GUST DIRECTION     W (290)
  AVERAGE WIND SPEED     4.2


SKY COVER
  POSSIBLE SUNSHINE  MM
  AVERAGE SKY COVER 0.1


WEATHER CONDITIONS
 THE FOLLOWING WEATHER WAS RECORDED TODAY.
  HAZE


RELATIVE HUMIDITY (PERCENT)
 HIGHEST    82           700 AM
 LOWEST     26           400 PM
 AVERAGE    54

..........................................................


THE BISMARCK ND CLIMATE NORMALS FOR TOMORROW
                         NORMAL    RECORD    YEAR
 MAXIMUM TEMPERATURE (F)   52        81      1955
 MINIMUM TEMPERATURE (F)   28       -10      1919


SUNRISE AND SUNSET
OCTOBER 25 2014.......SUNRISE   815 AM CDT   SUNSET   638 PM CDT
OCTOBER 26 2014.......SUNRISE   816 AM CDT   SUNSET   637 PM CDT


-  INDICATES NEGATIVE NUMBERS.
R  INDICATES RECORD WAS SET OR TIED.
MM INDICATES DATA IS MISSING.
T  INDICATES TRACE AMOUNT.




$$




525
CDUS43 KBIS 260053
CLIISN


CLIMATE REPORT
NATIONAL WEATHER SERVICE BISMARCK ND
753 PM CDT SAT OCT 25 2014


...................................

...THE WILLISTON ND CLIMATE SUMMARY FOR OCTOBER 25 2014...
VALID TODAY AS OF 0700 PM LOCAL TIME.

CLIMATE NORMAL PERIOD 1981 TO 2010
CLIMATE RECORD PERIOD 1894 TO 2014


WEATHER ITEM   OBSERVED TIME   RECORD YEAR NORMAL DEPARTURE LAST
                VALUE   (LST)  VALUE       VALUE  FROM      YEAR
                                                  NORMAL
..................................................................
TEMPERATURE (F)
 TODAY
  MAXIMUM         64    408 PM  78    1955  52     12       63
  MINIMUM         31    618 AM   4    1957  27      4       30
                                      1919
  AVERAGE         48                        39      9       47

PRECIPITATION (IN)
  TODAY            0.00          0.66 2010   0.03  -0.03     0.00
  MONTH TO DATE    0.17                      0.76  -0.59     2.03
  SINCE SEP 1      1.52                      1.82  -0.30     3.93
  SINCE JAN 1      9.95                     12.94  -2.99    19.82

SNOWFALL (IN)
  TODAY           MM

DEGREE DAYS
 HEATING
  TODAY           17                        26     -9       18
  MONTH TO DATE  406                       515   -109      545
  SINCE SEP 1    656                       790   -134      685
  SINCE JUL 1    713                       861   -148      731

 COOLING
  TODAY            0                         0      0        0
  MONTH TO DATE    0                         0      0        0
  SINCE SEP 1     34                        26      8       78
  SINCE JAN 1    425                       455    -30      405
..................................................................


WIND (MPH)
  HIGHEST WIND SPEED    15   HIGHEST WIND DIRECTION    SE (130)
  HIGHEST GUST SPEED    19   HIGHEST GUST DIRECTION    SE (120)
  AVERAGE WIND SPEED     5.6


SKY COVER
  POSSIBLE SUNSHINE  MM
  AVERAGE SKY COVER 0.2


WEATHER CONDITIONS
 THE FOLLOWING WEATHER WAS RECORDED TODAY.
  NO SIGNIFICANT WEATHER WAS OBSERVED.


RELATIVE HUMIDITY (PERCENT)
 HIGHEST    82           700 AM
 LOWEST     27           200 PM
 AVERAGE    55

..........................................................


THE WILLISTON ND CLIMATE NORMALS FOR TOMORROW
                         NORMAL    RECORD    YEAR
 MAXIMUM TEMPERATURE (F)   51        75      1924
 MINIMUM TEMPERATURE (F)   26        -2      1919


SUNRISE AND SUNSET
OCTOBER 25 2014.......SUNRISE   829 AM CDT   SUNSET   647 PM CDT
OCTOBER 26 2014.......SUNRISE   831 AM CDT   SUNSET   646 PM CDT


-  INDICATES NEGATIVE NUMBERS.
R  INDICATES RECORD WAS SET OR TIED.
MM INDICATES DATA IS MISSING.
T  INDICATES TRACE AMOUNT.




$$




National Weather Service
Disclaimer
Last Modified: August 31, 2005
Privacy Policy