647
CDUS44 KJAN 190656
CLIGLH


CLIMATE REPORT
NATIONAL WEATHER SERVICE JACKSON MS
152 AM CDT SAT APR 19 2014


...................................

...THE GREENVILLE CLIMATE SUMMARY FOR APRIL 18 2014...

CLIMATE NORMAL PERIOD 1981 TO 2010
CLIMATE RECORD PERIOD 1920 TO 2014


WEATHER ITEM   OBSERVED TIME   RECORD YEAR NORMAL DEPARTURE LAST
                VALUE   (LST)  VALUE       VALUE  FROM      YEAR
                                                  NORMAL
..................................................................
TEMPERATURE (F)
 YESTERDAY
  MAXIMUM         75    452 PM  90    2006  75      0       81
                                      1981
  MINIMUM         54    245 AM  34    1921  53      1       49
  AVERAGE         65                        64      1       65

PRECIPITATION (IN)
  YESTERDAY        0.00          3.42 1940   0.16  -0.16     0.94
  MONTH TO DATE    6.12                      3.04   3.08     3.30
  SINCE MAR 1     11.63                      7.59   4.04     8.05
  SINCE JAN 1     15.93                     17.58  -1.65    20.51

SNOWFALL (IN)
  YESTERDAY        0.0

DEGREE DAYS
 HEATING
  YESTERDAY        0                         3     -3        0
  MONTH TO DATE  123                        93     30      104
  SINCE MAR 1    557                       429    128      579
  SINCE JUL 1   3164                      2738    426     2582

 COOLING
  YESTERDAY        0                         2     -2        0
  MONTH TO DATE   29                        27      2       54
  SINCE MAR 1     34                        44    -10       56
  SINCE JAN 1     34                        49    -15       66
..................................................................


WIND (MPH)
  HIGHEST WIND SPEED    17   HIGHEST WIND DIRECTION    NE (40)
  HIGHEST GUST SPEED    MM   HIGHEST GUST DIRECTION    MM
  AVERAGE WIND SPEED     7.2


SKY COVER
  POSSIBLE SUNSHINE  MM
  AVERAGE SKY COVER 0.7


WEATHER CONDITIONS
 THE FOLLOWING WEATHER WAS RECORDED YESTERDAY.
  NO SIGNIFICANT WEATHER WAS OBSERVED.


RELATIVE HUMIDITY (PERCENT)
 HIGHEST    86           300 AM
 LOWEST     46           400 PM
 AVERAGE    66

..........................................................


THE GREENVILLE CLIMATE NORMALS FOR TODAY
                         NORMAL    RECORD    YEAR
 MAXIMUM TEMPERATURE (F)   75        89      1987
 MINIMUM TEMPERATURE (F)   53        35      1983


SUNRISE AND SUNSET
APRIL 19 2014.........SUNRISE   629 AM CDT   SUNSET   738 PM CDT
APRIL 20 2014.........SUNRISE   628 AM CDT   SUNSET   739 PM CDT


-  INDICATES NEGATIVE NUMBERS.
R  INDICATES RECORD WAS SET OR TIED.
MM INDICATES DATA IS MISSING.
T  INDICATES TRACE AMOUNT.




$$




646
CDUS44 KJAN 190656
CLIJAN


CLIMATE REPORT
NATIONAL WEATHER SERVICE JACKSON MS
152 AM CDT SAT APR 19 2014


...................................

...THE JACKSON CLIMATE SUMMARY FOR APRIL 18 2014...

CLIMATE NORMAL PERIOD 1981 TO 2010
CLIMATE RECORD PERIOD 1896 TO 2014


WEATHER ITEM   OBSERVED TIME   RECORD YEAR NORMAL DEPARTURE LAST
                VALUE   (LST)  VALUE       VALUE  FROM      YEAR
                                                  NORMAL
..................................................................
TEMPERATURE (F)
 YESTERDAY
  MAXIMUM         74    427 PM  90    2006  77     -3       84
  MINIMUM         51   1151 PM  33    1997  53     -2       53
  AVERAGE         63                        65     -2       69

PRECIPITATION (IN)
  YESTERDAY        0.00          2.43 1944   0.17  -0.17     0.95
  MONTH TO DATE   10.41                      3.18   7.23     3.32
  SINCE MAR 1     16.06                      8.22   7.84     8.91
  SINCE JAN 1     23.11                     17.95   5.16    26.35

SNOWFALL (IN)
  YESTERDAY        0.0           0.0    MM   0.0    0.0      0.0
  MONTH TO DATE    0.0                       0.0    0.0      0.0
  SINCE MAR 1      T                         0.1   -0.1       T
  SINCE JUL 1      0.8                       0.8    0.0      1.7

DEGREE DAYS
 HEATING
  YESTERDAY        2                         3     -1        0
  MONTH TO DATE  106                        83     23       67
  SINCE MAR 1    449                       361     88      459
  SINCE JUL 1   2715                      2353    362     2210

 COOLING
  YESTERDAY        0                         3     -3        4
  MONTH TO DATE   33                        39     -6       65
  SINCE MAR 1     37                        66    -29       68
  SINCE JAN 1     43                        76    -33       82
..................................................................


WIND (MPH)
  HIGHEST WIND SPEED    14   HIGHEST WIND DIRECTION     N (10)
  HIGHEST GUST SPEED    18   HIGHEST GUST DIRECTION     N (360)
  AVERAGE WIND SPEED     6.2


SKY COVER
  POSSIBLE SUNSHINE  MM
  AVERAGE SKY COVER 0.7


WEATHER CONDITIONS
 THE FOLLOWING WEATHER WAS RECORDED YESTERDAY.
  NO SIGNIFICANT WEATHER WAS OBSERVED.


RELATIVE HUMIDITY (PERCENT)
 HIGHEST    93           400 AM
 LOWEST     53           400 PM
 AVERAGE    73

..........................................................


THE JACKSON CLIMATE NORMALS FOR TODAY
                         NORMAL    RECORD    YEAR
 MAXIMUM TEMPERATURE (F)   77        92      1987
 MINIMUM TEMPERATURE (F)   53        35      1983


SUNRISE AND SUNSET
APRIL 19 2014.........SUNRISE   627 AM CDT   SUNSET   733 PM CDT
APRIL 20 2014.........SUNRISE   625 AM CDT   SUNSET   733 PM CDT


-  INDICATES NEGATIVE NUMBERS.
R  INDICATES RECORD WAS SET OR TIED.
MM INDICATES DATA IS MISSING.
T  INDICATES TRACE AMOUNT.

&&

AT 1 AM:

THE PEARL RIVER STAGE AT JACKSON WAS 31.8 FEET. THE RIVER HAS
FALLEN 0.8 FEET OVER THE PAST 24 HOURS.

THE MISSISSIPPI RIVER STAGE AT VICKSBURG WAS 38.3 FEET. THE RIVER
HAS RISEN 0.2 FEET OVER THE PAST 24 HOURS.

$$





National Weather Service
Disclaimer
Last Modified: August 31, 2005
Privacy Policy