614
CDUS44 KCRP 160703
CLIVCT

CLIMATE REPORT
NATIONAL WEATHER SERVICE CORPUS CHRISTI TX
203 AM CDT WED APR 16 2014


...THE VICTORIA CLIMATE SUMMARY FOR APRIL 15 2014...

CLIMATE NORMAL PERIOD 1981 TO 2010
CLIMATE RECORD PERIOD 1893 TO 2014


WEATHER ITEM   OBSERVED TIME   RECORD YEAR NORMAL DEPARTURE LAST
                VALUE   (LST)  VALUE       VALUE  FROM      YEAR
                                                  NORMAL
..................................................................
TEMPERATURE (F)
 YESTERDAY
  MAXIMUM         67    457 PM  98    1914  80    -13       88
  MINIMUM         38R   621 AM  38    1928  59    -21       70
  AVERAGE         53                        70    -17       79

PRECIPITATION (IN)
  YESTERDAY        0.00          0.59 2012   0.09  -0.09     0.00
  MONTH TO DATE    0.37                      1.34  -0.97     0.23
  SINCE MAR 1      1.99                      4.11  -2.12     0.55
  SINCE JAN 1      3.65                      8.71  -5.06     4.64

SNOWFALL (IN)
  YESTERDAY        0.0
  MONTH TO DATE    0.0
  SINCE MAR 1      0.0
  SINCE JUL 1      T
  SNOW DEPTH       0

DEGREE DAYS
 HEATING
  YESTERDAY       12                         1     11        0
  MONTH TO DATE   23                        22      1       28
  SINCE MAR 1    228                       147     81      178
  SINCE JUL 1   1481                      1240    241      993

 COOLING
  YESTERDAY        0                         6     -6       14
  MONTH TO DATE   73                        70      3       70
  SINCE MAR 1    125                       144    -19      143
  SINCE JAN 1    183                       182      1      202
..................................................................


WIND (MPH)
  HIGHEST WIND SPEED    22   HIGHEST WIND DIRECTION     N (20)
  HIGHEST GUST SPEED    28   HIGHEST GUST DIRECTION     N (20)
  AVERAGE WIND SPEED     8.1


SKY COVER
  POSSIBLE SUNSHINE  MM
  AVERAGE SKY COVER 0.0


WEATHER CONDITIONS
 THE FOLLOWING WEATHER WAS RECORDED YESTERDAY.
  NO SIGNIFICANT WEATHER WAS OBSERVED.


RELATIVE HUMIDITY (PERCENT)
 HIGHEST    86           400 AM
 LOWEST     19           300 PM
 AVERAGE    53

..........................................................


THE VICTORIA CLIMATE NORMALS FOR TODAY
                         NORMAL    RECORD    YEAR
 MAXIMUM TEMPERATURE (F)   81       100      1920
 MINIMUM TEMPERATURE (F)   59        40      1928


SUNRISE AND SUNSET
APRIL 16 2014.........SUNRISE   701 AM CDT   SUNSET   754 PM CDT
APRIL 17 2014.........SUNRISE   700 AM CDT   SUNSET   755 PM CDT


-  INDICATES NEGATIVE NUMBERS.
R  INDICATES RECORD WAS SET OR TIED.
MM INDICATES DATA IS MISSING.
T  INDICATES TRACE AMOUNT.


$$

TMT






National Weather Service
Disclaimer
Last Modified: August 31, 2005
Privacy Policy