260
CDUS43 KAPX 280539
CLIHTL


CLIMATE REPORT
NATIONAL WEATHER SERVICE GAYLORD MI
1233 AM EST FRI NOV 28 2014


...................................

...THE HOUGHTON LAKE MI CLIMATE SUMMARY FOR NOVEMBER 27 2014...

CLIMATE NORMAL PERIOD 1981 TO 2010
CLIMATE RECORD PERIOD 1913 TO 2014


WEATHER ITEM   OBSERVED TIME   RECORD YEAR NORMAL DEPARTURE LAST
                VALUE   (LST)  VALUE       VALUE  FROM      YEAR
                                                  NORMAL
..................................................................
TEMPERATURE (F)
 YESTERDAY
  MAXIMUM         26        MM  62    1990  37    -11       23
  MINIMUM         16   1100 PM  -3    1932  24     -8       14
  AVERAGE         21                        30     -9       19

PRECIPITATION (IN)
  YESTERDAY        0.01          1.80 1966   0.07  -0.06      T
  MONTH TO DATE    3.01                      2.10   0.91     3.07
  SINCE SEP 1      9.44                      7.76   1.68     8.31
  SINCE JAN 1     29.32                     26.88   2.44    28.41

SNOWFALL (IN)
  YESTERDAY        0.4          12.3  1995   0.4    0.0       T
  MONTH TO DATE   12.3                       7.2    5.1      2.8
  SINCE OCT 1     12.3                       7.8    4.5      2.8
  SINCE JUL 1     12.3                       7.8    4.5      2.8
  SNOW DEPTH       3

DEGREE DAYS
 HEATING
  YESTERDAY       44                        35      9       46
  MONTH TO DATE  922                       799    123      813
  SINCE SEP 1   1737                      1650     87     1605
  SINCE JUL 1   1893                      1777    116     1730
..................................................................


WIND (MPH)
  HIGHEST WIND SPEED    14   HIGHEST WIND DIRECTION    NW (300)
  HIGHEST GUST SPEED    MM   HIGHEST GUST DIRECTION    MM
  AVERAGE WIND SPEED     8.7




RELATIVE HUMIDITY (PERCENT)
 HIGHEST    88
 LOWEST     68
 AVERAGE    78

..........................................................


THE HOUGHTON LAKE MI CLIMATE NORMALS FOR TODAY
                         NORMAL    RECORD    YEAR
 MAXIMUM TEMPERATURE (F)   37        61      1990
 MINIMUM TEMPERATURE (F)   24         0      1955


SUNRISE AND SUNSET
NOVEMBER 28 2014......SUNRISE   751 AM EST   SUNSET   502 PM EST
NOVEMBER 29 2014......SUNRISE   752 AM EST   SUNSET   502 PM EST


-  INDICATES NEGATIVE NUMBERS.
R  INDICATES RECORD WAS SET OR TIED.
MM INDICATES DATA IS MISSING.
T  INDICATES TRACE AMOUNT.




$$




National Weather Service
Disclaimer
Last Modified: August 31, 2005
Privacy Policy