587
CDUS44 KMAF 240731
CLIMAF


CLIMATE REPORT
NATIONAL WEATHER SERVICE MIDLAND/ODESSA TX
230 AM CDT THU APR 24 2014


...................................

...THE MIDLAND CLIMATE SUMMARY FOR APRIL 23 2014...

CLIMATE NORMAL PERIOD 1981 TO 2010
CLIMATE RECORD PERIOD 1930 TO 2014


WEATHER ITEM   OBSERVED TIME   RECORD YEAR NORMAL DEPARTURE LAST
                VALUE   (LST)  VALUE       VALUE  FROM      YEAR
                                                  NORMAL
..................................................................
TEMPERATURE (F)
 YESTERDAY
  MAXIMUM         91    509 PM  98    1989  81     10       72
  MINIMUM         65    642 AM  33    1995  52     13       38
  AVERAGE         78                        67     11       55

PRECIPITATION (IN)
  YESTERDAY        0.00          1.11 1966   0.03  -0.03     0.00
  MONTH TO DATE    0.45                      0.49  -0.04      T
  SINCE MAR 1      0.64                      1.09  -0.45      T
  SINCE JAN 1      0.90                      2.36  -1.46     1.53

SNOWFALL (IN)
  YESTERDAY        0.0
  MONTH TO DATE    0.0
  SINCE MAR 1      0.0
  SINCE JUL 1      0.8
  SNOW DEPTH       0

DEGREE DAYS
 HEATING
  YESTERDAY        0                         2     -2       10
  MONTH TO DATE   68                        99    -31      111
  SINCE MAR 1    350                       406    -56      349
  SINCE JUL 1   2598                      2643    -45     2321

 COOLING
  YESTERDAY       13                         4      9        0
  MONTH TO DATE  106                        57     49       80
  SINCE MAR 1    129                        73     56      115
  SINCE JAN 1    131                        75     56      115
..................................................................


WIND (MPH)
  HIGHEST WIND SPEED    25   HIGHEST WIND DIRECTION    SW (230)
  HIGHEST GUST SPEED    32   HIGHEST GUST DIRECTION     S (200)
  AVERAGE WIND SPEED    15.8


SKY COVER
  POSSIBLE SUNSHINE  MM
  AVERAGE SKY COVER 0.0


WEATHER CONDITIONS
 THE FOLLOWING WEATHER WAS RECORDED YESTERDAY.
  NO SIGNIFICANT WEATHER WAS OBSERVED.


RELATIVE HUMIDITY (PERCENT)
 HIGHEST    63           600 AM
 LOWEST     16           400 PM
 AVERAGE    40

..........................................................


THE MIDLAND CLIMATE NORMALS FOR TODAY
                         NORMAL    RECORD    YEAR
 MAXIMUM TEMPERATURE (F)   82        95      2012
                                             1943
 MINIMUM TEMPERATURE (F)   52        33      2013


SUNRISE AND SUNSET
APRIL 24 2014.........SUNRISE   710 AM CDT   SUNSET   824 PM CDT
APRIL 25 2014.........SUNRISE   709 AM CDT   SUNSET   825 PM CDT


-  INDICATES NEGATIVE NUMBERS.
R  INDICATES RECORD WAS SET OR TIED.
MM INDICATES DATA IS MISSING.
T  INDICATES TRACE AMOUNT.




$$




596
CDUS45 KPIH 240731
CLIRXE


CLIMATE REPORT
NATIONAL WEATHER SERVICE POCATELLO ID
129 AM MDT THU APR 24 2014


...................................

...THE REXBURG ID CLIMATE SUMMARY FOR APRIL 23 2014...

CLIMATE NORMAL PERIOD 1981 TO 2010
CLIMATE RECORD PERIOD 1998 TO 2014


WEATHER ITEM   OBSERVED TIME   RECORD YEAR NORMAL DEPARTURE LAST
                VALUE   (LST)  VALUE       VALUE  FROM      YEAR
                                                  NORMAL
..................................................................
TEMPERATURE (F)
 YESTERDAY
  MAXIMUM         50    527 PM  85    2012  59     -9       47
  MINIMUM         31    753 AM  18    2013  33     -2       18
  AVERAGE         41                        46     -5       33

PRECIPITATION (IN)
  YESTERDAY        0.08         MM      MM   0.05   0.03     0.00
  MONTH TO DATE    0.55                      1.10  -0.55     0.57
  SINCE OCT 1      5.45                      6.94  -1.49     6.40
  SINCE JAN 1      3.59                      3.73  -0.14     3.01

SNOWFALL (IN)
  YESTERDAY       MM
  MONTH TO DATE   MM
  SINCE MAR 1     MM
  SINCE JUL 1     MM
  SNOW DEPTH      MM

DEGREE DAYS
 HEATING
  YESTERDAY       24                        19      5       32
  MONTH TO DATE  468                       509    -41      558
  SINCE MAR 1   1329                      1465   -136     1551
  SINCE JUL 1   7144                      7438   -294     7218

 COOLING
  YESTERDAY        0                         0      0        0
  MONTH TO DATE    0                         0      0        0
  SINCE MAR 1      0                         0      0        0
  SINCE JAN 1      0                         0      0        0
..................................................................


WIND (MPH)
  HIGHEST WIND SPEED    29   HIGHEST WIND DIRECTION    SW (230)
  HIGHEST GUST SPEED    38   HIGHEST GUST DIRECTION    SW (220)
  AVERAGE WIND SPEED    15.8


SKY COVER
  POSSIBLE SUNSHINE  MM
  AVERAGE SKY COVER 0.7


WEATHER CONDITIONS
 THE FOLLOWING WEATHER WAS RECORDED YESTERDAY.
  LIGHT SNOW
  FOG


RELATIVE HUMIDITY (PERCENT)
 HIGHEST   100           800 AM
 LOWEST     23           300 PM
 AVERAGE    62

..........................................................


THE REXBURG ID CLIMATE NORMALS FOR TODAY
                         NORMAL    RECORD    YEAR
 MAXIMUM TEMPERATURE (F)   59        79      2012
 MINIMUM TEMPERATURE (F)   33        20      2002


SUNRISE AND SUNSET
APRIL 24 2014.........SUNRISE   630 AM MDT   SUNSET   822 PM MDT
APRIL 25 2014.........SUNRISE   628 AM MDT   SUNSET   823 PM MDT


-  INDICATES NEGATIVE NUMBERS.
R  INDICATES RECORD WAS SET OR TIED.
MM INDICATES DATA IS MISSING.
T  INDICATES TRACE AMOUNT.




$$





National Weather Service
Disclaimer
Last Modified: August 31, 2005
Privacy Policy