512
CDUS46 KOTX 220827
CLIOTX


CLIMATE REPORT
NATIONAL WEATHER SERVICE SPOKANE, WA
1223 AM PST MON DEC 22 2014


...................................

...THE SPOKANE  WA WFO CLIMATE SUMMARY FOR DECEMBER 21 2014...

CLIMATE NORMAL PERIOD 1981 TO 2010
CLIMATE RECORD PERIOD 1881 TO 2014


WEATHER ITEM   OBSERVED TIME   RECORD YEAR NORMAL DEPARTURE LAST
                VALUE   (LST)  VALUE       VALUE  FROM      YEAR
                                                  NORMAL
..................................................................
TEMPERATURE (F)
 YESTERDAY
  MAXIMUM         49     MM     MM     MM   30     19       28
  MINIMUM         37     MM     MM     MM   19     18       16
  AVERAGE         43                        25     18       22

PRECIPITATION (IN)
  YESTERDAY        T            MM     MM   0.08  -0.08      T
  MONTH TO DATE    1.54                     1.73  -0.19     0.60
  SINCE OCT 1      4.37                     5.23  -0.86     2.44
  SINCE JAN 1     16.34                    16.28   0.06    12.90

SNOWFALL (IN)
  YESTERDAY        0.0          MM     MM   0.5   -0.5      0.0
  MONTH TO DATE    0.3                     10.7  -10.4      3.4
  SINCE DEC 1      0.3                     10.7  -10.4      3.4
  SINCE JUL 1      0.8                     18.6  -17.8      6.4
  SNOW DEPTH       0

DEGREE DAYS
 HEATING
  YESTERDAY       22                        40    -18       43
  MONTH TO DATE  639                       817   -178      889
  SINCE DEC 1    639                       817   -178      889
  SINCE JUL 1   2218                      2699   -481     2745

 COOLING
  YESTERDAY        0                         0      0        0
  MONTH TO DATE    0                         0      0        0
  SINCE DEC 1      0                         0      0        0
  SINCE JAN 1    408                       249    159      383
..................................................................


WIND (MPH)
  HIGHEST WIND SPEED    MM   HIGHEST WIND DIRECTION    MM
  HIGHEST GUST SPEED    MM   HIGHEST GUST DIRECTION    MM
  AVERAGE WIND SPEED    MM


SKY COVER
  POSSIBLE SUNSHINE  MM
  AVERAGE SKY COVER  MM


WEATHER CONDITIONS
 THE FOLLOWING WEATHER WAS RECORDED YESTERDAY.
  LIGHT RAIN


RELATIVE HUMIDITY (PERCENT)
 HIGHEST    MM
 LOWEST     MM
 AVERAGE    MM

..........................................................


THE SPOKANE  WA WFO CLIMATE NORMALS FOR TODAY
                         NORMAL    RECORD    YEAR
 MAXIMUM TEMPERATURE (F)   30        MM        MM
 MINIMUM TEMPERATURE (F)   19        MM        MM


SUNRISE AND SUNSET
DECEMBER 22 2014......SUNRISE   737 AM PST   SUNSET   402 PM PST
DECEMBER 23 2014......SUNRISE   737 AM PST   SUNSET   402 PM PST


-  INDICATES NEGATIVE NUMBERS.
R  INDICATES RECORD WAS SET OR TIED.
MM INDICATES DATA IS MISSING.
T  INDICATES TRACE AMOUNT.

$$



517
CDUS46 KOTX 220827
CLISFF


CLIMATE REPORT
NATIONAL WEATHER SERVICE SPOKANE, WA
1223 AM PST MON DEC 22 2014


...................................

...THE SPOKANE WA FELTS AIRPORT CLIMATE SUMMARY FOR DECEMBER 21 2014...

CLIMATE NORMAL PERIOD 1981 TO 2010
CLIMATE RECORD PERIOD 9999 TO 9999


WEATHER ITEM   OBSERVED TIME   RECORD YEAR NORMAL DEPARTURE LAST
                VALUE   (LST)  VALUE       VALUE  FROM      YEAR
                                                  NORMAL
..................................................................
TEMPERATURE (F)
 YESTERDAY
  MAXIMUM         51    208 PM   MM    MM  35     16       32
  MINIMUM         36    830 AM   MM    MM  23     13       18
  AVERAGE         44                       29     15       25

PRECIPITATION (IN)
  YESTERDAY        T             MM    MM   0.09  -0.09     0.00
  MONTH TO DATE    1.40                     1.77  -0.37     0.52
  SINCE OCT 1      4.16                     5.41  -1.25     2.09
  SINCE JAN 1     15.57                    16.99  -1.42    13.77

SNOWFALL (IN)
  YESTERDAY       MM

DEGREE DAYS
 HEATING
  YESTERDAY       21                        36    -15       40
  MONTH TO DATE  569                       735   -166      802
  SINCE DEC 1    569                       735   -166      802
  SINCE JUL 1   1824                      2309   -485     2328

 COOLING
  YESTERDAY        0                         0      0        0
  MONTH TO DATE    0                         0      0        0
  SINCE DEC 1      0                         0      0        0
  SINCE JAN 1    639                       406    233      704
..................................................................


WIND (MPH)
  HIGHEST WIND SPEED    23   HIGHEST WIND DIRECTION    SW (240)
  HIGHEST GUST SPEED    30   HIGHEST GUST DIRECTION     W (250)
  AVERAGE WIND SPEED     7.5


SKY COVER
  POSSIBLE SUNSHINE  MM
  AVERAGE SKY COVER 0.3


WEATHER CONDITIONS
 THE FOLLOWING WEATHER WAS RECORDED YESTERDAY.
  NO SIGNIFICANT WEATHER WAS OBSERVED.


RELATIVE HUMIDITY (PERCENT)
 HIGHEST    86          1200 AM
 LOWEST     56           300 PM
 AVERAGE    71

..........................................................


THE SPOKANE WA FELTS AIRPORT CLIMATE NORMALS FOR TODAY
                         NORMAL    RECORD    YEAR
 MAXIMUM TEMPERATURE (F)   35        MM        MM
 MINIMUM TEMPERATURE (F)   23        MM        MM


SUNRISE AND SUNSET
DECEMBER 22 2014......SUNRISE   735 AM PST   SUNSET   401 PM PST
DECEMBER 23 2014......SUNRISE   736 AM PST   SUNSET   401 PM PST


-  INDICATES NEGATIVE NUMBERS.
R  INDICATES RECORD WAS SET OR TIED.
MM INDICATES DATA IS MISSING.
T  INDICATES TRACE AMOUNT.

$$



National Weather Service
Disclaimer
Last Modified: August 31, 2005
Privacy Policy