393
CDUS45 KPUB 231027
CLICOS


CLIMATE REPORT
NATIONAL WEATHER SERVICE PUEBLO
427 AM MDT THU OCT 23 2014


...................................

...THE COLORADO SPRINGS CO CLIMATE SUMMARY FOR OCTOBER 22 2014...

CLIMATE NORMAL PERIOD 1981 TO 2010
CLIMATE RECORD PERIOD 1872 TO 2014


WEATHER ITEM   OBSERVED TIME   RECORD YEAR NORMAL DEPARTURE LAST
                VALUE   (LST)  VALUE       VALUE  FROM      YEAR
                                                  NORMAL
..................................................................
TEMPERATURE (F)
 YESTERDAY
  MAXIMUM         67    139 PM  80    2003  61      6       63
                                      1975
  MINIMUM         44   1156 PM  15    1996  34     10       32
  AVERAGE         56                        47      9       48

PRECIPITATION (IN)
  YESTERDAY        0.00          0.36 1978   0.02  -0.02     0.00
  MONTH TO DATE    2.96                      0.61   2.35     0.39
  SINCE SEP 1      3.57                      1.80   1.77     5.19
  SINCE JAN 1     16.62                     15.59   1.03    18.85

SNOWFALL (IN)
  YESTERDAY        0.0           1.3  1984   0.1   -0.1      0.0
  MONTH TO DATE    T                         1.8   -1.8      0.2
  SINCE SEP 1      T                         2.0   -2.0      0.2
  SINCE JUL 1      T                         2.0   -2.0      0.2
  SNOW DEPTH       0

DEGREE DAYS
 HEATING
  YESTERDAY        9                        18     -9       17
  MONTH TO DATE  242                       311    -69      347
  SINCE SEP 1    329                       470   -141      420
  SINCE JUL 1    359                       501   -142      430

 COOLING
  YESTERDAY        0                         0      0        0
  MONTH TO DATE    0                         0      0        0
  SINCE SEP 1     60                        36     24       92
  SINCE JAN 1    487                       454     33      694
..................................................................


WIND (MPH)
  HIGHEST WIND SPEED    14   HIGHEST WIND DIRECTION    SE (150)
  HIGHEST GUST SPEED    18   HIGHEST GUST DIRECTION     S (160)
  AVERAGE WIND SPEED     6.8


SKY COVER
  POSSIBLE SUNSHINE  MM
  AVERAGE SKY COVER 0.5


WEATHER CONDITIONS
 THE FOLLOWING WEATHER WAS RECORDED YESTERDAY.
  NO SIGNIFICANT WEATHER WAS OBSERVED.


RELATIVE HUMIDITY (PERCENT)
 HIGHEST    83          1100 PM
 LOWEST     34           100 PM
 AVERAGE    59

..........................................................


THE COLORADO SPRINGS CO CLIMATE NORMALS FOR TODAY
                         NORMAL    RECORD    YEAR
 MAXIMUM TEMPERATURE (F)   61        83      2003
 MINIMUM TEMPERATURE (F)   34        15      1908


SUNRISE AND SUNSET
OCTOBER 23 2014.......SUNRISE   716 AM MDT   SUNSET   609 PM MDT
OCTOBER 24 2014.......SUNRISE   717 AM MDT   SUNSET   608 PM MDT


-  INDICATES NEGATIVE NUMBERS.
R  INDICATES RECORD WAS SET OR TIED.
MM INDICATES DATA IS MISSING.
T  INDICATES TRACE AMOUNT.




$$




397
CDUS45 KPUB 231027
CLILHX


CLIMATE REPORT
NATIONAL WEATHER SERVICE PUEBLO
427 AM MDT THU OCT 23 2014


...................................

...THE LA JUNTA CO CLIMATE SUMMARY FOR OCTOBER 22 2014...

CLIMATE NORMAL PERIOD 1981 TO 2010
CLIMATE RECORD PERIOD 9999 TO 9999


WEATHER ITEM   OBSERVED TIME   NORMAL DEPARTURE LAST
                VALUE   (LST)  VALUE  FROM      YEAR
                                      NORMAL
......................................................
TEMPERATURE (F)
 YESTERDAY
  MAXIMUM         75    341 PM  67      8       69
  MINIMUM         50    642 AM  36     14       33
  AVERAGE         63            52     11       51

PRECIPITATION (IN)
  YESTERDAY        T             0.03            0.00
  MONTH TO DATE    1.64          0.67            0.26
  SINCE SEP 1      2.66          1.50            0.97
  SINCE JAN 1     13.37         10.58            4.98

DEGREE DAYS
 HEATING
  YESTERDAY        2            13    -11       14
  MONTH TO DATE  147           212    -65      228
  SINCE SEP 1    202           281    -79      240
  SINCE JUL 1    202           285    -83      240

 COOLING
  YESTERDAY        0             0      0        0
  MONTH TO DATE    0             7     -7        8
  SINCE SEP 1    181           145     36      262
  SINCE JAN 1   1364          1223    141     1663
......................................................


WIND (MPH)
  HIGHEST WIND SPEED    20   HIGHEST WIND DIRECTION    SW (240)
  HIGHEST GUST SPEED    24   HIGHEST GUST DIRECTION    SW (230)
  AVERAGE WIND SPEED     6.7


SKY COVER
  POSSIBLE SUNSHINE  MM
  AVERAGE SKY COVER 0.1


WEATHER CONDITIONS
 THE FOLLOWING WEATHER WAS RECORDED YESTERDAY.
  LIGHT RAIN


RELATIVE HUMIDITY (PERCENT)
 HIGHEST    80           600 AM
 LOWEST     31           400 PM
 AVERAGE    56

..........................................................




SUNRISE AND SUNSET
OCTOBER 23 2014.......SUNRISE   711 AM MDT   SUNSET   606 PM MDT
OCTOBER 24 2014.......SUNRISE   712 AM MDT   SUNSET   604 PM MDT


-  INDICATES NEGATIVE NUMBERS.
R  INDICATES RECORD WAS SET OR TIED.
MM INDICATES DATA IS MISSING.
T  INDICATES TRACE AMOUNT.




$$




395
CDUS45 KPUB 231027
CLISPD


CLIMATE REPORT
NATIONAL WEATHER SERVICE PUEBLO
427 AM MDT THU OCT 23 2014


...................................

...THE SPRINGFIELD CO CLIMATE SUMMARY FOR OCTOBER 22 2014...

CLIMATE NORMAL PERIOD 1981 TO 2010
CLIMATE RECORD PERIOD 9999 TO 9999


WEATHER ITEM   OBSERVED TIME   NORMAL DEPARTURE LAST
                VALUE   (LST)  VALUE  FROM      YEAR
                                      NORMAL
......................................................
TEMPERATURE (F)
 YESTERDAY
  MAXIMUM         74    249 PM  67      7       72
  MINIMUM         44   1115 PM  36      8       37
  AVERAGE         59                            55

PRECIPITATION (IN)
  YESTERDAY        0.00          0.04  -0.04     0.00
  MONTH TO DATE    1.06          1.02   0.04     0.21
  SINCE SEP 1      2.31          2.35  -0.04     3.71
  SINCE JAN 1     12.95         16.09  -3.14    13.45

DEGREE DAYS
 HEATING
  YESTERDAY        6            13     -7       10
  MONTH TO DATE  193           216    -23      261
  SINCE SEP 1    256           299    -43      288
  SINCE JUL 1    262           306    -44      289

 COOLING
  YESTERDAY        0             0      0        0
  MONTH TO DATE    0             9     -9        2
  SINCE SEP 1    125           125      0      194
  SINCE JAN 1   1040          1026     14     1358
......................................................


WIND (MPH)
  HIGHEST WIND SPEED    18   HIGHEST WIND DIRECTION     S (190)
  HIGHEST GUST SPEED    25   HIGHEST GUST DIRECTION     S (200)
  AVERAGE WIND SPEED     8.9


SKY COVER
  POSSIBLE SUNSHINE  MM



RELATIVE HUMIDITY (PERCENT)
 HIGHEST    93           700 AM
 LOWEST     33           100 PM
 AVERAGE    63

..........................................................


THE SPRINGFIELD CO CLIMATE NORMALS FOR TODAY
                         NORMAL    RECORD    YEAR
 MAXIMUM TEMPERATURE (F)   67        MM        MM
 MINIMUM TEMPERATURE (F)   36        MM        MM


SUNRISE AND SUNSET
OCTOBER 23 2014.......SUNRISE   706 AM MDT   SUNSET   603 PM MDT
OCTOBER 24 2014.......SUNRISE   707 AM MDT   SUNSET   602 PM MDT


-  INDICATES NEGATIVE NUMBERS.
R  INDICATES RECORD WAS SET OR TIED.
MM INDICATES DATA IS MISSING.
T  INDICATES TRACE AMOUNT.




$$




National Weather Service
Disclaimer
Last Modified: August 31, 2005
Privacy Policy