461
CDUS43 KDDC 021458
CLIP28


CLIMATE REPORT
NATIONAL WEATHER SERVICE DODGE CITY KS
958 AM CDT TUE SEP 2 2014


...................................

...THE MEDICINE LODGE KS CLIMATE SUMMARY FOR SEPTEMBER 2 2014...
VALID AS OF 0800 AM LOCAL TIME.

CLIMATE NORMAL PERIOD 1981 TO 2010
CLIMATE RECORD PERIOD 1893 TO 2014


WEATHER ITEM   OBSERVED TIME   RECORD YEAR NORMAL DEPARTURE LAST
                VALUE   (LST)  VALUE       VALUE  FROM      YEAR
                                                  NORMAL
..................................................................
TEMPERATURE (F)
 TODAY
  MAXIMUM         74    139 AM 107    1939  89    -15       90
  MINIMUM         66    605 AM  46    1952  64      2       57
  AVERAGE         70                        76     -6       74

PRECIPITATION (IN)
  TODAY            0.34          0.92 1923   0.08   0.26     0.00
  MONTH TO DATE    0.34                      0.17   0.17     0.00
  SINCE SEP 1      0.34                      0.17   0.17     0.00
  SINCE JAN 1     17.85                     20.52  -2.67    21.64

..................................................................


WIND (MPH)
  HIGHEST WIND SPEED    21   HIGHEST WIND DIRECTION     E (90)
  HIGHEST GUST SPEED    27   HIGHEST GUST DIRECTION     E (70)



WEATHER CONDITIONS
 THE FOLLOWING WEATHER WAS RECORDED TODAY.
  NO SIGNIFICANT WEATHER WAS OBSERVED.


RELATIVE HUMIDITY (PERCENT)
 HIGHEST    93

..........................................................


THE MEDICINE LODGE KS CLIMATE NORMALS FOR TOMORROW
                         NORMAL    RECORD    YEAR
 MAXIMUM TEMPERATURE (F)   89       112      1939
 MINIMUM TEMPERATURE (F)   64        40      1974


SUNRISE AND SUNSET
SEPTEMBER  2 2014.....SUNRISE   706 AM CDT   SUNSET   802 PM CDT
SEPTEMBER  3 2014.....SUNRISE   706 AM CDT   SUNSET   800 PM CDT


-  INDICATES NEGATIVE NUMBERS.
R  INDICATES RECORD WAS SET OR TIED.
MM INDICATES DATA IS MISSING.
T  INDICATES TRACE AMOUNT.




$$




460
CDUS43 KDDC 021458
CLIGCK


CLIMATE REPORT
NATIONAL WEATHER SERVICE DODGE CITY KS
958 AM CDT TUE SEP 2 2014


...................................

...THE GARDEN CITY REGIONAL ARPT KS CLIMATE SUMMARY FOR SEPTEMBER 2 2014...
VALID AS OF 0800 AM LOCAL TIME.

CLIMATE NORMAL PERIOD 1981 TO 2010
CLIMATE RECORD PERIOD 1948 TO 2014


WEATHER ITEM   OBSERVED TIME   RECORD YEAR NORMAL DEPARTURE LAST
                VALUE   (LST)  VALUE       VALUE  FROM      YEAR
                                                  NORMAL
..................................................................
TEMPERATURE (F)
 TODAY
  MAXIMUM         66    759 AM 104    2012  87    -21       90
  MINIMUM         64    424 AM  45    1974  60      4       57
  AVERAGE         65                        74     -9       74

PRECIPITATION (IN)
  TODAY            T             2.30 1996   0.05  -0.05     0.00
  MONTH TO DATE    T                         0.11  -0.11     0.03
  SINCE SEP 1      T                         0.11  -0.11     0.03
  SINCE JAN 1     17.65                     15.76   1.89    10.20

..................................................................


WIND (MPH)
  HIGHEST WIND SPEED    17   HIGHEST WIND DIRECTION    NE (30)
  HIGHEST GUST SPEED    22   HIGHEST GUST DIRECTION    NE (30)



WEATHER CONDITIONS
 THE FOLLOWING WEATHER WAS RECORDED TODAY.
  FOG


RELATIVE HUMIDITY (PERCENT)
 HIGHEST   100

..........................................................


THE GARDEN CITY REGIONAL ARPT KS CLIMATE NORMALS FOR TOMORROW
                         NORMAL    RECORD    YEAR
 MAXIMUM TEMPERATURE (F)   87       100      1983
 MINIMUM TEMPERATURE (F)   60        36      1974


SUNRISE AND SUNSET
SEPTEMBER  2 2014.....SUNRISE   714 AM CDT   SUNSET   811 PM CDT
SEPTEMBER  3 2014.....SUNRISE   714 AM CDT   SUNSET   809 PM CDT


-  INDICATES NEGATIVE NUMBERS.
R  INDICATES RECORD WAS SET OR TIED.
MM INDICATES DATA IS MISSING.
T  INDICATES TRACE AMOUNT.




$$




National Weather Service
Disclaimer
Last Modified: August 31, 2005
Privacy Policy