479
CDUS43 KEAX 211233
CLIDMO


CLIMATE REPORT
NATIONAL WEATHER SERVICE KANSAS CITY/PLEASANT HILL MO
633 AM CST SUN DEC 21 2014


...................................

...THE SEDALIA MO CLIMATE SUMMARY FOR DECEMBER 21 2014...
VALID AS OF 0600 AM LOCAL TIME.

CLIMATE NORMAL PERIOD 1981 TO 2010
CLIMATE RECORD PERIOD 9999 TO 9999


WEATHER ITEM   OBSERVED TIME   NORMAL DEPARTURE LAST
                VALUE   (LST)  VALUE  FROM      YEAR
                                      NORMAL
......................................................
TEMPERATURE (F)
 TODAY
  MAXIMUM         42    527 AM  42      0       31
  MINIMUM         41    559 AM  25     16       27
  AVERAGE         42            33      9       29

PRECIPITATION (IN)
  TODAY            0.00          0.09  -0.09     0.43
  MONTH TO DATE    1.61          1.47   0.14     1.63
  SINCE DEC 1      1.61          1.47   0.14     1.63
  SINCE JAN 1     34.94         40.26  -5.32    40.69

DEGREE DAYS
 HEATING
  TODAY           23            32     -9       36
  MONTH TO DATE  551           609    -58      662
  SINCE DEC 1    551           609    -58      662
  SINCE JUL 1   1536          1454     82     1611

 COOLING
  TODAY            0             0      0        0
  MONTH TO DATE    0             0      0        0
  SINCE DEC 1      0             0      0        0
  SINCE JAN 1   1409          1490    -81     1485
......................................................


WIND (MPH)
  HIGHEST WIND SPEED    15   HIGHEST WIND DIRECTION    SW (210)
  HIGHEST GUST SPEED    18   HIGHEST GUST DIRECTION    SW (210)
  AVERAGE WIND SPEED     8.5


SKY COVER
  AVERAGE SKY COVER 1.0


WEATHER CONDITIONS
 THE FOLLOWING WEATHER WAS RECORDED TODAY.
  NO SIGNIFICANT WEATHER WAS OBSERVED.


RELATIVE HUMIDITY (PERCENT)
 HIGHEST    79          1200 AM
 LOWEST     76           100 AM
 AVERAGE    78

..........................................................


THE SEDALIA MO CLIMATE NORMALS FOR TOMORROW
                         NORMAL
 MAXIMUM TEMPERATURE (F)   42
 MINIMUM TEMPERATURE (F)   24


SUNRISE AND SUNSET
DECEMBER 21 2014......SUNRISE   727 AM CST   SUNSET   454 PM CST
DECEMBER 22 2014......SUNRISE   727 AM CST   SUNSET   455 PM CST


-  INDICATES NEGATIVE NUMBERS.
R  INDICATES RECORD WAS SET OR TIED.
MM INDICATES DATA IS MISSING.
T  INDICATES TRACE AMOUNT.




$$




National Weather Service
Disclaimer
Last Modified: August 31, 2005
Privacy Policy