802
CDUS46 KPDT 230848
CLIRDM

CLIMATE REPORT
NATIONAL WEATHER SERVICE PENDLETON OR
150 AM PDT THU OCT 23 2014


...................................

...THE REDMOND OR CLIMATE SUMMARY FOR OCTOBER 22 2014...

CLIMATE NORMAL PERIOD 1981 TO 2010
CLIMATE RECORD PERIOD 1949 TO 2014


WEATHER ITEM   OBSERVED TIME   RECORD YEAR NORMAL DEPARTURE LAST
                VALUE   (LST)  VALUE       VALUE  FROM      YEAR
                                                  NORMAL
..................................................................
TEMPERATURE (F)
 YESTERDAY
  MAXIMUM         63    316 PM  85    1999  61      2       72
  MINIMUM         45   1200 AM  16    1980  30     15       26
  AVERAGE         54                        45      9       49

PRECIPITATION (IN)
  YESTERDAY        T             0.46 1973   0.03  -0.03     0.00
  MONTH TO DATE    0.26                      0.41  -0.15     0.05
  SINCE OCT 1      0.26                      0.41  -0.15     0.05
  SINCE JAN 1      5.68                      6.55  -0.87     4.14

DEGREE DAYS
 HEATING
  YESTERDAY       11                        20     -9       16
  MONTH TO DATE  219                       356   -137      462
  SINCE SEP 1    405                       606   -201      692
  SINCE JUL 1    479                       755   -276      728

 COOLING
  YESTERDAY        0                         0      0        0
  MONTH TO DATE    0                         0      0        0
  SINCE SEP 1     14                        16     -2       36
  SINCE JAN 1    311                       222     89      350
..................................................................


WIND (MPH)
  RESULTANT WIND SPEED  12   RESULTANT WIND DIRECTION   S (180)
  HIGHEST WIND SPEED    25   HIGHEST WIND DIRECTION     S (190)
  HIGHEST GUST SPEED    32   HIGHEST GUST DIRECTION     S (200)
  AVERAGE WIND SPEED    12.7


SKY COVER
  POSSIBLE SUNSHINE  MM
  AVERAGE SKY COVER 0.8


WEATHER CONDITIONS
 THE FOLLOWING WEATHER WAS RECORDED YESTERDAY.
  NO SIGNIFICANT WEATHER WAS OBSERVED.


RELATIVE HUMIDITY (PERCENT)
 HIGHEST    71           100 AM
 LOWEST     39           200 PM
 AVERAGE    55

..........................................................


THE REDMOND OR CLIMATE NORMALS FOR TODAY
                         NORMAL    RECORD    YEAR
 MAXIMUM TEMPERATURE (F)   60        82      1965
 MINIMUM TEMPERATURE (F)   30        18      1980


SUNRISE AND SUNSET
OCTOBER 23 2014.......SUNRISE   730 AM PDT   SUNSET   607 PM PDT
OCTOBER 24 2014.......SUNRISE   731 AM PDT   SUNSET   606 PM PDT


-  INDICATES NEGATIVE NUMBERS.
R  INDICATES RECORD WAS SET OR TIED.
MM INDICATES DATA IS MISSING.
T  INDICATES TRACE AMOUNT.




$$







072
CDUS42 KILM 230848
CLILBT


CLIMATE REPORT
NATIONAL WEATHER SERVICE WILMINGTON NC
447 AM EDT THU OCT 23 2014


...................................

...THE LUMBERTON NC CLIMATE SUMMARY FOR OCTOBER 22 2014...

CLIMATE NORMAL PERIOD 1981 TO 2010
CLIMATE RECORD PERIOD 9999 TO 9999


WEATHER ITEM   OBSERVED TIME   NORMAL DEPARTURE LAST
                VALUE   (LST)  VALUE  FROM      YEAR
                                      NORMAL
......................................................
TEMPERATURE (F)
 YESTERDAY
  MAXIMUM         71    225 PM  74     -3       68
  MINIMUM         47    439 AM  49     -2       55
  AVERAGE         59            61     -2       62

PRECIPITATION (IN)
  YESTERDAY        0.00          0.06  -0.06      T
  MONTH TO DATE    0.60          2.06  -1.46     0.26
  SINCE SEP 1      4.52          6.86  -2.34     1.66
  SINCE JAN 1     36.68         37.25  -0.57    37.64

DEGREE DAYS
 HEATING
  YESTERDAY        6             5      1        3
  MONTH TO DATE   47            64    -17       25
  SINCE SEP 1     53            73    -20       25
  SINCE JUL 1     53            73    -20       25

 COOLING
  YESTERDAY        0             2     -2        0
  MONTH TO DATE   87            61     26       80
  SINCE SEP 1    385           310     75      336
  SINCE JAN 1   2042          1882    160     1847
......................................................


WIND (MPH)
  HIGHEST WIND SPEED    17   HIGHEST WIND DIRECTION    NW (330)
  HIGHEST GUST SPEED    26   HIGHEST GUST DIRECTION    NW (320)
  AVERAGE WIND SPEED     9.4


SKY COVER
  POSSIBLE SUNSHINE  MM
  AVERAGE SKY COVER 0.1


WEATHER CONDITIONS
 THE FOLLOWING WEATHER WAS RECORDED YESTERDAY.
  NO SIGNIFICANT WEATHER WAS OBSERVED.


RELATIVE HUMIDITY (PERCENT)
 HIGHEST    77           400 AM
 LOWEST     37           200 PM
 AVERAGE    57

..........................................................


THE LUMBERTON NC CLIMATE NORMALS FOR TODAY
                         NORMAL
 MAXIMUM TEMPERATURE (F)   74
 MINIMUM TEMPERATURE (F)   49


SUNRISE AND SUNSET
OCTOBER 23 2014.......SUNRISE   729 AM EDT   SUNSET   632 PM EDT
OCTOBER 24 2014.......SUNRISE   729 AM EDT   SUNSET   631 PM EDT


-  INDICATES NEGATIVE NUMBERS.
R  INDICATES RECORD WAS SET OR TIED.
MM INDICATES DATA IS MISSING.
T  INDICATES TRACE AMOUNT.




$$




National Weather Service
Disclaimer
Last Modified: August 31, 2005
Privacy Policy