554
CDUS43 KUNR 221856
CLIUNR


CLIMATE REPORT
NATIONAL WEATHER SERVICE RAPID CITY SD
1155 AM MST SAT NOV 22 2014


...................................

...THE EAST RAPID CITY SD CLIMATE SUMMARY FOR NOVEMBER 22 2014...
VALID AS OF 1100 AM LOCAL TIME.

CLIMATE NORMAL PERIOD 1981 TO 2010
CLIMATE RECORD PERIOD 1888 TO 2014


WEATHER ITEM   OBSERVED RECORD YEAR NORMAL DEPARTURE LAST
                VALUE   VALUE       VALUE  FROM      YEAR
                                           NORMAL
...........................................................
TEMPERATURE (F)
 TODAY
  MAXIMUM         55     70    1939  42     13       37
  MINIMUM         26     -7    1898  25      1       14
  AVERAGE         41                 34      7       26

PRECIPITATION (IN)
  TODAY            0.00   0.16 1895   0.02  -0.02     0.00
  MONTH TO DATE    0.45               0.53  -0.08     0.32
  SINCE SEP 1      5.74               3.72   2.02     6.71
  SINCE JAN 1     23.14              19.40   3.74    22.46

SNOWFALL (IN)
  TODAY            0.0    3.0  2010   0.2   -0.2      0.0
  MONTH TO DATE   10.2                4.8    5.4      4.3
  SINCE SEP 1     11.8                7.2    4.6     29.8
  SINCE JUL 1     11.8                7.2    4.6     29.8
  SNOW DEPTH       T

DEGREE DAYS
 HEATING
  TODAY           24                 31     -7       39
  MONTH TO DATE  772                585    187      603
  SINCE SEP 1   1326               1284     42     1328
  SINCE JUL 1   1350               1314     36     1334

 COOLING
  TODAY            0                  0      0        0
  MONTH TO DATE    0                  0      0        0
  SINCE SEP 1     78                 70      8      145
  SINCE JAN 1    514                665   -151      830
...........................................................





WEATHER CONDITIONS
 THE FOLLOWING WEATHER WAS RECORDED TODAY.
  NO SIGNIFICANT WEATHER WAS OBSERVED.


..........................................................


THE EAST RAPID CITY SD CLIMATE NORMALS FOR TOMORROW
                         NORMAL    RECORD    YEAR
 MAXIMUM TEMPERATURE (F)   42        67      1915
 MINIMUM TEMPERATURE (F)   25       -11      1918


SUNRISE AND SUNSET
NOVEMBER 22 2014......SUNRISE   657 AM MST   SUNSET   421 PM MST
NOVEMBER 23 2014......SUNRISE   658 AM MST   SUNSET   420 PM MST


-  INDICATES NEGATIVE NUMBERS.
R  INDICATES RECORD WAS SET OR TIED.
MM INDICATES DATA IS MISSING.
T  INDICATES TRACE AMOUNT.




$$




National Weather Service
Disclaimer
Last Modified: August 31, 2005
Privacy Policy