174
CDHW40 PHFO 181245
CLIHNL


CLIMATE REPORT
NATIONAL WEATHER SERVICE HONOLULU HI
245 AM HST FRI APR 18 2014


...................................

...THE HONOLULU HI CLIMATE SUMMARY FOR APRIL 17 2014...

CLIMATE NORMAL PERIOD 1981 TO 2010
CLIMATE RECORD PERIOD 1946 TO 2014


WEATHER ITEM   OBSERVED TIME   RECORD YEAR NORMAL DEPARTURE LAST
                VALUE   (LST)  VALUE       VALUE  FROM      YEAR
                                                  NORMAL
..................................................................
TEMPERATURE (F)
 YESTERDAY
  MAXIMUM         85    303 PM  88    1988  83      2       84
  MINIMUM         73    547 AM  63    1949  70      3       72
  AVERAGE         79                        76      3       78

PRECIPITATION (IN)
  YESTERDAY        T             0.14 1954   0.01  -0.01     0.00
  MONTH TO DATE    0.16                      0.44  -0.28     0.78
  SINCE MAR 1      2.77                      2.46   0.31     3.73
  SINCE JAN 1      6.45                      6.76  -0.31     6.80

SNOWFALL (IN)
  YESTERDAY        0.0
  MONTH TO DATE    0.0
  SINCE MAR 1      0.0
  SINCE JUL 1      0.0
  SNOW DEPTH       0

DEGREE DAYS
 HEATING
  YESTERDAY        0                         0      0        0
  MONTH TO DATE    0                         0      0        0
  SINCE MAR 1      0                         0      0        0
  SINCE JUL 1      0                         0      0        0

 COOLING
  YESTERDAY       14                        11      3       13
  MONTH TO DATE  200                       187     13      171
  SINCE MAR 1    509                       480     29      428
  SINCE JAN 1   1028                       962     66      926
..................................................................


WIND (MPH)
  HIGHEST WIND SPEED    24   HIGHEST WIND DIRECTION     E (70)
  HIGHEST GUST SPEED    29   HIGHEST GUST DIRECTION     E (70)
  AVERAGE WIND SPEED    12.1


SKY COVER
  POSSIBLE SUNSHINE  MM
  AVERAGE SKY COVER 0.5


WEATHER CONDITIONS
 THE FOLLOWING WEATHER WAS RECORDED YESTERDAY.
  LIGHT RAIN


RELATIVE HUMIDITY (PERCENT)
 HIGHEST    84          1100 PM
 LOWEST     51           100 PM
 AVERAGE    68

..........................................................


THE HONOLULU HI CLIMATE NORMALS FOR TODAY
                         NORMAL    RECORD    YEAR
 MAXIMUM TEMPERATURE (F)   83        89      1996
 MINIMUM TEMPERATURE (F)   70        62      1989


SUNRISE AND SUNSET
APRIL 18 2014.........SUNRISE   610 AM HST   SUNSET   652 PM HST
APRIL 19 2014.........SUNRISE   609 AM HST   SUNSET   653 PM HST


-  INDICATES NEGATIVE NUMBERS.
R  INDICATES RECORD WAS SET OR TIED.
MM INDICATES DATA IS MISSING.
T  INDICATES TRACE AMOUNT.




$$




941
CDHW42 PHFO 181245
CLIOGG


CLIMATE REPORT
NATIONAL WEATHER SERVICE HONOLULU HI
245 AM HST FRI APR 18 2014


...................................

...THE KAHULUI HI CLIMATE SUMMARY FOR APRIL 17 2014...

CLIMATE NORMAL PERIOD 1981 TO 2010
CLIMATE RECORD PERIOD 1946 TO 2014


WEATHER ITEM   OBSERVED TIME   RECORD YEAR NORMAL DEPARTURE LAST
                VALUE   (LST)  VALUE       VALUE  FROM      YEAR
                                                  NORMAL
..................................................................
TEMPERATURE (F)
 YESTERDAY
  MAXIMUM         84    329 PM  91    1981  82      2       87
  MINIMUM         71    523 AM  58    1952  66      5       62
  AVERAGE         78                        74      4       75

PRECIPITATION (IN)
  YESTERDAY        0.01          3.27 1950   0.05  -0.04     0.01
  MONTH TO DATE    1.65                      1.03   0.62     0.01
  SINCE MAR 1      5.40                      3.48   1.92     1.19
  SINCE JAN 1     12.05                      8.24   3.81     6.14

SNOWFALL (IN)
  YESTERDAY        0.0
  MONTH TO DATE    0.0
  SINCE MAR 1      0.0
  SINCE JUL 1      0.0
  SNOW DEPTH       0

DEGREE DAYS
 HEATING
  YESTERDAY        0                         0      0        0
  MONTH TO DATE    0                         0      0        0
  SINCE MAR 1      0                         0      0        0
  SINCE JUL 1      0                         0      0        0

 COOLING
  YESTERDAY       13                         9      4       10
  MONTH TO DATE  166                       153     13      162
  SINCE MAR 1    459                       398     61      395
  SINCE JAN 1    970                       807    163      828
..................................................................


WIND (MPH)
  HIGHEST WIND SPEED    26   HIGHEST WIND DIRECTION    NE (40)
  HIGHEST GUST SPEED    36   HIGHEST GUST DIRECTION    NE (40)
  AVERAGE WIND SPEED    15.4


SKY COVER
  POSSIBLE SUNSHINE  MM
  AVERAGE SKY COVER 0.4


WEATHER CONDITIONS
 THE FOLLOWING WEATHER WAS RECORDED YESTERDAY.
  LIGHT RAIN


RELATIVE HUMIDITY (PERCENT)
 HIGHEST    87          1000 PM
 LOWEST     58           200 PM
 AVERAGE    73

..........................................................


THE KAHULUI HI CLIMATE NORMALS FOR TODAY
                         NORMAL    RECORD    YEAR
 MAXIMUM TEMPERATURE (F)   83        89      1951
 MINIMUM TEMPERATURE (F)   66        60      1973


SUNRISE AND SUNSET
APRIL 18 2014.........SUNRISE   604 AM HST   SUNSET   646 PM HST
APRIL 19 2014.........SUNRISE   604 AM HST   SUNSET   646 PM HST


-  INDICATES NEGATIVE NUMBERS.
R  INDICATES RECORD WAS SET OR TIED.
MM INDICATES DATA IS MISSING.
T  INDICATES TRACE AMOUNT.




$$




National Weather Service
Disclaimer
Last Modified: August 31, 2005
Privacy Policy