456
CDUS46 KSGX 271417
CLIRNM


CLIMATE REPORT
NATIONAL WEATHER SERVICE SAN DIEGO, CA
617 AM PST THU NOV 27 2014


...................................

...THE RAMONA AIRPORT CA CLIMATE SUMMARY FOR NOVEMBER 26 2014...

CLIMATE NORMAL PERIOD 1981 TO 2010
CLIMATE RECORD PERIOD 1974 TO 2014


WEATHER ITEM   OBSERVED TIME   RECORD YEAR NORMAL DEPARTURE LAST
                VALUE   (LST)  VALUE       VALUE  FROM      YEAR
                                                  NORMAL
..................................................................
TEMPERATURE (F)
 YESTERDAY
  MAXIMUM         87   1217 PM  93    1977  68     19       75
  MINIMUM         36    642 AM  25    2010  37     -1       34
  AVERAGE         62                        52     10       55

PRECIPITATION (IN)
  YESTERDAY        0.00          1.19 2008   0.04  -0.04     0.00
  MONTH TO DATE    0.93                      1.05  -0.12     0.20
  SINCE JUL 1      1.34                      2.34  -1.00     1.91
  SINCE JAN 1      6.43                     13.67  -7.24     6.41

SNOWFALL (IN)
  YESTERDAY        0.0
  MONTH TO DATE    0.0
  SINCE JAN 1      0.0
  SINCE JUL 1      0.0
  SNOW DEPTH       0

DEGREE DAYS
 HEATING
  YESTERDAY        3                        13    -10       10
  MONTH TO DATE  159                       238    -79      236
  SINCE SEP 1    175                       354   -179      387
  SINCE JUL 1    175                       357   -182      388

 COOLING
  YESTERDAY        0                         0      0        0
  MONTH TO DATE    2                         4     -2        5
  SINCE SEP 1    380                       235    145      234
  SINCE JAN 1   1119                       848    271      898
..................................................................


WIND (MPH)
  RESULTANT WIND SPEED   2   RESULTANT WIND DIRECTION   N (10)
  HIGHEST WIND SPEED    14   HIGHEST WIND DIRECTION    NW (300)
  HIGHEST GUST SPEED    16   HIGHEST GUST DIRECTION    NW (300)
  AVERAGE WIND SPEED     3.8


SKY COVER
  POSSIBLE SUNSHINE  MM
  AVERAGE SKY COVER 0.0


WEATHER CONDITIONS
 THE FOLLOWING WEATHER WAS RECORDED YESTERDAY.
  NO SIGNIFICANT WEATHER WAS OBSERVED.


RELATIVE HUMIDITY (PERCENT)
 HIGHEST    70           600 AM
 LOWEST      7          1200 PM
 AVERAGE    39

..........................................................


THE RAMONA AIRPORT CA CLIMATE NORMALS FOR TODAY
                         NORMAL    RECORD    YEAR
 MAXIMUM TEMPERATURE (F)   67        90      1977
 MINIMUM TEMPERATURE (F)   37        22      2010


SUNRISE AND SUNSET
NOVEMBER 27 2014......SUNRISE   629 AM PST   SUNSET   441 PM PST
NOVEMBER 28 2014......SUNRISE   630 AM PST   SUNSET   441 PM PST


-  INDICATES NEGATIVE NUMBERS.
R  INDICATES RECORD WAS SET OR TIED.
MM INDICATES DATA IS MISSING.
T  INDICATES TRACE AMOUNT.




$$




National Weather Service
Disclaimer
Last Modified: August 31, 2005
Privacy Policy