814
CDUS43 KDDC 201025
CLIP28


CLIMATE REPORT
NATIONAL WEATHER SERVICE DODGE CITY KS
524 AM CDT WED AUG 20 2014


...................................

...THE MEDICINE LODGE KS CLIMATE SUMMARY FOR AUGUST 19 2014...

CLIMATE NORMAL PERIOD 1981 TO 2010
CLIMATE RECORD PERIOD 1893 TO 2014


WEATHER ITEM   OBSERVED TIME   RECORD YEAR NORMAL DEPARTURE LAST
                VALUE   (LST)  VALUE       VALUE  FROM      YEAR
                                                  NORMAL
..................................................................
TEMPERATURE (F)
 YESTERDAY
  MAXIMUM         96    406 PM 109    1899  92      4       88
  MINIMUM         74    430 AM  52    1956  68      6       66
  AVERAGE         85                        80      5       77

PRECIPITATION (IN)
  YESTERDAY        0.00          2.22 1961   0.11  -0.11     0.00
  MONTH TO DATE    1.13                      1.83  -0.70     6.29
  SINCE JUN 1     13.74                      9.32   4.42    11.29
  SINCE JAN 1     16.63                     19.06  -2.43    21.64

SNOWFALL (IN)
  YESTERDAY        0.0          MM      MM   0.0             0.0
  MONTH TO DATE    0.0                       0.0             0.0
  SINCE JUN 1      0.0                       0.0             0.0
  SINCE JUL 1      0.0                       0.0             0.0
  SNOW DEPTH       0

DEGREE DAYS
 HEATING
  YESTERDAY        0                         0      0
  MONTH TO DATE    0                         0      0
  SINCE JUN 1      5                         3      2
  SINCE JUL 1      5                         0      5

 COOLING
  YESTERDAY       20                        15      5       12
  MONTH TO DATE  284                       311    -27      218
  SINCE JUN 1    995                      1192   -197     1097
  SINCE JAN 1   1264                      1348    -84     1240
..................................................................


WIND (MPH)
  HIGHEST WIND SPEED    23   HIGHEST WIND DIRECTION     N (350)
  HIGHEST GUST SPEED    33   HIGHEST GUST DIRECTION     N (340)
  AVERAGE WIND SPEED     9.7




RELATIVE HUMIDITY (PERCENT)
 HIGHEST    60           300 AM
 LOWEST     32           500 AM
 AVERAGE    46

..........................................................


THE MEDICINE LODGE KS CLIMATE NORMALS FOR TODAY
                         NORMAL    RECORD    YEAR
 MAXIMUM TEMPERATURE (F)   92       110      1896
 MINIMUM TEMPERATURE (F)   68        48      1950


SUNRISE AND SUNSET
AUGUST 20 2014........SUNRISE   655 AM CDT   SUNSET   820 PM CDT
AUGUST 21 2014........SUNRISE   656 AM CDT   SUNSET   819 PM CDT


-  INDICATES NEGATIVE NUMBERS.
R  INDICATES RECORD WAS SET OR TIED.
MM INDICATES DATA IS MISSING.
T  INDICATES TRACE AMOUNT.




$$




812
CDUS43 KDDC 201025
CLIGCK


CLIMATE REPORT
NATIONAL WEATHER SERVICE DODGE CITY KS
524 AM CDT WED AUG 20 2014


...................................

...THE GARDEN CITY REGIONAL ARPT KS CLIMATE SUMMARY FOR AUGUST 19 2014...

CLIMATE NORMAL PERIOD 1981 TO 2010
CLIMATE RECORD PERIOD 1948 TO 2014


WEATHER ITEM   OBSERVED TIME   RECORD YEAR NORMAL DEPARTURE LAST
                VALUE   (LST)  VALUE       VALUE  FROM      YEAR
                                                  NORMAL
..................................................................
TEMPERATURE (F)
 YESTERDAY
  MAXIMUM         95    120 PM 103    2011  90      5       86
  MINIMUM         64    627 AM  49    2012  64      0       63
  AVERAGE         80                        77      3       75

PRECIPITATION (IN)
  YESTERDAY        0.03          0.74 2006   0.08  -0.05     0.00
  MONTH TO DATE    0.71                      1.67  -0.96     4.92
  SINCE JUN 1     15.15                      7.93   7.22     8.59
  SINCE JAN 1     16.51                     14.87   1.64    10.16

DEGREE DAYS
 HEATING
  YESTERDAY        0                         0      0
  MONTH TO DATE    0                         0      0
  SINCE JUN 1     21                        17      4
  SINCE JUL 1     10                         1      9

 COOLING
  YESTERDAY       15                        12      3
  MONTH TO DATE  239                       239      0
  SINCE JUN 1    855                       901    -46
  SINCE JAN 1    998                       990      8
..................................................................


WIND (MPH)
  HIGHEST WIND SPEED    23   HIGHEST WIND DIRECTION    SE (130)
  HIGHEST GUST SPEED    31   HIGHEST GUST DIRECTION    SE (150)
  AVERAGE WIND SPEED    13.6



WEATHER CONDITIONS
 THE FOLLOWING WEATHER WAS RECORDED YESTERDAY.
  NO SIGNIFICANT WEATHER WAS OBSERVED.


RELATIVE HUMIDITY (PERCENT)
 HIGHEST    87           500 AM
 LOWEST     28           300 PM
 AVERAGE    58

..........................................................


THE GARDEN CITY REGIONAL ARPT KS CLIMATE NORMALS FOR TODAY
                         NORMAL    RECORD    YEAR
 MAXIMUM TEMPERATURE (F)   89       104      2007
                                             1987
 MINIMUM TEMPERATURE (F)   64        46      1950


SUNRISE AND SUNSET
AUGUST 20 2014........SUNRISE   702 AM CDT   SUNSET   829 PM CDT
AUGUST 21 2014........SUNRISE   703 AM CDT   SUNSET   828 PM CDT


-  INDICATES NEGATIVE NUMBERS.
R  INDICATES RECORD WAS SET OR TIED.
MM INDICATES DATA IS MISSING.
T  INDICATES TRACE AMOUNT.




$$




National Weather Service
Disclaimer
Last Modified: August 31, 2005
Privacy Policy