400
CDUS44 KBMX 220942
CLITOI


CLIMATE REPORT
NATIONAL WEATHER SERVICE BIRMINGHAM, AL
441 AM CDT FRI AUG 22 2014


...................................

...THE TROY CLIMATE SUMMARY FOR AUGUST 21 2014...

CLIMATE NORMAL PERIOD 1981 TO 2010
CLIMATE RECORD PERIOD 9999 TO 9999


WEATHER ITEM   OBSERVED TIME   RECORD YEAR NORMAL DEPARTURE LAST
                VALUE   (LST)  VALUE       VALUE  FROM      YEAR
                                                  NORMAL
..................................................................
TEMPERATURE (F)
 YESTERDAY
  MAXIMUM         96    327 PM  MM      MM  91      5       91
  MINIMUM         72    552 AM  MM      MM  70      2       70
  AVERAGE         84                        80      4       81

PRECIPITATION (IN)
  YESTERDAY        0.00                      0.12  -0.12      T
  MONTH TO DATE    2.87                      3.50  -0.63     2.95
  SINCE JUN 1      7.78                     14.00  -6.22    22.27
  SINCE JAN 1     37.84                     36.83   1.01    45.43

DEGREE DAYS
 COOLING
  YESTERDAY       19                        15      4       16
  MONTH TO DATE  331                       330      1      323
  SINCE JUN 1   1224                      1203     21     1216
  SINCE JAN 1   1546                      1490     56     1508
..................................................................


WIND (MPH)
  HIGHEST WIND SPEED     9   HIGHEST WIND DIRECTION     W (290)
  HIGHEST GUST SPEED    15   HIGHEST GUST DIRECTION     W (280)
  AVERAGE WIND SPEED     2.5


SKY COVER
  AVERAGE SKY COVER 0.1


WEATHER CONDITIONS
 THE FOLLOWING WEATHER WAS RECORDED YESTERDAY.
  FOG


RELATIVE HUMIDITY (PERCENT)
 HIGHEST    94          1200 AM
 LOWEST     46           100 PM
 AVERAGE    70

..........................................................


THE TROY CLIMATE NORMALS FOR TODAY
                         NORMAL    RECORD    YEAR
 MAXIMUM TEMPERATURE (F)   91        MM        MM
 MINIMUM TEMPERATURE (F)   69        MM        MM


SUNRISE AND SUNSET
AUGUST 22 2014........SUNRISE   613 AM CDT   SUNSET   720 PM CDT
AUGUST 23 2014........SUNRISE   614 AM CDT   SUNSET   719 PM CDT


-  INDICATES NEGATIVE NUMBERS.
R  INDICATES RECORD WAS SET OR TIED.
MM INDICATES DATA IS MISSING.
T  INDICATES TRACE AMOUNT.




$$




398
CDUS44 KBMX 220942
CLIAUO


CLIMATE REPORT
NATIONAL WEATHER SERVICE BIRMINGHAM, AL
441 AM CDT FRI AUG 22 2014


...................................

...THE AUBURN    AWOS CLIMATE SUMMARY FOR AUGUST 21 2014...

CLIMATE NORMAL PERIOD 9999 TO 9999
CLIMATE RECORD PERIOD 9999 TO 9999


WEATHER ITEM   OBSERVED TIME   RECORD YEAR NORMAL DEPARTURE LAST
                VALUE   (LST)  VALUE       VALUE  FROM      YEAR
                                                  NORMAL
..................................................................
TEMPERATURE (F)
 YESTERDAY
  MAXIMUM         93        MM  MM      MM  MM     MM       84
  MINIMUM         70        MM  MM      MM  MM     MM       66
  AVERAGE         82                        MM     MM       75

PRECIPITATION (IN)
  YESTERDAY        0.00                     MM     MM        0.07
  MONTH TO DATE    1.22                     MM     MM        4.94
  SINCE JUN 1      6.95                     MM     MM       14.15
  SINCE JAN 1     32.39                     MM     MM       35.70

DEGREE DAYS
 COOLING
  YESTERDAY       17                        MM     MM       10
  MONTH TO DATE  266                        MM     MM      240
  SINCE JUN 1    981                        MM     MM      927
  SINCE JAN 1   1197                        MM     MM     1177
..................................................................


WIND (MPH)
  HIGHEST WIND SPEED    10   HIGHEST WIND DIRECTION    NW (310)
  HIGHEST GUST SPEED    MM   HIGHEST GUST DIRECTION    MM
  AVERAGE WIND SPEED     3.3



WEATHER CONDITIONS
 THE FOLLOWING WEATHER WAS RECORDED YESTERDAY.
  THUNDERSTORM


..........................................................


THE AUBURN    AWOS CLIMATE NORMALS FOR TODAY
                         NORMAL    RECORD    YEAR
 MAXIMUM TEMPERATURE (F)   MM        MM        MM
 MINIMUM TEMPERATURE (F)   MM        MM        MM


SUNRISE AND SUNSET
AUGUST 22 2014........SUNRISE   610 AM CDT   SUNSET   719 PM CDT
AUGUST 23 2014........SUNRISE   611 AM CDT   SUNSET   718 PM CDT


-  INDICATES NEGATIVE NUMBERS.
R  INDICATES RECORD WAS SET OR TIED.
MM INDICATES DATA IS MISSING.
T  INDICATES TRACE AMOUNT.




$$




401
CDUS44 KBMX 220942
CLIMGM


CLIMATE REPORT
NATIONAL WEATHER SERVICE BIRMINGHAM, AL
441 AM CDT FRI AUG 22 2014


...................................

...THE MONTGOMERY CLIMATE SUMMARY FOR AUGUST 21 2014...

CLIMATE NORMAL PERIOD 1981 TO 2010
CLIMATE RECORD PERIOD 1872 TO 2014


WEATHER ITEM   OBSERVED TIME   RECORD YEAR NORMAL DEPARTURE LAST
                VALUE   (LST)  VALUE       VALUE  FROM      YEAR
                                                  NORMAL
..................................................................
TEMPERATURE (F)
 YESTERDAY
  MAXIMUM         97    212 PM 103    1983  92      5       91
  MINIMUM         74    459 AM  59    1991  71      3       71
  AVERAGE         86                        81      5       81

PRECIPITATION (IN)
  YESTERDAY        0.00          1.66 1972   0.13  -0.13     0.00
  MONTH TO DATE    3.04                      2.70   0.34     2.78
  SINCE JUN 1     10.49                     12.01  -1.52    15.99
  SINCE JAN 1     39.38                     35.45   3.93    41.70

DEGREE DAYS
 COOLING
  YESTERDAY       21                        16      5       16
  MONTH TO DATE  370                       354     16      341
  SINCE JUN 1   1350                      1294     56     1308
  SINCE JAN 1   1716                      1633     83     1667
..................................................................


WIND (MPH)
  HIGHEST WIND SPEED    12   HIGHEST WIND DIRECTION    NW (300)
  HIGHEST GUST SPEED    15   HIGHEST GUST DIRECTION    NW (320)
  AVERAGE WIND SPEED     3.0


SKY COVER
  AVERAGE SKY COVER 0.0


WEATHER CONDITIONS
 THE FOLLOWING WEATHER WAS RECORDED YESTERDAY.
  FOG


RELATIVE HUMIDITY (PERCENT)
 HIGHEST    94           300 AM
 LOWEST     42           200 PM
 AVERAGE    68

..........................................................


THE MONTGOMERY CLIMATE NORMALS FOR TODAY
                         NORMAL    RECORD    YEAR
 MAXIMUM TEMPERATURE (F)   92       104      2007
 MINIMUM TEMPERATURE (F)   71        60      1997


SUNRISE AND SUNSET
AUGUST 22 2014........SUNRISE   614 AM CDT   SUNSET   722 PM CDT
AUGUST 23 2014........SUNRISE   615 AM CDT   SUNSET   721 PM CDT


-  INDICATES NEGATIVE NUMBERS.
R  INDICATES RECORD WAS SET OR TIED.
MM INDICATES DATA IS MISSING.
T  INDICATES TRACE AMOUNT.




$$




399
CDUS44 KBMX 220942
CLITCL


CLIMATE REPORT
NATIONAL WEATHER SERVICE BIRMINGHAM, AL
441 AM CDT FRI AUG 22 2014


...................................

...THE TUSCALOOSA CLIMATE SUMMARY FOR AUGUST 21 2014...

CLIMATE NORMAL PERIOD 1981 TO 2010
CLIMATE RECORD PERIOD 1948 TO 2014


WEATHER ITEM   OBSERVED TIME   RECORD YEAR NORMAL DEPARTURE LAST
                VALUE   (LST)  VALUE       VALUE  FROM      YEAR
                                                  NORMAL
..................................................................
TEMPERATURE (F)
 YESTERDAY
  MAXIMUM         97    402 PM 103    1951  92      5       90
  MINIMUM         72    513 AM  59    1991  71      1       73
  AVERAGE         85                        81      4       82

PRECIPITATION (IN)
  YESTERDAY        0.00          2.50 1970   0.11  -0.11     0.00
  MONTH TO DATE    2.44                      2.30   0.14     3.87
  SINCE JUN 1      8.51                     11.47  -2.96    16.71
  SINCE JAN 1     33.55                     34.87  -1.32    38.67

..................................................................


WIND (MPH)
  HIGHEST WIND SPEED    16   HIGHEST WIND DIRECTION     W (250)
  HIGHEST GUST SPEED    24   HIGHEST GUST DIRECTION    SW (240)
  AVERAGE WIND SPEED     2.8


SKY COVER
  AVERAGE SKY COVER 0.1


WEATHER CONDITIONS
 THE FOLLOWING WEATHER WAS RECORDED YESTERDAY.
  FOG
  HAZE


RELATIVE HUMIDITY (PERCENT)
 HIGHEST    94           100 AM
 LOWEST     40           400 PM
 AVERAGE    67

..........................................................


THE TUSCALOOSA CLIMATE NORMALS FOR TODAY
                         NORMAL    RECORD    YEAR
 MAXIMUM TEMPERATURE (F)   92       103      2007
 MINIMUM TEMPERATURE (F)   70        53      1956


SUNRISE AND SUNSET
AUGUST 22 2014........SUNRISE   618 AM CDT   SUNSET   728 PM CDT
AUGUST 23 2014........SUNRISE   619 AM CDT   SUNSET   727 PM CDT


-  INDICATES NEGATIVE NUMBERS.
R  INDICATES RECORD WAS SET OR TIED.
MM INDICATES DATA IS MISSING.
T  INDICATES TRACE AMOUNT.




$$




National Weather Service
Disclaimer
Last Modified: August 31, 2005
Privacy Policy