651
CDUS43 KUNR 010831
CLIUNR


CLIMATE REPORT
NATIONAL WEATHER SERVICE RAPID CITY SD
231 AM MDT WED OCT 1 2014


...................................

...THE EAST RAPID CITY SD CLIMATE SUMMARY FOR SEPTEMBER 30 2014...

CLIMATE NORMAL PERIOD 1981 TO 2010
CLIMATE RECORD PERIOD 1888 TO 2014


WEATHER ITEM   OBSERVED RECORD YEAR NORMAL DEPARTURE LAST
                VALUE   VALUE       VALUE  FROM      YEAR
                                           NORMAL
...........................................................
TEMPERATURE (F)
 YESTERDAY
  MAXIMUM         64     91    1963  65     -1       85
  MINIMUM         51     26    1961  43      8       52
  AVERAGE         58                 54      4       69

PRECIPITATION (IN)
  YESTERDAY        1.22R  0.46 1962   0.04   1.18     0.00
  MONTH TO DATE    4.82               1.54   3.28     0.95
  SINCE SEP 1      4.82               1.54   3.28     0.95
  SINCE JAN 1     22.22              17.22   5.00    16.70

SNOWFALL (IN)
  YESTERDAY        0.0                0.0    0.0      0.0
  MONTH TO DATE    1.6                0.1    1.5      0.0
  SINCE SEP 1      1.6                0.1    1.5      0.0
  SINCE JUL 1      1.6                0.1    1.5      0.0
  SNOW DEPTH       0

DEGREE DAYS
 HEATING
  YESTERDAY        7                 11     -4        0
  MONTH TO DATE  185                178      7       89
  SINCE SEP 1    185                179      6       89
  SINCE JUL 1    209                209      0       95

 COOLING
  YESTERDAY        0                  0      0        4
  MONTH TO DATE   78                 66     12      145
  SINCE SEP 1     78                 66     12      145
  SINCE JAN 1    514                661   -147      830
...........................................................


WIND (MPH)
  HIGHEST GUST SPEED    43   HIGHEST GUST DIRECTION    NW (300)



WEATHER CONDITIONS
 THE FOLLOWING WEATHER WAS RECORDED YESTERDAY.
  HEAVY RAIN
  RAIN
  LIGHT RAIN


..........................................................


THE EAST RAPID CITY SD CLIMATE NORMALS FOR TODAY
                         NORMAL    RECORD    YEAR
 MAXIMUM TEMPERATURE (F)   65        96      1892
 MINIMUM TEMPERATURE (F)   43        28      1950


SUNRISE AND SUNSET
OCTOBER  1 2014.......SUNRISE   651 AM MDT   SUNSET   634 PM MDT
OCTOBER  2 2014.......SUNRISE   652 AM MDT   SUNSET   632 PM MDT


-  INDICATES NEGATIVE NUMBERS.
R  INDICATES RECORD WAS SET OR TIED.
MM INDICATES DATA IS MISSING.
T  INDICATES TRACE AMOUNT.




$$




650
CDUS43 KUNR 010831
CLICUT


CLIMATE REPORT
NATIONAL WEATHER SERVICE RAPID CITY SD
231 AM MDT WED OCT 1 2014


...................................

...THE CUSTER COUNTY AIRPORT SD CLIMATE SUMMARY FOR SEPTEMBER 30 2014...

CLIMATE NORMAL PERIOD 1981 TO 2010
CLIMATE RECORD PERIOD 9999 TO 9999


WEATHER ITEM   OBSERVED TIME   NORMAL DEPARTURE LAST
                VALUE   (LST)  VALUE  FROM      YEAR
                                      NORMAL
......................................................
TEMPERATURE (F)
 YESTERDAY
  MAXIMUM         56    331 PM  61     -5       73
  MINIMUM         44   1036 PM  35      9       44
  AVERAGE         50            48      2       59

PRECIPITATION (IN)
  YESTERDAY        1.13          0.03   1.10     0.00
  MONTH TO DATE    4.42          1.57   2.85     1.30
  SINCE SEP 1      4.42          1.57   2.85     1.30
  SINCE JAN 1     18.93         16.49   2.44    17.25

DEGREE DAYS
 HEATING
  YESTERDAY       15            17     -2        6
  MONTH TO DATE  285           332    -47      222
  SINCE SEP 1    285           332    -47      222
  SINCE JUL 1    416           486    -70      319

 COOLING
  YESTERDAY        0             0      0        0
  MONTH TO DATE   18            11      7       38
  SINCE SEP 1     18            11      7       38
  SINCE JAN 1    152           177    -25      187
......................................................


WIND (MPH)
  HIGHEST WIND SPEED    29   HIGHEST WIND DIRECTION     W (280)
  HIGHEST GUST SPEED    42   HIGHEST GUST DIRECTION     W (290)
  AVERAGE WIND SPEED    12.9


SKY COVER
  AVERAGE SKY COVER 0.6


WEATHER CONDITIONS
 THE FOLLOWING WEATHER WAS RECORDED YESTERDAY.
  HEAVY RAIN
  RAIN
  LIGHT RAIN
  FOG


RELATIVE HUMIDITY (PERCENT)
 HIGHEST   100
 LOWEST     63
 AVERAGE    82

..........................................................




SUNRISE AND SUNSET
OCTOBER  1 2014.......SUNRISE   652 AM MDT   SUNSET   635 PM MDT
OCTOBER  2 2014.......SUNRISE   653 AM MDT   SUNSET   634 PM MDT


-  INDICATES NEGATIVE NUMBERS.
R  INDICATES RECORD WAS SET OR TIED.
MM INDICATES DATA IS MISSING.
T  INDICATES TRACE AMOUNT.




$$




National Weather Service
Disclaimer
Last Modified: August 31, 2005
Privacy Policy