251
CDUS41 KBTV 251226
CLI1V4


CLIMATE REPORT
NATIONAL WEATHER SERVICE BURLINGTON VT
826 AM EDT SAT OCT 25 2014


...................................

...THE ST. JOHNSBURY VT CLIMATE SUMMARY FOR OCTOBER 24 2014...

CLIMATE NORMAL PERIOD 1981 TO 2010
CLIMATE RECORD PERIOD 1894 TO 2014


WEATHER ITEM   OBSERVED TIME   RECORD YEAR NORMAL DEPARTURE LAST
                VALUE   (LST)  VALUE       VALUE  FROM      YEAR
                                                  NORMAL
..................................................................
TEMPERATURE (F)
 YESTERDAY
  MAXIMUM         46        MM  78    1979  55     -9       45
  MINIMUM         39        MM  17    1969  34      5       28
  AVERAGE         43                        44     -1       37

PRECIPITATION (IN)
  YESTERDAY        0.13          2.07 2009   0.12   0.01     0.00
  MONTH TO DATE    4.47                      3.03   1.44     1.62
  SINCE SEP 1      5.90                      6.42  -0.52     5.27
  SINCE JAN 1     33.34                     32.18   1.16    30.24

DEGREE DAYS
 HEATING
  YESTERDAY       22                        21      1       28
  MONTH TO DATE  311                       398    -87      316
  SINCE SEP 1    538                       582    -44      564
  SINCE JUL 1    595                       632    -37      624

 COOLING
  YESTERDAY        0                         0      0        0
  MONTH TO DATE    5                         0      5        0
  SINCE SEP 1     33                        34     -1       40
  SINCE JAN 1    252                       432   -180      407
..................................................................


WIND (MPH)
  HIGHEST WIND SPEED    MM   HIGHEST WIND DIRECTION    MM
  HIGHEST GUST SPEED    MM   HIGHEST GUST DIRECTION    MM
  AVERAGE WIND SPEED    MM


SKY COVER
  AVERAGE SKY COVER 0.0


WEATHER CONDITIONS
 THE FOLLOWING WEATHER WAS RECORDED YESTERDAY.
  NO SIGNIFICANT WEATHER WAS OBSERVED.


RELATIVE HUMIDITY (PERCENT)
 HIGHEST   100          1200 AM
 LOWEST     76          1100 AM
 AVERAGE    88

..........................................................


THE ST. JOHNSBURY VT CLIMATE NORMALS FOR TODAY
                         NORMAL    RECORD    YEAR
 MAXIMUM TEMPERATURE (F)   54        79      1963
 MINIMUM TEMPERATURE (F)   34        16      1947


SUNRISE AND SUNSET
OCTOBER 25 2014.......SUNRISE   716 AM EDT   SUNSET   548 PM EDT
OCTOBER 26 2014.......SUNRISE   717 AM EDT   SUNSET   546 PM EDT


-  INDICATES NEGATIVE NUMBERS.
R  INDICATES RECORD WAS SET OR TIED.
MM INDICATES DATA IS MISSING.
T  INDICATES TRACE AMOUNT.




$$




252
CDUS41 KBTV 251226
CLIRUT


CLIMATE REPORT
NATIONAL WEATHER SERVICE BURLINGTON VT
826 AM EDT SAT OCT 25 2014


...................................

...THE RUTLAND VT CLIMATE SUMMARY FOR OCTOBER 24 2014...

CLIMATE NORMAL PERIOD 9999 TO 9999
CLIMATE RECORD PERIOD 9999 TO 9999


WEATHER ITEM   OBSERVED TIME   NORMAL DEPARTURE LAST
                VALUE   (LST)  VALUE  FROM      YEAR
                                      NORMAL
......................................................
TEMPERATURE (F)
 YESTERDAY
  MAXIMUM         45        MM  MM     MM       45
  MINIMUM         39        MM  MM     MM       30
  AVERAGE         42            MM     MM       38

PRECIPITATION (IN)
  YESTERDAY        0.00         MM     MM        0.00
  MONTH TO DATE    0.21         MM     MM        0.95
  SINCE SEP 1      1.57         MM     MM        3.98
  SINCE JAN 1     23.02         MM     MM       20.85

DEGREE DAYS
 HEATING
  YESTERDAY       23            MM     MM       27
  MONTH TO DATE  306            MM     MM      298
  SINCE SEP 1    510            MM     MM      558
  SINCE JUL 1    568            MM     MM      629

 COOLING
  YESTERDAY        0            MM     MM        0
  MONTH TO DATE   10            MM     MM        0
  SINCE SEP 1     50            MM     MM       39
  SINCE JAN 1    280            MM     MM      449
......................................................


WIND (MPH)
  HIGHEST WIND SPEED    13   HIGHEST WIND DIRECTION    NW (330)
  HIGHEST GUST SPEED    24   HIGHEST GUST DIRECTION    NW (320)
  AVERAGE WIND SPEED     7.7


SKY COVER
  AVERAGE SKY COVER 1.0


WEATHER CONDITIONS
 THE FOLLOWING WEATHER WAS RECORDED YESTERDAY.
  NO SIGNIFICANT WEATHER WAS OBSERVED.


RELATIVE HUMIDITY (PERCENT)
 HIGHEST   100           100 AM
 LOWEST     83           400 PM
 AVERAGE    92

..........................................................


THE RUTLAND VT CLIMATE NORMALS FOR TODAY
                         NORMAL    RECORD    YEAR
 MAXIMUM TEMPERATURE (F)   MM        MM        MM
 MINIMUM TEMPERATURE (F)   MM        MM        MM


SUNRISE AND SUNSET
OCTOBER 25 2014.......SUNRISE   718 AM EDT   SUNSET   553 PM EDT
OCTOBER 26 2014.......SUNRISE   720 AM EDT   SUNSET   551 PM EDT


-  INDICATES NEGATIVE NUMBERS.
R  INDICATES RECORD WAS SET OR TIED.
MM INDICATES DATA IS MISSING.
T  INDICATES TRACE AMOUNT.




$$




National Weather Service
Disclaimer
Last Modified: August 31, 2005
Privacy Policy