768
CDHW41 PHFO 240226
CLILIH


CLIMATE REPORT
NATIONAL WEATHER SERVICE HONOLULU HI
426 PM HST TUE SEP 23 2014


...................................

...THE LIHUE HI CLIMATE SUMMARY FOR SEPTEMBER 23 2014...
VALID TODAY AS OF 0400 PM LOCAL TIME.

CLIMATE NORMAL PERIOD 1981 TO 2010
CLIMATE RECORD PERIOD 1946 TO 2014


WEATHER ITEM   OBSERVED TIME   RECORD YEAR NORMAL DEPARTURE LAST
                VALUE   (LST)  VALUE       VALUE  FROM      YEAR
                                                  NORMAL
..................................................................
TEMPERATURE (F)
 TODAY
  MAXIMUM         88R   236 PM  88    2003  85      3       85
                                      1986
                                      1959
  MINIMUM         77   1102 AM  66    1950  74      3       76
  AVERAGE         83                        79      4       81

PRECIPITATION (IN)
  TODAY            0.06          0.73 1955   0.08  -0.02     0.01
  MONTH TO DATE    0.83                      1.52  -0.69     1.47
  SINCE SEP 1      0.83                      1.52  -0.69     1.47
  SINCE JAN 1     25.00                     22.97   2.03    18.68

SNOWFALL (IN)
  TODAY            0.0
  MONTH TO DATE    0.0
  SINCE SEP 1      0.0
  SINCE JUL 1      0.0
  SNOW DEPTH       0

DEGREE DAYS
 HEATING
  TODAY            0                         0      0        0
  MONTH TO DATE    0                         0      0        0
  SINCE SEP 1      0                         0      0        0
  SINCE JUL 1      0                         0      0        0

 COOLING
  TODAY           18                        14      4       16
  MONTH TO DATE  359                       337     22      353
  SINCE SEP 1    359                       337     22      353
  SINCE JAN 1   2877                      2863     14     2649
..................................................................


WIND (MPH)
  HIGHEST WIND SPEED    26   HIGHEST WIND DIRECTION     E (100)
  HIGHEST GUST SPEED    31   HIGHEST GUST DIRECTION     E (100)
  AVERAGE WIND SPEED    12.7


SKY COVER
  POSSIBLE SUNSHINE  MM
  AVERAGE SKY COVER 0.5


WEATHER CONDITIONS
 THE FOLLOWING WEATHER WAS RECORDED TODAY.
  HEAVY RAIN
  RAIN
  LIGHT RAIN
  FOG
  HAZE


RELATIVE HUMIDITY (PERCENT)
 HIGHEST    88          1100 AM
 LOWEST     57           300 PM
 AVERAGE    73

..........................................................


THE LIHUE HI CLIMATE NORMALS FOR TOMORROW
                         NORMAL    RECORD    YEAR
 MAXIMUM TEMPERATURE (F)   85        87      2013
                                             1981
                                             1979
 MINIMUM TEMPERATURE (F)   74        67      1952


SUNRISE AND SUNSET
SEPTEMBER 23 2014.....SUNRISE   626 AM HST   SUNSET   632 PM HST
SEPTEMBER 24 2014.....SUNRISE   627 AM HST   SUNSET   631 PM HST


-  INDICATES NEGATIVE NUMBERS.
R  INDICATES RECORD WAS SET OR TIED.
MM INDICATES DATA IS MISSING.
T  INDICATES TRACE AMOUNT.




$$




National Weather Service
Disclaimer
Last Modified: August 31, 2005
Privacy Policy