482
CDUS44 KMRX 302124
CLITYS

CLIMATE REPORT
NATIONAL WEATHER SERVICE MORRISTOWN TN
524 PM EDT WED JUL 30 2014


...................................

...THE KNOXVILLE CLIMATE SUMMARY FOR JULY 30 2014...
VALID TODAY AS OF 0500 PM LOCAL TIME.

CLIMATE NORMAL PERIOD 1981 TO 2010
CLIMATE RECORD PERIOD 1871 TO 2014


WEATHER ITEM   OBSERVED TIME   RECORD YEAR NORMAL DEPARTURE LAST
                VALUE   (LST)  VALUE       VALUE  FROM      YEAR
                                                  NORMAL
..................................................................
TEMPERATURE (F)
 TODAY
  MAXIMUM         78    329 PM  98    1995  88    -10       81
                                      1954
  MINIMUM         54R   618 AM  58    1874  69    -15       59
  AVERAGE         66                        78    -12       70

PRECIPITATION (IN)
  TODAY            0.00          1.39 1982   0.14  -0.14      T
                                      1943
  MONTH TO DATE    4.67                      4.94  -0.27     7.30
  SINCE JUN 1      9.22                      8.75   0.47    16.68
  SINCE JAN 1     25.25                     30.19  -4.94    48.10

SNOWFALL (IN)
  TODAY            0.0                       0.0    0.0      0.0
  MONTH TO DATE    0.0                       0.0    0.0      0.0
  SINCE JUN 1      0.0                       0.0    0.0      0.0
  SINCE JUL 1      0.0                       0.0    0.0      0.0
  SNOW DEPTH       0

DEGREE DAYS
 HEATING
  TODAY            0                         0      0        0
  MONTH TO DATE    0                         0      0        0
  SINCE JUN 1      0                         4     -4        0
  SINCE JUL 1      0                         0      0        0

 COOLING
  TODAY            1                        13    -12        5
  MONTH TO DATE  311                       407    -96      343
  SINCE JUN 1    641                       712    -71      663
  SINCE JAN 1    846                       874    -28      819
..................................................................


WIND (MPH)
  HIGHEST WIND SPEED    12   HIGHEST WIND DIRECTION    NE (50)
  HIGHEST GUST SPEED    16   HIGHEST GUST DIRECTION     E (70)
  AVERAGE WIND SPEED     5.6


SKY COVER
  POSSIBLE SUNSHINE  MM
  AVERAGE SKY COVER  MM


WEATHER CONDITIONS
 THE FOLLOWING WEATHER WAS RECORDED TODAY.
  NO SIGNIFICANT WEATHER WAS OBSERVED.


RELATIVE HUMIDITY (PERCENT)
 HIGHEST   100           300 AM
 LOWEST     43           400 PM
 AVERAGE    72

..........................................................


THE KNOXVILLE CLIMATE NORMALS FOR TOMORROW
                         NORMAL    RECORD    YEAR
 MAXIMUM TEMPERATURE (F)   88        99      1915
 MINIMUM TEMPERATURE (F)   69        58      1874


SUNRISE AND SUNSET
JULY 30 2014..........SUNRISE   642 AM EDT   SUNSET   842 PM EDT
JULY 31 2014..........SUNRISE   643 AM EDT   SUNSET   841 PM EDT


-  INDICATES NEGATIVE NUMBERS.
R  INDICATES RECORD WAS SET OR TIED.
MM INDICATES DATA IS MISSING.
T  INDICATES TRACE AMOUNT.




$$



National Weather Service
Disclaimer
Last Modified: August 31, 2005
Privacy Policy