439
CDAK48 PAFC 210251 CCA
CLIANC

CLIMATE REPORT
NATIONAL WEATHER SERVICE ANCHORAGE, AK
549 PM AKST THU NOV 20 2014


...................................

...THE ANCHORAGE AK CLIMATE SUMMARY FOR NOVEMBER 20 2014...
VALID TODAY AS OF 0500 PM LOCAL TIME.

CLIMATE NORMAL PERIOD 1981 TO 2010
CLIMATE RECORD PERIOD 1915 TO 2014


WEATHER ITEM   OBSERVED RECORD YEAR NORMAL DEPARTURE LAST
                VALUE   VALUE       VALUE  FROM      YEAR
                                           NORMAL
...........................................................
TEMPERATURE (F)
 TODAY
  MAXIMUM         34     53    1967  26      8        4
  MINIMUM         31    -10    1958  15     16       -3
  AVERAGE         33                 21               1

PRECIPITATION (IN)
  TODAY            0.00   0.69 1994   0.04  -0.04     0.00
  MONTH TO DATE    0.22               0.78  -0.56     1.50
  SINCE SEP 1      5.43               5.80  -0.37    10.57
  SINCE JAN 1     17.74              15.09   2.65    23.93

SNOWFALL (IN)
  TODAY            0.0    8.9  1994   0.4   -0.4      0.0
  MONTH TO DATE    T                  7.9   -7.9      7.5
  SINCE SEP 1      3.8               16.2  -12.4      7.5
  SINCE JUL 1      3.8               16.2  -12.4      7.5
  SNOW DEPTH       0

DEGREE DAYS
 HEATING
  TODAY           32                 44    -12       64
  MONTH TO DATE  625                835   -210      818
  SINCE SEP 1   1987               2265   -278     2000
  SINCE JUL 1   2336               2715   -379     2341

 COOLING
  TODAY            0                  0      0        0
  MONTH TO DATE    0                  0      0        0
  SINCE SEP 1      0                  0      0        0
  SINCE JAN 1      3                  2      1       21
...........................................................


WIND (MPH)
  RESULTANT WIND SPEED   4   RESULTANT WIND DIRECTION   N (340)
  HIGHEST WIND SPEED     9   HIGHEST WIND DIRECTION    NW (330)
  HIGHEST GUST SPEED    MM   HIGHEST GUST DIRECTION    MM
  AVERAGE WIND SPEED     4.9


SKY COVER
  POSSIBLE SUNSHINE  MM
  AVERAGE SKY COVER 1.0


WEATHER CONDITIONS
 THE FOLLOWING WEATHER WAS RECORDED TODAY.
  NO SIGNIFICANT WEATHER WAS OBSERVED.


RELATIVE HUMIDITY (PERCENT)
 HIGHEST    92          1200 AM
 LOWEST     82           300 AM
 AVERAGE    87

..........................................................


THE ANCHORAGE AK CLIMATE NORMALS FOR TOMORROW
                         NORMAL    RECORD    YEAR
 MAXIMUM TEMPERATURE (F)   26        50      1949
 MINIMUM TEMPERATURE (F)   15       -13      1955


SUNRISE AND SUNSET
NOVEMBER 20 2014......SUNRISE   919 AM AKST  SUNSET   411 PM AKST
NOVEMBER 21 2014......SUNRISE   922 AM AKST  SUNSET   409 PM AKST

CIVIL TWILIGHT
NOVEMBER 20 2014        START   826 AM AKST     END   505 PM AKST
NOVEMBER 21 2014        START   828 AM AKST     END   504 PM AKST



-  INDICATES NEGATIVE NUMBERS.
R  INDICATES RECORD WAS SET OR TIED.
MM INDICATES DATA IS MISSING.
T  INDICATES TRACE AMOUNT.




$$
&&
------------------------------------------------------
AMOUNT OF DAYLIGHT TODAY  (HOUR:MIN)........ 6:52
GAIN/LOSS SINCE YESTERDAY (HOUR:MIN:SEC)....-0:04:41

...CORRECTED DAILY HIGH AND LOW TEMPERATURES...
$$



National Weather Service
Disclaimer
Last Modified: August 31, 2005
Privacy Policy