380
CDUS44 KMRX 301900 CCA
CLICHA

CLIMATE REPORT...CORRECTED FOR MAX TEMP
NATIONAL WEATHER SERVICE MORRISTOWN TN
300 PM EDT WED JUL 30 2014


...................................

...THE CHATTANOOGA CLIMATE SUMMARY FOR JULY 29 2014...

CLIMATE NORMAL PERIOD 1981 TO 2010
CLIMATE RECORD PERIOD 1879 TO 2014


WEATHER ITEM   OBSERVED TIME   RECORD YEAR NORMAL DEPARTURE LAST
                VALUE   (LST)  VALUE       VALUE  FROM      YEAR
                                                  NORMAL
..................................................................
TEMPERATURE (F)
 YESTERDAY
  MAXIMUM         81    453 PM 105    1952  90     -1       84
  MINIMUM         63   1159 PM  61    1994  70     -7       62
  AVERAGE         76                        80     -4       73

PRECIPITATION (IN)
  YESTERDAY        0.00          1.58 1963   0.15  -0.15     0.00
  MONTH TO DATE    2.57                      4.62  -2.05     7.79
  SINCE JUN 1      7.56                      8.67  -1.11    12.26
  SINCE JAN 1     24.85                     31.49  -6.64    46.93

SNOWFALL (IN)
  YESTERDAY        0.0                       0.0    0.0      0.0
  MONTH TO DATE    0.0                       0.0    0.0      0.0
  SINCE JUN 1      0.0                       0.0    0.0      0.0
  SINCE JUL 1      0.0                       0.0    0.0      0.0
  SNOW DEPTH       0

DEGREE DAYS
 HEATING
  YESTERDAY        0                         0      0        0
  MONTH TO DATE    0                         0      0        0
  SINCE JUN 1      0                         2     -2        0
  SINCE JUL 1      0                         0      0        0

 COOLING
  YESTERDAY       11                        15     -4        8
  MONTH TO DATE  386                       431    -45      383
  SINCE JUN 1    787                       776     11      782
  SINCE JAN 1   1045                       972     73      958
..................................................................


WIND (MPH)
  HIGHEST WIND SPEED    21   HIGHEST WIND DIRECTION     N (340)
  HIGHEST GUST SPEED    24   HIGHEST GUST DIRECTION     N (340)
  AVERAGE WIND SPEED     7.9


SKY COVER
  POSSIBLE SUNSHINE  MM
  AVERAGE SKY COVER  MM


WEATHER CONDITIONS
 THE FOLLOWING WEATHER WAS RECORDED YESTERDAY.
  NO SIGNIFICANT WEATHER WAS OBSERVED.


RELATIVE HUMIDITY (PERCENT)
 HIGHEST    84           500 AM
 LOWEST     35           500 PM
 AVERAGE    60

..........................................................


THE CHATTANOOGA CLIMATE NORMALS FOR TODAY
                         NORMAL    RECORD    YEAR
 MAXIMUM TEMPERATURE (F)   90        99      1999
                                             1952
 MINIMUM TEMPERATURE (F)   70        58      1969
                                             1965


SUNRISE AND SUNSET
JULY 30 2014..........SUNRISE   649 AM EDT   SUNSET   845 PM EDT
JULY 31 2014..........SUNRISE   649 AM EDT   SUNSET   844 PM EDT


-  INDICATES NEGATIVE NUMBERS.
R  INDICATES RECORD WAS SET OR TIED.
MM INDICATES DATA IS MISSING.
T  INDICATES TRACE AMOUNT.

&&

THE LOW TEMPERATURE SINCE MIDNIGHT HAS BEEN 58.
THERE HAS BEEN NO PRECIPITATION SINCE MIDNIGHT.

$$



National Weather Service
Disclaimer
Last Modified: August 31, 2005
Privacy Policy