149
CDUS45 KABQ 010842
CLIROW


CLIMATE REPORT
NATIONAL WEATHER SERVICE ALBUQUERQUE NM
242 AM MDT MON SEP 1 2014


...................................

...THE ROSWELL NM CLIMATE SUMMARY FOR AUGUST 31 2014...

CLIMATE NORMAL PERIOD 1981 TO 2010
CLIMATE RECORD PERIOD 1893 TO 2014


WEATHER ITEM   OBSERVED TIME   RECORD YEAR NORMAL DEPARTURE
                VALUE   (LST)  VALUE       VALUE  FROM
                                                  NORMAL
...............................................................
TEMPERATURE (F)
 YESTERDAY
  MAXIMUM        102    340 PM 104    2011  90     12
  MINIMUM         62    544 AM  48    1915  64     -2
  AVERAGE         82                        77      5

PRECIPITATION (IN)
  YESTERDAY        0.00          2.41 1942   0.05  -0.05
  MONTH TO DATE    2.53                      1.97   0.56
  SINCE JUN 1      7.38                      5.76   1.62
  SINCE JAN 1     12.24                      8.93   3.31

SNOWFALL (IN)
  YESTERDAY        0.0
  MONTH TO DATE    0.0
  SINCE JUN 1      0.0
  SINCE JUL 1      0.0

DEGREE DAYS
 HEATING
  YESTERDAY        0                         0      0
  MONTH TO DATE    0                         0      0
  SINCE JUN 1      0                         1     -1
  SINCE JUL 1      0                         0      0

 COOLING
  YESTERDAY       17                        12      5
  MONTH TO DATE  453                       426     27
  SINCE JUN 1   1431                      1299    132
  SINCE JAN 1   1685                      1524    161
...............................................................


WIND (MPH)
  HIGHEST WIND SPEED    20   HIGHEST WIND DIRECTION    SW (230)
  HIGHEST GUST SPEED    24   HIGHEST GUST DIRECTION    SW (240)
  AVERAGE WIND SPEED     8.5


SKY COVER
  AVERAGE SKY COVER 0.0


WEATHER CONDITIONS
 THE FOLLOWING WEATHER WAS RECORDED YESTERDAY.
  NO SIGNIFICANT WEATHER WAS OBSERVED.


RELATIVE HUMIDITY (PERCENT)
 HIGHEST    67           600 AM
 LOWEST     14           100 PM
 AVERAGE    41

..........................................................


THE ROSWELL NM CLIMATE NORMALS FOR TODAY
                         NORMAL    RECORD    YEAR
 MAXIMUM TEMPERATURE (F)   90       100      2013
                                             1951
 MINIMUM TEMPERATURE (F)   63        45      1915


SUNRISE AND SUNSET
SEPTEMBER  1 2014.....SUNRISE   632 AM MDT   SUNSET   723 PM MDT
SEPTEMBER  2 2014.....SUNRISE   633 AM MDT   SUNSET   722 PM MDT


-  INDICATES NEGATIVE NUMBERS.
R  INDICATES RECORD WAS SET OR TIED.
MM INDICATES DATA IS MISSING.
T  INDICATES TRACE AMOUNT.




$$




150
CDUS45 KABQ 010842
CLICAO


CLIMATE REPORT
NATIONAL WEATHER SERVICE ALBUQUERQUE NM
242 AM MDT MON SEP 1 2014


...................................

...THE CLAYTON  NM CLIMATE SUMMARY FOR AUGUST 31 2014...

CLIMATE NORMAL PERIOD 1981 TO 2010
CLIMATE RECORD PERIOD 1896 TO 2014


WEATHER ITEM   OBSERVED TIME   RECORD YEAR NORMAL DEPARTURE
                VALUE   (LST)  VALUE       VALUE  FROM
                                                  NORMAL
...............................................................
TEMPERATURE (F)
 YESTERDAY
  MAXIMUM         94    410 PM  98    2011  84     10
  MINIMUM         61   1142 PM  44    1918  58      3
  AVERAGE         78                        71      7

PRECIPITATION (IN)
  YESTERDAY        0.00          1.51 1934   0.07  -0.07
  MONTH TO DATE    2.02                      2.94  -0.92
  SINCE JUN 1      6.76                      7.73  -0.97
  SINCE JAN 1      8.53                     12.20  -3.67

SNOWFALL (IN)
  YESTERDAY        0.0
  MONTH TO DATE    0.0
  SINCE JUN 1      0.0
  SINCE JUL 1      0.0

DEGREE DAYS
 HEATING
  YESTERDAY        0                         0      0
  MONTH TO DATE    0                         0      0
  SINCE JUN 1     14                        29    -15
  SINCE JUL 1      0                         6     -6

 COOLING
  YESTERDAY       13                         7      6
  MONTH TO DATE  328                       260     68
  SINCE JUN 1    909                       746    163
  SINCE JAN 1   1004                       797    207
...............................................................


WIND (MPH)
  HIGHEST WIND SPEED    29   HIGHEST WIND DIRECTION    SW (210)
  HIGHEST GUST SPEED    40   HIGHEST GUST DIRECTION    SW (210)
  AVERAGE WIND SPEED    14.6


SKY COVER
  AVERAGE SKY COVER 0.0


WEATHER CONDITIONS
 THE FOLLOWING WEATHER WAS RECORDED YESTERDAY.
  NO SIGNIFICANT WEATHER WAS OBSERVED.


RELATIVE HUMIDITY (PERCENT)
 HIGHEST    72          1100 PM
 LOWEST     13           300 PM
 AVERAGE    43

..........................................................


THE CLAYTON  NM CLIMATE NORMALS FOR TODAY
                         NORMAL    RECORD    YEAR
 MAXIMUM TEMPERATURE (F)   84        97      2010
                                             1926
                                             1922
 MINIMUM TEMPERATURE (F)   58        47      1972
                                             1956
                                             1955


SUNRISE AND SUNSET
SEPTEMBER  1 2014.....SUNRISE   624 AM MDT   SUNSET   721 PM MDT
SEPTEMBER  2 2014.....SUNRISE   625 AM MDT   SUNSET   719 PM MDT


-  INDICATES NEGATIVE NUMBERS.
R  INDICATES RECORD WAS SET OR TIED.
MM INDICATES DATA IS MISSING.
T  INDICATES TRACE AMOUNT.




$$




National Weather Service
Disclaimer
Last Modified: August 31, 2005
Privacy Policy