830
CDAK49 PABR 230901
CLIBRW

CLIMATE REPORT
NATIONAL WEATHER SERVICE BARROW, AK
101 AM AKDT THU OCT 23 2014

...................................
...THE BARROW WSO AP CLIMATE SUMMARY FOR OCTOBER 22 2014...

CLIMATE NORMAL PERIOD  1981 TO  2010
CLIMATE RECORD PERIOD  1915 TO  2014

WEATHER ITEM   OBSERVED TIME    RECORD YEAR NORMAL DEPARTURE LAST
               VALUE    (LST)   VALUE       VALUE  FROM      YEAR
                                                   NORMAL
...................................................................
TEMPERATURE
YESTERDAY
 MAXIMUM            19  1159 PM    42  1957     19       0     32
 MINIMUM            15  0211 PM   -22  1983      9       6     22
 AVERAGE            17                          14       3     27

PRECIPITATION
(INCHES)
 YESTERDAY        0.01           0.10  2009   0.01    0.00      T
 MONTH TO DATE    0.70                        0.31    0.39   0.43
 SINCE SEP 1      1.76                        1.03    0.73   1.72
 SINCE JAN 1      6.31                        4.08    2.23   6.74

SNOWFALL
(INCHES)
 YESTERDAY         0.1            1.7  2011    0.3    -0.2      T
 MONTH TO DATE     9.8                         6.5     3.3    4.6
 SINCE SEP 1      19.3                        10.9     8.4   12.7
 SINCE JUL 1      20.7                        12.0     8.7   13.8
 SNOW DEPTH (IN)     2                                          2

DEGREE DAYS
 HEATING
  YESTERDAY         48                          51      -3     38
  MONTH TO DATE    910                         991     -81    843
  SINCE SEP 1     1850                        1977    -127   1847
  SINCE JUL 1     3516                        3531     -15   3256

 COOLING
  YESTERDAY          0                           0       0      0
  MONTH TO DATE      0                           0       0      0
  SINCE SEP 1        0                           0       0      0
  SINCE JAN 1        0                           0       0      0
...................................................................

WIND (MPH)
 HIGHEST WIND SPEED    33     HIGHEST WIND DIRECTION     60
 HIGHEST GUST SPEED    37     HIGHEST GUST DIRECTION     60
 AVERAGE WIND SPEED  25.5

WEATHER CONDITIONS
 THE FOLLOWING WEATHER WAS RECORDED YESTERDAY.
  FOG
BLOWING SNOW
SNOW


RELATIVE HUMIDITY
 HIGHEST RH     100 PERCENT       10:53 PM
 LOWEST  RH     84 PERCENT       11:53 AM
 AVERAGE RH     93 PERCENT       MM
...................................................................

THE BARROW CLIMATE NORMALS FOR TODAY
                           NORMAL    RECORD   YEAR
 MAXIMUM TEMPERATURE (F)     18        37     1957
 MINIMUM TEMPERATURE (F)      8       -21     1983

SUNRISE AND SUNSET
 OCT 23 2014..........SUNRISE 10:28 AM      SUNSET  5:55 PM
 OCT 24 2014..........SUNRISE 10:33 AM      SUNSET  5:49 PM

-  INDICATES NEGATIVE NUMBERS.
R  INDICATES RECORD HAS BEEN SET OR TIED.
MM INDICATES DATA IS MISSING.
T  INDICATES TRACE OF PRECIPITATION.

&&
-------------------------------------------------------------------

AMOUNT OF DAYLIGHT TODAY  (HOUR:MIN)........7 HOURS 27 MINUTES
GAIN/LOSS SINCE YESTERDAY (HOUR:MIN:SEC)....-0:10:17

$$
DZB OCT 14




National Weather Service
Disclaimer
Last Modified: August 31, 2005
Privacy Policy