000
CXUS51 KPBZ 012027
CLSZZV


CLIMATE REPORT
NATIONAL WEATHER SERVICE PITTSBURGH PA
326 PM EST MON MAR 1 2010

...................................

...THE ZANESVILLE OH CLIMATE SUMMARY FOR THE SEASON, FROM
12/1/2009 TO 2/28/2010...

CLIMATE NORMAL PERIOD 1971 TO 2000
CLIMATE RECORD PERIOD 1946 TO 2010

WEATHER         OBSERVED          NORMAL  DEPART  LAST YEAR`S
                 VALUE   DATE(S)  VALUE   FROM    VALUE  DATE(S)
                                          NORMAL
................................................................
TEMPERATURE (F)
RECORD
 HIGH              76   MM
 LOW              -25   MM
HIGHEST            57                        MM       71  12/27
LOWEST             -4                        MM      -16  01/17
AVG. MAXIMUM     34.3              35.1    -0.8     39.0
AVG. MINIMUM     20.7              18.9     1.8     21.6
MEAN             27.5              27.0     0.5     30.3
DAYS MAX >= 90      0                MM      MM        0
DAYS MAX <= 32     37                MM      MM       28
DAYS MIN <= 32     82                MM      MM       76
DAYS MIN <= 0       2                MM      MM        7

PRECIPITATION (INCHES)
RECORD
 MAXIMUM           MM   MM
 MINIMUM           MM   MM
TOTALS           6.73              6.81   -0.08
DAILY AVG.       0.07              0.08   -0.01     0.07
DAYS >= .01        32                MM      MM       31
DAYS >= .10        16                MM      MM       12
DAYS >= .50         3                MM      MM        3
DAYS >= 1.00        0                MM      MM        2
GREATEST
 24 HR. TOTAL    1.04   MM                       02/28 TO 02/28
                                                          02/28 TO 02/28[J)
                                                          02/28 TO 02/28[J)

SNOWFALL (INCHES)
RECORDS
 TOTAL             MM   MM
 24 HR TOTAL       MM
TOTALS            0.0                MM      MM        T
SINCE 7/1         0.0                MM      MM        T
SNOWDEPTH AVG.      0                MM      MM        0
DAYS >= TRACE       0
DAYS >= 1.0         0                MM      MM        0
GREATEST
 24 HR TOTAL      0.0   MM                           0.0

DEGREE_DAYS
HEATING TOTAL    3349              3419     -70     3068
 SINCE 7/1       4437              4917    -480     4134
COOLING TOTAL       0                 0       0        0
 SINCE 1/1          0                 0       0        0
.................................................................

WIND (MPH)
AVERAGE WIND SPEED              6.5
HIGHEST WIND SPEED/DIRECTION    33/250    DATE  12/09
HIGHEST GUST SPEED/DIRECTION    47/260    DATE  12/09

AVERAGE RH (PERCENT)     76

WEATHER CONDITIONS. NUMBER OF DAYS WITH
THUNDERSTORM              1     MIXED PRECIP               0
HEAVY RAIN                1     RAIN                      10
LIGHT RAIN               16     FREEZING RAIN              0
LT FREEZING RAIN          1     HAIL                       0
HEAVY SNOW                2     SNOW                       9
LIGHT SNOW               44     SLEET                      0
FOG                      73     FOG W/VIS <= 1/4 MILE      9
HAZE                     38

-  INDICATES NEGATIVE NUMBERS.
R  INDICATES RECORD WAS SET OR TIED.
MM INDICATES DATA IS MISSING.
T  INDICATES TRACE AMOUNT.

$$





U.S. Dept. of Commerce
NOAA National Weather Service
1325 East West Highway
Silver Spring, MD 20910
E-mail: w-nws.webmaster@noaa.gov
Page last modified: May 16, 2007
NATIONAL WEATHER SERVICE: for Safety, for Work, for Fun - FOR LIFE