824
CXUS51 KCLE 070155
CLSYNG

CLIMATE REPORT
NATIONAL WEATHER SERVICE CLEVELAND OH
849 PM EST SAT DEC 6 2014

...................................

...THE YOUNGSTOWN OH CLIMATE SUMMARY FOR THE SEASON, FROM
9/1/2014 TO 11/30/2014...

CLIMATE NORMAL PERIOD 1981 TO 2010
CLIMATE RECORD PERIOD 1897 TO 2014

WEATHER         OBSERVED          NORMAL  DEPART
                 VALUE   DATE(S)  VALUE   FROM
                                          NORMAL
................................................
TEMPERATURE (F)
RECORD
 HIGH              99   09/05/1954
 LOW                1   11/30/1976
                        11/30/1958
HIGHEST            87   09/05
LOWEST              9   11/19
AVG. MAXIMUM     59.6              60.6    -1.0
AVG. MINIMUM     41.3              42.2    -0.9
MEAN             50.5              51.4    -0.9
DAYS MAX >= 90      0               0.2
DAYS MAX <= 32      5               1.7
DAYS MIN <= 32     21              16.9
DAYS MIN <= 0       0               0.0

PRECIPITATION (INCHES)
RECORD
 MAXIMUM        15.65   1911
 MINIMUM         3.08   1960
TOTALS           7.39              9.70   -2.31
DAYS >= .01        50              36.2
DAYS >= .10        24              20.9
DAYS >= .50         3               5.9
DAYS >= 1.00        0               1.7

SNOWFALL (INCHES)
RECORDS
 TOTAL           30.6   1950
TOTALS           11.6               4.4
DAYS >= TRACE      17
DAYS >= 1.0         2               1.4

DEGREE_DAYS
HEATING TOTAL    1358              1291      67
COOLING TOTAL      56                58      -2
.................................................

WIND (MPH)
HIGHEST GUST SPEED/DIRECTION    52/240    DATE  11/24

SKY COVER
POSSIBLE SUNSHINE (PERCENT)   MM
NUMBER OF DAYS FAIR            6
NUMBER OF DAYS PC             35
NUMBER OF DAYS CLOUDY         50


WEATHER CONDITIONS. NUMBER OF DAYS WITH
THUNDERSTORM              0     MIXED PRECIP               1
HEAVY RAIN                6     RAIN                      17
LIGHT RAIN               42     FREEZING RAIN              0
LT FREEZING RAIN          1     HAIL                       0
HEAVY SNOW                1     SNOW                       3
LIGHT SNOW               15     SLEET                      2
FOG                      65     FOG W/VIS <= 1/4 MILE      9
HAZE                      4

-  INDICATES NEGATIVE NUMBERS.
R  INDICATES RECORD WAS SET OR TIED.
MM INDICATES DATA IS MISSING.
T  INDICATES TRACE AMOUNT.

$$







U.S. Dept. of Commerce
NOAA National Weather Service
1325 East West Highway
Silver Spring, MD 20910
E-mail: w-nws.webmaster@noaa.gov
Page last modified: May 16, 2007
NATIONAL WEATHER SERVICE: for Safety, for Work, for Fun - FOR LIFE