648
CXUS51 KCLE 041937
CLSYNG

CLIMATE REPORT
NATIONAL WEATHER SERVICE CLEVELAND OH
131 PM EDT WED JUN 4 2014

...................................

...THE YOUNGSTOWN OH CLIMATE SUMMARY FOR THE SEASON, FROM
3/1/2014 TO 5/31/2014...

CLIMATE NORMAL PERIOD 1981 TO 2010
CLIMATE RECORD PERIOD 1897 TO 2014

WEATHER         OBSERVED          NORMAL  DEPART
                 VALUE   DATE(S)  VALUE   FROM
                                          NORMAL
................................................
TEMPERATURE (F)
RECORD
 HIGH              92   05/18/1962
 LOW              -10   03/02/1980
HIGHEST            86   05/13
LOWEST             -5   03/04
AVG. MAXIMUM     57.4              57.9    -0.5
AVG. MINIMUM     35.0              37.4    -2.4
MEAN             46.2              47.7    -1.5
DAYS MAX >= 90      0               0.0
DAYS MAX <= 32      8               4.8
DAYS MIN <= 32     34              31.0
DAYS MIN <= 0       2               0.1

PRECIPITATION (INCHES)
RECORD
 MAXIMUM        20.33   2011
 MINIMUM         3.83   1915
TOTALS          10.40             10.09    0.31
DAYS >= .01        35              42.2
DAYS >= .10        20              23.9
DAYS >= .50         9               6.2
DAYS >= 1.00        1               1.5

SNOWFALL (INCHES)
RECORDS
 TOTAL           33.0   1987
TOTALS            9.1              13.9
DAYS >= TRACE      17
DAYS >= 1.0         5               3.3

DEGREE_DAYS
HEATING TOTAL    1759              1632     127
COOLING TOTAL      55                38      17
.................................................

WIND (MPH)
HIGHEST GUST SPEED/DIRECTION    48/010    DATE  03/12

SKY COVER
POSSIBLE SUNSHINE (PERCENT)    0
NUMBER OF DAYS FAIR            7
NUMBER OF DAYS PC             37
NUMBER OF DAYS CLOUDY         48


WEATHER CONDITIONS. NUMBER OF DAYS WITH
THUNDERSTORM              0     MIXED PRECIP               3
HEAVY RAIN                6     RAIN                      19
LIGHT RAIN               42     FREEZING RAIN              1
LT FREEZING RAIN          5     HAIL                       1
HEAVY SNOW                0     SNOW                       6
LIGHT SNOW               13     SLEET                      5
FOG                      45     FOG W/VIS <= 1/4 MILE      6
HAZE                     10

-  INDICATES NEGATIVE NUMBERS.
R  INDICATES RECORD WAS SET OR TIED.
MM INDICATES DATA IS MISSING.
T  INDICATES TRACE AMOUNT.

$$







U.S. Dept. of Commerce
NOAA National Weather Service
1325 East West Highway
Silver Spring, MD 20910
E-mail: w-nws.webmaster@noaa.gov
Page last modified: May 16, 2007
NATIONAL WEATHER SERVICE: for Safety, for Work, for Fun - FOR LIFE