626
CXUS51 KCLE 010532
CLSYNG


CLIMATE REPORT
NATIONAL WEATHER SERVICE CLEVELAND OH
1230 AM EST SAT MAR 1 2014

...................................

...THE YOUNGSTOWN OH CLIMATE SUMMARY FOR THE SEASON, FROM
12/1/2013 TO 2/28/2014...

CLIMATE NORMAL PERIOD 1981 TO 2010
CLIMATE RECORD PERIOD 1897 TO 2014

WEATHER         OBSERVED          NORMAL  DEPART
                 VALUE   DATE(S)  VALUE   FROM
                                          NORMAL
................................................
TEMPERATURE (F)
RECORD
 HIGH              76   12/03/1982
 LOW              -22   01/19/1994
HIGHEST            64   12/22
LOWEST            -12   01/28
                        01/07
AVG. MAXIMUM     31.8              35.0    -3.2
AVG. MINIMUM     15.6              21.3    -5.7
MEAN             23.7              28.1    -4.4
DAYS MAX >= 90      0               0.0
DAYS MAX <= 32     51              37.0
DAYS MIN <= 32     79              75.1
DAYS MIN <= 0      14               3.6

PRECIPITATION (INCHES)
RECORD
 MAXIMUM        15.88   1950
 MINIMUM         3.84   1922
TOTALS           8.21              7.69    0.52
DAYS >= .01        61              48.6
DAYS >= .10        23              21.1
DAYS >= .50         3               3.4
DAYS >= 1.00        1               0.6

SNOWFALL (INCHES)
RECORDS
 TOTAL          103.7   2011
TOTALS           66.9              44.4
DAYS >= TRACE      67
DAYS >= 1.0        24              14.5

DEGREE_DAYS
HEATING TOTAL    3686              3318     368
COOLING TOTAL       0                 0       0
.................................................

WIND (MPH)
HIGHEST GUST SPEED/DIRECTION    48/220    DATE  01/06

SKY COVER
POSSIBLE SUNSHINE (PERCENT)   MM
NUMBER OF DAYS FAIR            3
NUMBER OF DAYS PC             16
NUMBER OF DAYS CLOUDY         71


WEATHER CONDITIONS. NUMBER OF DAYS WITH
THUNDERSTORM              0     MIXED PRECIP               3
HEAVY RAIN                4     RAIN                      12
LIGHT RAIN               24     FREEZING RAIN              2
LT FREEZING RAIN         11     HAIL                       0
HEAVY SNOW               11     SNOW                      26
LIGHT SNOW               64     SLEET                      8
FOG                      56     FOG W/VIS <= 1/4 MILE      4
HAZE                     13

-  INDICATES NEGATIVE NUMBERS.
R  INDICATES RECORD WAS SET OR TIED.
MM INDICATES DATA IS MISSING.
T  INDICATES TRACE AMOUNT.

$$





U.S. Dept. of Commerce
NOAA National Weather Service
1325 East West Highway
Silver Spring, MD 20910
E-mail: w-nws.webmaster@noaa.gov
Page last modified: May 16, 2007
NATIONAL WEATHER SERVICE: for Safety, for Work, for Fun - FOR LIFE