836
CXUS55 KLKN 030716
CLSWMC


CLIMATE REPORT
NATIONAL WEATHER SERVICE ELKO NV
1050 PM PST TUE DEC 2 2014

...................................

...THE WINNEMUCCA AIRPORT NV CLIMATE SUMMARY FOR THE SEASON, FROM
9/1/2014 TO 11/30/2014...

CLIMATE NORMAL PERIOD 1981 TO 2010
CLIMATE RECORD PERIOD 1877 TO 2014

WEATHER         OBSERVED          NORMAL  DEPART  LAST YEAR`S
                 VALUE   DATE(S)  VALUE   FROM    VALUE
                                          NORMAL
.............................................................
TEMPERATURE (F)
RECORD
 HIGH             103   09/02/1950
 LOW              -10   11/25/2010
HIGHEST            94   09/16        95      -1       94
LOWEST              6   11/17         6       0       13
                        11/16
AVG. MAXIMUM     69.0              66.4     2.6     65.8
AVG. MINIMUM     33.5              30.5     3.0     31.6
MEAN             51.3              48.4     2.9     48.7
DAYS MAX >= 90      7               5.6     1.4        4
DAYS MAX <= 32      0               0.7    -0.7        0
DAYS MIN <= 32     43              49.8    -6.8       56
DAYS MIN <= 0       0               0.5    -0.5        0

PRECIPITATION (INCHES)
RECORD
 MAXIMUM         4.79   1998
 MINIMUM         0.07   1929
TOTALS           2.81              1.99    0.82     2.70
DAILY AVG.       0.03              0.02    0.01     0.03
DAYS >= .01        14              15.7    -1.7       15
DAYS >= .10         6               6.3    -0.3        8
DAYS >= .50         2               0.5     1.5        1
DAYS >= 1.00        0               0.0     0.0        1

SNOWFALL (INCHES)
RECORDS
 TOTAL           19.6   1985
TOTALS            2.3               3.5    -1.2      6.6
DAYS >= 1.0         1               1.3    -0.3        2
GREATEST
 SNOW DEPTH         0   MM                             2

DEGREE_DAYS
HEATING TOTAL    1275              1538    -263     1545
COOLING TOTAL      49                31      18       81
..............................................................

WIND (MPH)
AVERAGE WIND SPEED              6.8
HIGHEST WIND SPEED/DIRECTION    38/220    DATE  11/29
HIGHEST GUST SPEED/DIRECTION    49/270    DATE  11/22

AVERAGE RH (PERCENT)     48

WEATHER CONDITIONS. NUMBER OF DAYS WITH
THUNDERSTORM              0     MIXED PRECIP               0
HEAVY RAIN                3     RAIN                       4
LIGHT RAIN               17     FREEZING RAIN              0
LT FREEZING RAIN          0     HAIL                       2
HEAVY SNOW                2     SNOW                       2
LIGHT SNOW                3     SLEET                      0
FOG                      12     FOG W/VIS <= 1/4 MILE      2
HAZE                     16

-  INDICATES NEGATIVE NUMBERS.
R  INDICATES RECORD WAS SET OR TIED.
MM INDICATES DATA IS MISSING.
T  INDICATES TRACE AMOUNT.

&&

==============================================================

...12TH WARMEST METEOROLOGICAL AUTUMN ON RECORD IN WINNEMUCCA...
...21ST WETTEST METEOROLOGICAL AUTUMN ON RECORD IN WINNEMUCCA...
...51ST SNOWIEST METEOROLOGICAL AUTUMN ON RECORD IN WINNEMUCCA...

THE AVERAGE TEMPERATURE IN WINNEMUCCA DURING METEOROLOGICAL
AUTUMN 2014 (SEPTEMBER, OCTOBER AND NOVEMBER) WAS 51.3
DEGREES..WHICH IS 2.9 DEGREES ABOVE THE 1981-2010
CLIMATOLOGICAL NORMAL OF 48.4 DEGREES. THIS MAKES
METEOROLOGICAL AUTUMN 2014 THE 12TH WARMEST ON RECORD. THE
TOTAL PRECIPITATION WAS 2.81 INCHES...WHICH IS 0.82 INCHES OR
41 PERCENT ABOVE THE 1981-2010 CLIMATOLOGICAL NORMAL OF 1.99
INCHES. THIS MAKES METEOROLOGICAL AUTUMN 2014 THE 21ST WETTEST
ON RECORD. THE TOTAL SNOWFALL WAS 2.3 INCHES...WHICH IS 1.2
INCHES OR 34 PERCENT BELOW THE 1981-2010 CLIMATOLOGICAL NORMAL
OF 3.5 INCHES. THIS MAKES METEOROLOGICAL AUTUMN 2014 THE 51ST
LEAST SNOWY ON RECORD.

NO MONTHLY RECORDS WERE SET IN WINNEMUCCA DURING
METEOROLOGICAL AUTUMN 2014.

$$

RCM




U.S. Dept. of Commerce
NOAA National Weather Service
1325 East West Highway
Silver Spring, MD 20910
E-mail: w-nws.webmaster@noaa.gov
Page last modified: May 16, 2007
NATIONAL WEATHER SERVICE: for Safety, for Work, for Fun - FOR LIFE