530
CXUS53 KLSX 011523
CLSUIN

STLCLMUIN 000
TTAA00 KLSX 011518


CLIMATE REPORT
NATIONAL WEATHER SERVICE ST LOUIS MO
942 AM CDT MON SEP 1 2014

...................................

...THE QUINCY IL CLIMATE SUMMARY FOR THE SEASON, FROM
6/1/2014 TO 8/31/2014...

CLIMATE NORMAL PERIOD 1981 TO 2010
CLIMATE RECORD PERIOD 1901 TO 2014

WEATHER         OBSERVED          NORMAL  DEPART
                 VALUE   DATE(S)  VALUE   FROM
                                          NORMAL
................................................
TEMPERATURE (F)
RECORD
 HIGH             114   07/15/1936
 LOW               39   06/12/1903
HIGHEST            93   08/25
                        08/24
LOWEST             50   06/13
AVG. MAXIMUM     82.0              84.0    -2.0
AVG. MINIMUM     64.4
MEAN             73.2              74.2    -1.0
DAYS MAX >= 90      7
DAYS MAX <= 32      0
DAYS MIN <= 32      0
DAYS MIN <= 0       0

PRECIPITATION (INCHES)
RECORD
 MAXIMUM        21.85   1915
 MINIMUM         2.68   1936
TOTALS          17.21             11.66    5.55
DAYS >= .01        40
DAYS >= .10        25
DAYS >= .50        11
DAYS >= 1.00        6
GREATEST
 24 HR. TOTAL    3.11   06/03 TO 06/04

DEGREE_DAYS
HEATING TOTAL       9                21     -12
 SINCE 7/1          5                 5       0
COOLING TOTAL     786               868     -82
 SINCE 1/1        929               953     -24
.................................................

WIND (MPH)
AVERAGE WIND SPEED              7.5
HIGHEST WIND SPEED/DIRECTION    53/320    DATE  06/03
HIGHEST GUST SPEED/DIRECTION    70/210    DATE  06/21

SKY COVER
NUMBER OF DAYS FAIR           69
NUMBER OF DAYS PC             17
NUMBER OF DAYS CLOUDY          6


WEATHER CONDITIONS. NUMBER OF DAYS WITH
THUNDERSTORM             31     FOG W/VIS <= 1/4 MILE      7

-  INDICATES NEGATIVE NUMBERS.
R  INDICATES RECORD WAS SET OR TIED.
MM INDICATES DATA IS MISSING.
T  INDICATES TRACE AMOUNT.

&&

...SEASONAL...

TIED 19TH COOLEST METEOROLOGICAL SUMMER ON RECORD (73.2 DEGREES).

TIED 7TH LEAST NUMBER OF OCCURRENCES OF A MAXIMUM TEMPERATURE
GREATER THAN OR EQUAL TO 90 DEGREES (7 DAYS).


14TH WETTEST METEOROLOGICAL SUMMER ON RECORD (17.21 INCHES).


...MONTHLY...

14TH WETTEST AUGUST ON RECORD (6.17 INCHES).

COOLEST JULY ON RECORD.
-- 71.0 DEGREES...PREVIOUS 71.3 DEGREES SET IN 2009 AND
           1950.


TIED 20TH WARMEST JUNE ON RECORD (73.6 DEGREES).

4TH WETTEST JUNE ON RECORD (8.15 INCHES).


...DAILY...

2 RECORD LOW MAXIMUMS SET (7/15 AND 7/2).

1 RECORD LOW MAXIMUM TIED.
-- 75 DEGREES ON 7/15...TIED WITH 1958.


1 RECORD MINIMUM SET.
-- 52 DEGREES ON 7/16...PREVIOUS 54 DEGREES SET IN 1903.


2 DAILY RAINFALL RECORDS SET. (8/7 AND 6/19).


$$












U.S. Dept. of Commerce
NOAA National Weather Service
1325 East West Highway
Silver Spring, MD 20910
E-mail: w-nws.webmaster@noaa.gov
Page last modified: May 16, 2007
NATIONAL WEATHER SERVICE: for Safety, for Work, for Fun - FOR LIFE