639
CXUS53 KLSX 012346 CCA
CLSUIN

STLCLMUIN 000
TTAA00 KLSX 011447


CLIMATE REPORT
NATIONAL WEATHER SERVICE ST LOUIS MO
831 AM CST SAT MAR 1 2014

...................................

...THE QUINCY IL CLIMATE SUMMARY FOR THE SEASON, FROM
12/1/2013 TO 2/28/2014...

CLIMATE NORMAL PERIOD 1981 TO 2010
CLIMATE RECORD PERIOD 1901 TO 2014

WEATHER         OBSERVED          NORMAL  DEPART
                 VALUE   DATE(S)  VALUE   FROM
                                          NORMAL
................................................
TEMPERATURE (F)
RECORD
 HIGH              74   12/03/2012
                        02/10/1932
                        02/15/1921
 LOW              -29   02/13/1905
HIGHEST            62   02/20
LOWEST            -13   01/06
AVG. MAXIMUM     31.5              36.9    -5.4
AVG. MINIMUM     12.2
MEAN             21.9              29.0    -7.1
DAYS MAX >= 90      0
DAYS MAX <= 32     52
DAYS MIN <= 32     83
DAYS MIN <= 0      18

PRECIPITATION (INCHES)
RECORD
 MAXIMUM        10.11   1983
 MINIMUM         1.33   1920
TOTALS           3.20* 4 DAYS MSG  5.65   -2.45
DAYS >= .01        19
DAYS >= .10        10
DAYS >= .50         2
DAYS >= 1.00        0
GREATEST
 24 HR. TOTAL    0.79   12/13 TO 12/14

DEGREE_DAYS
HEATING TOTAL    3761              3242     519
 SINCE 7/1       4894              4342     552
COOLING TOTAL       0                 0       0
 SINCE 1/1          0                 0       0
.................................................

WIND (MPH)
AVERAGE WIND SPEED              10.9
HIGHEST WIND SPEED/DIRECTION    44/330    DATE  01/26
HIGHEST GUST SPEED/DIRECTION    56/250    DATE  02/20

SKY COVER
POSSIBLE SUNSHINE (PERCENT)   MM
NUMBER OF DAYS FAIR           41
NUMBER OF DAYS PC             27
NUMBER OF DAYS CLOUDY         22


WEATHER CONDITIONS.NUMBER OF DAYS WITH
THUNDERSTORM  3
FOG W/VIS <= 1/4 MILE  6

-  INDICATES NEGATIVE NUMBERS.
R  INDICATES RECORD WAS SET OR TIED.
MM INDICATES DATA IS MISSING.
T  INDICATES TRACE AMOUNT.

$$

7TH COLDEST WINTER SEASON...21.9 DEGREES

TIED 10TH MOST OCCURRENCES OF DAYS WITH A MINIMUM TEMPERATURE LESS THAN
OR EQUAL TO 0 DEGREES (18 DAYS).

TIED 2ND MOST OCCURRENCES OF DAYS WITH A MAXIMUM TEMPERATURE LESS THAN
OR EQUAL TO 32 DEGREES (52 DAYS).










U.S. Dept. of Commerce
NOAA National Weather Service
1325 East West Highway
Silver Spring, MD 20910
E-mail: w-nws.webmaster@noaa.gov
Page last modified: May 16, 2007
NATIONAL WEATHER SERVICE: for Safety, for Work, for Fun - FOR LIFE