454
CXUS53 KLSX 031400
CLSUIN

STLCLMUIN 000
TTAA00 KLSX 031351


CLIMATE REPORT
NATIONAL WEATHER SERVICE ST LOUIS MO
821 AM CDT TUE JUN 3 2014

...................................

...THE QUINCY CLIMATE SUMMARY FOR THE SEASON, FROM 3/1/2014 TO
5/31/2014...

CLIMATE NORMAL PERIOD 1981 TO 2010
CLIMATE RECORD PERIOD 1901 TO 2014

WEATHER         OBSERVED          NORMAL  DEPART
                 VALUE   DATE(S)  VALUE   FROM
                                          NORMAL
................................................
TEMPERATURE (F)
RECORD
 HIGH             103   05/30/1934
 LOW              -13   03/05/1960
HIGHEST            87   05/28
                        05/12
LOWEST             -9   03/03
AVG. MAXIMUM     62.5              62.5     0.0
AVG. MINIMUM     40.7              42.8    -2.1
MEAN             51.6              52.6    -1.0
DAYS MAX >= 90      0
DAYS MAX <= 32      2
DAYS MIN <= 32     28
DAYS MIN <= 0       2

PRECIPITATION (INCHES)
RECORD
 MAXIMUM        25.78   1973
 MINIMUM         4.20   1956
TOTALS           6.29             10.69   -4.40
DAYS >= .01        31
DAYS >= .10        11
DAYS >= .50         3
DAYS >= 1.00        2
GREATEST
 24 HR. TOTAL    1.40   05/12 TO 05/13

DEGREE_DAYS
HEATING TOTAL    1357              1224     133
 SINCE 7/1       6251              5566     685
COOLING TOTAL     143                86      57
 SINCE 1/1        143                86      57
.................................................

WIND (MPH)
AVERAGE WIND SPEED              10.7
HIGHEST WIND SPEED/DIRECTION    35/250    DATE  05/12
                                                03/31
HIGHEST GUST SPEED/DIRECTION    45/170    DATE  05/11

SKY COVER
NUMBER OF DAYS FAIR           56
NUMBER OF DAYS PC             23
NUMBER OF DAYS CLOUDY         13


WEATHER CONDITIONS. NUMBER OF DAYS WITH
THUNDERSTORM             16     MIXED PRECIP               0
HEAVY RAIN                6     RAIN                       5
LIGHT RAIN               37     FREEZING RAIN              0
LIGHT FREEZING RAIN       0     HEAVY SNOW                 0
SNOW                      3     LIGHT SNOW                 8
SLEET                     0     FOG                       35
FOG W/VIS <= 1/4 MILE     0     HAZE                      19

-  INDICATES NEGATIVE NUMBERS.
R  INDICATES RECORD WAS SET OR TIED.
MM INDICATES DATA IS MISSING.
T  INDICATES TRACE AMOUNT.

$$

13TH DRIEST SPRING







U.S. Dept. of Commerce
NOAA National Weather Service
1325 East West Highway
Silver Spring, MD 20910
E-mail: w-nws.webmaster@noaa.gov
Page last modified: May 16, 2007
NATIONAL WEATHER SERVICE: for Safety, for Work, for Fun - FOR LIFE