588
CXUS55 KLKN 020150
CLSTPH


CLIMATE REPORT
NATIONAL WEATHER SERVICE ELKO NV
526 PM PST SAT MAR 1 2014

...................................

...THE TONOPAH AIRPORT NV CLIMATE SUMMARY FOR THE SEASON, FROM
12/1/2013 TO 2/28/2014...

CLIMATE NORMAL PERIOD 1981 TO 2010
CLIMATE RECORD PERIOD 1954 TO 2014

WEATHER         OBSERVED          NORMAL  DEPART  LAST YEAR`S
                 VALUE   DATE(S)  VALUE   FROM    VALUE  DATE(S)
                                          NORMAL
................................................................
TEMPERATURE (F)
RECORD
 HIGH              75   02/25/1986
 LOW              -15   01/24/1962
                        01/23/1962
HIGHEST            68   02/14        64       4       59  02/04
                                                          02/03
LOWEST             -2   12/08         1      -3       -2  01/13
AVG. MAXIMUM     50.7              46.0     4.7     44.7
AVG. MINIMUM     22.5              21.2     1.3     20.2
MEAN             36.6              33.6     3.0     32.5
DAYS MAX >= 90      0               0.0     0.0        0
DAYS MAX <= 32      6               5.1     0.9        6
DAYS MIN <= 32     83              84.7    -1.7       84
DAYS MIN <= 0       1               1.2    -0.2        3

PRECIPITATION (INCHES)
RECORD
 MAXIMUM         3.27   1968
 MINIMUM         0.14   1964
TOTALS           0.70              1.32   -0.62     0.59
DAILY AVG.       0.01              0.01    0.00     0.01
DAYS >= .01         7              11.8    -4.8        9
DAYS >= .10         3               4.8    -1.8        2
DAYS >= .50         0               0.1    -0.1        0
DAYS >= 1.00        0               0.0     0.0        0
GREATEST
 24 HR. TOTAL    0.34   MM                          0.19

DEGREE_DAYS
HEATING TOTAL    2546              2824    -278     2913
 SINCE 7/1       3773              4042    -269     3834
COOLING TOTAL       0                 0       0        0
 SINCE 1/1          0                 0       0        0
.................................................................

WIND (MPH)
AVERAGE WIND SPEED              9.4
HIGHEST WIND SPEED/DIRECTION    43/320    DATE  12/21
HIGHEST GUST SPEED/DIRECTION    49/340    DATE  02/19

AVERAGE RH (PERCENT)     45

WEATHER CONDITIONS. NUMBER OF DAYS WITH
THUNDERSTORM              0     MIXED PRECIP               0
HEAVY RAIN                1     RAIN                       2
LIGHT RAIN                5     FREEZING RAIN              0
LT FREEZING RAIN          0     HAIL                       0
HEAVY SNOW                0     SNOW                       1
LIGHT SNOW                7     SLEET                      0
FOG                       7     FOG W/VIS <= 1/4 MILE      0
HAZE                      1

-  INDICATES NEGATIVE NUMBERS.
R  INDICATES RECORD WAS SET OR TIED.
MM INDICATES DATA IS MISSING.
T  INDICATES TRACE AMOUNT.

&&

=================================================================

...6TH WARMEST METEOROLOGICAL WINTER ON RECORD AT TONOPAH AIRPORT...
...21ST DRIEST METEOROLOGICAL WINTER ON RECORD AT TONOPAH AIRPORT...

THE AVERAGE TEMPERATURE AT TONOPAH AIRPORT DURING METEOROLOGICAL
WINTER 2013-2014 WAS 36.6 DEGREES...WHICH IS 3.0 DEGREES ABOVE
THE 1981-2010 CLIMATOLOGICAL NORMAL OF 33.6 DEGREES. THIS MAKES
METEOROLOGICAL WINTER 2013-2014 THE 6TH WARMEST ON RECORD. THE
TOTAL PRECIPITATION WAS 0.70 INCHES...WHICH IS 0.62 INCHES OR 47
PERCENT BELOW THE 1981-2010 CLIMATOLOGICAL NORMAL OF 1.32 INCHES.
THIS MAKES METEOROLOGICAL WINTER 2013-2014 THE 21ST DRIEST ON
RECORD.

NO MONTHLY RECORDS WERE SET AT TONOPAH AIRPORT DURING
METEOROLOGICAL WINTER 2013-2014.

$$

RCM




U.S. Dept. of Commerce
NOAA National Weather Service
1325 East West Highway
Silver Spring, MD 20910
E-mail: w-nws.webmaster@noaa.gov
Page last modified: May 16, 2007
NATIONAL WEATHER SERVICE: for Safety, for Work, for Fun - FOR LIFE