627
CXUS51 KCLE 010532
CLSTOL


CLIMATE REPORT
NATIONAL WEATHER SERVICE CLEVELAND OH
1230 AM EST SAT MAR 1 2014

...................................

...THE TOLEDO OH CLIMATE SUMMARY FOR THE SEASON, FROM
12/1/2013 TO 2/28/2014...

CLIMATE NORMAL PERIOD 1981 TO 2010
CLIMATE RECORD PERIOD 1873 TO 2014

WEATHER         OBSERVED          NORMAL  DEPART
                 VALUE   DATE(S)  VALUE   FROM
                                          NORMAL
................................................
TEMPERATURE (F)
RECORD
 HIGH              71   02/26/2000
                        02/11/1999
                        01/25/1950
 LOW              -20   01/21/1984
HIGHEST            61   12/05
LOWEST            -15   01/06
AVG. MAXIMUM     28.7              35.0    -6.3
AVG. MINIMUM     12.1              20.7    -8.6
MEAN             20.4              27.8    -7.4
DAYS MAX >= 90      0               0.0
DAYS MAX <= 32     63              35.4
DAYS MIN <= 32     82              76.0
DAYS MIN <= 0      22               5.3

PRECIPITATION (INCHES)
RECORD
 MAXIMUM        13.35   1950
 MINIMUM         2.15   1920
TOTALS          10.25              6.80    3.45
DAYS >= .01        44              36.0
DAYS >= .10        20              17.0
DAYS >= .50         5               3.8
DAYS >= 1.00        2               0.7

SNOWFALL (INCHES)
RECORDS
 TOTAL           64.0   1978
TOTALS           73.0R             28.4
DAYS >= TRACE      52
DAYS >= 1.0        19               8.8

DEGREE_DAYS
HEATING TOTAL    3978              3344     634
COOLING TOTAL       0                 0       0
.................................................

WIND (MPH)
HIGHEST GUST SPEED/DIRECTION    51/240    DATE  02/21

SKY COVER
POSSIBLE SUNSHINE (PERCENT)   MM
NUMBER OF DAYS FAIR           22
NUMBER OF DAYS PC             34
NUMBER OF DAYS CLOUDY         34


WEATHER CONDITIONS. NUMBER OF DAYS WITH
THUNDERSTORM              0     MIXED PRECIP               0
HEAVY RAIN                3     RAIN                       5
LIGHT RAIN               10     FREEZING RAIN              1
LT FREEZING RAIN          2     HAIL                       0
HEAVY SNOW                2     SNOW                       9
LIGHT SNOW               52     SLEET                      0
FOG                      54     FOG W/VIS <= 1/4 MILE      8
HAZE                     18

-  INDICATES NEGATIVE NUMBERS.
R  INDICATES RECORD WAS SET OR TIED.
MM INDICATES DATA IS MISSING.
T  INDICATES TRACE AMOUNT.

$$





U.S. Dept. of Commerce
NOAA National Weather Service
1325 East West Highway
Silver Spring, MD 20910
E-mail: w-nws.webmaster@noaa.gov
Page last modified: May 16, 2007
NATIONAL WEATHER SERVICE: for Safety, for Work, for Fun - FOR LIFE