607
CXUS51 KCLE 070154
CLSTOL

CLIMATE REPORT
NATIONAL WEATHER SERVICE CLEVELAND OH
849 PM EST SAT DEC 6 2014

...................................

...THE TOLEDO OH CLIMATE SUMMARY FOR THE SEASON, FROM
9/1/2014 TO 11/30/2014...

CLIMATE NORMAL PERIOD 1981 TO 2010
CLIMATE RECORD PERIOD 1873 TO 2014

WEATHER         OBSERVED          NORMAL  DEPART
                 VALUE   DATE(S)  VALUE   FROM
                                          NORMAL
................................................
TEMPERATURE (F)
RECORD
 HIGH             100   09/02/1953
                        09/01/1953
                        09/15/1939
 LOW                0   10/10/2008
HIGHEST            93   09/05
LOWEST              9   11/18
AVG. MAXIMUM     59.2              62.6    -3.4
AVG. MINIMUM     40.1              42.6    -2.5
MEAN             49.7              52.6    -2.9
DAYS MAX >= 90      1               0.9
DAYS MAX <= 32      6               1.1
DAYS MIN <= 32     22              18.7
DAYS MIN <= 0       0               0.0

PRECIPITATION (INCHES)
RECORD
 MAXIMUM        18.56   1881
 MINIMUM         2.50   1908
TOTALS           9.42              8.24    1.18
DAYS >= .01        35              31.1
DAYS >= .10        20              16.9
DAYS >= .50         3               5.0
DAYS >= 1.00        1               1.6

SNOWFALL (INCHES)
RECORDS
 TOTAL           17.9   1996
TOTALS            2.8               2.1
DAYS >= TRACE      12
DAYS >= 1.0         1               0.8

DEGREE_DAYS
HEATING TOTAL    1424              1219     205
COOLING TOTAL      56                91     -35
.................................................

WIND (MPH)
HIGHEST GUST SPEED/DIRECTION    59/230    DATE  11/24

SKY COVER
POSSIBLE SUNSHINE (PERCENT)   MM
NUMBER OF DAYS FAIR           35
NUMBER OF DAYS PC             25
NUMBER OF DAYS CLOUDY         31


WEATHER CONDITIONS. NUMBER OF DAYS WITH
THUNDERSTORM              0     MIXED PRECIP               0
HEAVY RAIN               11     RAIN                      19
LIGHT RAIN               37     FREEZING RAIN              1
LT FREEZING RAIN          2     HAIL                       0
HEAVY SNOW                0     SNOW                       2
LIGHT SNOW               12     SLEET                      0
FOG                      57     FOG W/VIS <= 1/4 MILE     14
HAZE                     22

-  INDICATES NEGATIVE NUMBERS.
R  INDICATES RECORD WAS SET OR TIED.
MM INDICATES DATA IS MISSING.
T  INDICATES TRACE AMOUNT.

$$







U.S. Dept. of Commerce
NOAA National Weather Service
1325 East West Highway
Silver Spring, MD 20910
E-mail: w-nws.webmaster@noaa.gov
Page last modified: May 16, 2007
NATIONAL WEATHER SERVICE: for Safety, for Work, for Fun - FOR LIFE