400
CXUS51 KCLE 041937
CLSTOL

CLIMATE REPORT
NATIONAL WEATHER SERVICE CLEVELAND OH
131 PM EDT WED JUN 4 2014

...................................

...THE TOLEDO OH CLIMATE SUMMARY FOR THE SEASON, FROM
3/1/2014 TO 5/31/2014...

CLIMATE NORMAL PERIOD 1981 TO 2010
CLIMATE RECORD PERIOD 1873 TO 2014

WEATHER         OBSERVED          NORMAL  DEPART
                 VALUE   DATE(S)  VALUE   FROM
                                          NORMAL
................................................
TEMPERATURE (F)
RECORD
 HIGH              96   05/28/2012
 LOW              -10   03/12/1948
HIGHEST            89   05/27
LOWEST             -4   03/13
                        03/03
                        03/04
AVG. MAXIMUM     56.7              59.3    -2.6
AVG. MINIMUM     35.2              38.5    -3.3
MEAN             46.0              48.9    -2.9
DAYS MAX >= 90      0               0.8
DAYS MAX <= 32      9               3.5
DAYS MIN <= 32     35              27.2
DAYS MIN <= 0       3               0.0

PRECIPITATION (INCHES)
RECORD
 MAXIMUM        17.75   1913
 MINIMUM         4.11   1981
TOTALS           6.67              9.25   -2.58
DAYS >= .01        32              35.8
DAYS >= .10        20              20.8
DAYS >= .50         3               5.5
DAYS >= 1.00        1               1.6

SNOWFALL (INCHES)
RECORDS
 TOTAL           20.9   1916
TOTALS           12.8               7.1
DAYS >= TRACE      13
DAYS >= 1.0         5               2.1

DEGREE_DAYS
HEATING TOTAL    1790              1534     256
COOLING TOTAL      62                53       9
.................................................

WIND (MPH)
HIGHEST GUST SPEED/DIRECTION    55/240    DATE  04/01

SKY COVER
POSSIBLE SUNSHINE (PERCENT)   MM
NUMBER OF DAYS FAIR           47
NUMBER OF DAYS PC             27
NUMBER OF DAYS CLOUDY         18


WEATHER CONDITIONS. NUMBER OF DAYS WITH
THUNDERSTORM              0     MIXED PRECIP               1
HEAVY RAIN                6     RAIN                      10
LIGHT RAIN               35     FREEZING RAIN              0
LT FREEZING RAIN          0     HAIL                       0
HEAVY SNOW                0     SNOW                       1
LIGHT SNOW                9     SLEET                      0
FOG                      29     FOG W/VIS <= 1/4 MILE      3
HAZE                      6

-  INDICATES NEGATIVE NUMBERS.
R  INDICATES RECORD WAS SET OR TIED.
MM INDICATES DATA IS MISSING.
T  INDICATES TRACE AMOUNT.

$$







U.S. Dept. of Commerce
NOAA National Weather Service
1325 East West Highway
Silver Spring, MD 20910
E-mail: w-nws.webmaster@noaa.gov
Page last modified: May 16, 2007
NATIONAL WEATHER SERVICE: for Safety, for Work, for Fun - FOR LIFE