745
CXUS51 KBGM 010940
CLSSYR


CLIMATE REPORT
NATIONAL WEATHER SERVICE BINGHAMTON NY
522 AM EDT SUN JUN 1 2014

...................................

...THE SYRACUSE NY CLIMATE SUMMARY FOR THE SEASON, FROM
3/1/2014 TO 5/31/2014...

CLIMATE NORMAL PERIOD 1981 TO 2010
CLIMATE RECORD PERIOD 1902 TO 2014

WEATHER         OBSERVED          NORMAL  DEPART  LAST YEAR`S
                 VALUE   DATE(S)  VALUE   FROM    VALUE  DATE(S)
                                          NORMAL
................................................................
TEMPERATURE (F)
RECORD
 HIGH              96   05/21/1977
 LOW              -16   03/04/1950
HIGHEST            86   05/27        56      30       91  05/31
LOWEST             -8   03/06        36     -44       14  03/18
AVG. MAXIMUM     54.5              56.4    -1.9     56.5
AVG. MINIMUM     33.4              36.0    -2.6     36.9
MEAN             44.0              46.2    -2.2     46.7
DAYS MAX >= 90      0               0.3    -0.3        1
DAYS MAX <= 32     12               5.5     6.5        8
DAYS MIN <= 32     41              32.6     8.4       39
DAYS MIN <= 0       2               0.4     1.6        0

PRECIPITATION (INCHES)
RECORD
 MAXIMUM        20.15   1976
 MINIMUM         5.66   1981
TOTALS          11.83              9.36    2.47     9.52
DAILY AVG.       0.13              0.10    0.03     0.10
DAYS >= .01        41              42.7    -1.7       42
DAYS >= .10        23              23.3    -0.3       24
DAYS >= .50         8               5.8     2.2        6
DAYS >= 1.00        5               0.8     4.2        1
GREATEST
 24 HR. TOTAL    1.44   05/15 TO 05/16

SNOWFALL (INCHES)
RECORDS
 TOTAL           66.7   1993
 24 HR TOTAL     22.1   03/13/1993 TO 03/13/1993
 SNOW DEPTH        35   03/15/1993
TOTALS           22.1              21.9     0.2     32.2
SINCE 7/1       131.8             123.8     8.0    115.4
SNOWDEPTH AVG.      2                MM      MM        1
DAYS >= TRACE      26              12.6    13.4       33
DAYS >= 1.0         4               6.3    -2.3        7
GREATEST
 SNOW DEPTH        14   03/13                          8  04/03
                                                          03/23
 24 HR TOTAL     13.6   03/12 TO 03/13           04/02 TO 04/02

DEGREE_DAYS
HEATING TOTAL    1969              1759     210     1715
 SINCE 7/1       7056              6590     466     6086
COOLING TOTAL      56                30      26       52
 SINCE 1/1         56                30      26       52

FREEZE DATES
RECORD
 EARLIEST     09/23/1963
 LATEST       05/24/1963
EARLIEST                        10/14
LATEST                          04/29
...................................................

WIND (MPH)
AVERAGE WIND SPEED              8.8
RESULTANT WIND SPEED/DIRECTION   3/273
HIGHEST WIND SPEED/DIRECTION    33/260    DATE  03/22
HIGHEST GUST SPEED/DIRECTION    51/170    DATE  05/15

SKY COVER
POSSIBLE SUNSHINE (PERCENT)   MM
AVERAGE SKY COVER           0.70

AVERAGE RH (PERCENT)     66


-  INDICATES NEGATIVE NUMBERS.
R  INDICATES RECORD WAS SET OR TIED.
MM INDICATES DATA IS MISSING.
T  INDICATES TRACE AMOUNT.

$$





U.S. Dept. of Commerce
NOAA National Weather Service
1325 East West Highway
Silver Spring, MD 20910
E-mail: w-nws.webmaster@noaa.gov
Page last modified: May 16, 2007
NATIONAL WEATHER SERVICE: for Safety, for Work, for Fun - FOR LIFE