825
CXUS51 KBGM 100304 CCB
CLSSYR

CLIMATE REPORT...CORRECTED
NATIONAL WEATHER SERVICE BINGHAMTON NY
1005 PM EST TUE DEC 9 2014

...................................

...THE SYRACUSE NY CLIMATE SUMMARY FOR THE SEASON, FROM
9/1/2014 TO 11/30/2014...

CLIMATE NORMAL PERIOD 1981 TO 2010
CLIMATE RECORD PERIOD 1902 TO 2014

WEATHER         OBSERVED          NORMAL  DEPART  LAST YEAR`S
                 VALUE   DATE(S)  VALUE   FROM    VALUE  DATE(S)
                                          NORMAL
................................................................
TEMPERATURE (F)
RECORD
 HIGH              97   09/04/1953
                        09/03/1953
 LOW                5   11/30/1976
                        11/24/1956
HIGHEST            90   09/05        60      30       94  09/11
LOWEST             19   11/19        42     -23        7  11/30
AVG. MAXIMUM     61.6              60.2     1.4     60.4
AVG. MINIMUM     44.0              41.9     2.1     41.4
MEAN             52.8              51.1     1.7     50.9
DAYS MAX >= 90      1               0.4     0.6        1
DAYS MAX <= 32      4               1.6     2.4        3
DAYS MIN <= 32     13              18.3    -5.3       18
DAYS MIN <= 0       0               0.0     0.0        0

PRECIPITATION (INCHES)
RECORD
 MAXIMUM        16.60   1977
 MINIMUM         4.47   1964
TOTALS           8.44             10.66   -2.22    10.95
DAILY AVG.       0.09              0.12   -0.03     0.12
DAYS >= .01        39              43.0    -4.0       49
DAYS >= .10        20              23.6    -3.6       26
DAYS >= .50         6               6.3    -0.3        9
DAYS >= 1.00        1               1.9    -0.9        0
GREATEST
 24 HR. TOTAL    1.70   10/15 TO 10/16

SNOWFALL (INCHES)
RECORDS
 TOTAL           34.2   1995
 24 HR TOTAL     11.9   11/06/1973 TO 11/06/1973
 SNOW DEPTH        14   11/07/1973
TOTALS           11.0               9.9     1.1     14.3
SINCE 7/1        11.0               9.9     1.1     14.3
SNOWDEPTH AVG.      0                MM      MM        0
DAYS >= TRACE      15               6.3     8.7       19
DAYS >= 1.0         4               2.8     1.2        4
GREATEST
 SNOW DEPTH         5   11/29                          7  11/25
 24 HR TOTAL      2.6   11/26

DEGREE_DAYS
HEATING TOTAL    1174              1323    -149     1327
 SINCE 7/1       1185              1349    -164     1333
COOLING TOTAL      88                56      32       69
 SINCE 1/1        647               569      78      712

FREEZE DATES
RECORD
 EARLIEST     09/23/1963
 LATEST       05/24/1963
EARLIEST                        10/14
LATEST                          04/29
.....................................................

WIND (MPH)
AVERAGE WIND SPEED              8.8
RESULTANT WIND SPEED/DIRECTION   4/224
HIGHEST WIND SPEED/DIRECTION    38/250    DATE  10/08
HIGHEST GUST SPEED/DIRECTION    47/260    DATE  10/08

SKY COVER
POSSIBLE SUNSHINE (PERCENT)   MM
AVERAGE SKY COVER           0.70

AVERAGE RH (PERCENT)     69


-  INDICATES NEGATIVE NUMBERS.
R  INDICATES RECORD WAS SET OR TIED.
MM INDICATES DATA IS MISSING.
T  INDICATES TRACE AMOUNT.

&&
CORRECTED SNOWFALL FOR SEASON AND SINCE 7/1
ADDED DATED FOR GREATEST 24 HOUR RAINFALL AND SNOWFALL
ADDED HEATING DEGREE DAYS SINCE 7/1

CORRECTED NUMBER OF SNOW DAYS

$$






U.S. Dept. of Commerce
NOAA National Weather Service
1325 East West Highway
Silver Spring, MD 20910
E-mail: w-nws.webmaster@noaa.gov
Page last modified: May 16, 2007
NATIONAL WEATHER SERVICE: for Safety, for Work, for Fun - FOR LIFE