306
CXUS51 KBGM 021422
CLSSYR


CLIMATE REPORT
NATIONAL WEATHER SERVICE BINGHAMTON NY
915 AM EST SUN MAR 2 2014

...................................

...THE SYRACUSE NY CLIMATE SUMMARY FOR THE SEASON, FROM
12/1/2013 TO 2/28/2014...

CLIMATE NORMAL PERIOD 1981 TO 2010
CLIMATE RECORD PERIOD 1902 TO 2014

WEATHER         OBSERVED          NORMAL  DEPART  LAST YEAR`S
                 VALUE   DATE(S)  VALUE   FROM    VALUE  DATE(S)
                                          NORMAL
................................................................
TEMPERATURE (F)
RECORD
 HIGH              72   12/06/2001
 LOW              -26   02/18/1979
                        01/26/1966
HIGHEST            59   12/05        34      25       70  12/04
LOWEST            -12   01/22        18     -30       -7  01/24
AVG. MAXIMUM     30.9              34.0    -3.1     36.8
AVG. MINIMUM     14.9              18.6    -3.7     22.1
MEAN             22.9              26.3    -3.4     29.5
DAYS MAX >= 90      0               0.0     0.0        0
DAYS MAX <= 32     52              38.6    13.4       31
DAYS MIN <= 32     82              78.6     3.4       73
DAYS MIN <= 0      15               6.7     8.3        4

PRECIPITATION (INCHES)
RECORD
 MAXIMUM        12.98   1959
 MINIMUM         4.57   1979
TOTALS           8.44              7.79    0.65    11.99
DAILY AVG.       0.09              0.09    0.00     0.13
DAYS >= .01        57              53.7     3.3       55
DAYS >= .10        25              21.6     3.4       27
DAYS >= .50         4               3.6     0.4        8
DAYS >= 1.00        0               0.8    -0.8        2
GREATEST
 24 HR. TOTAL    1.06   02/20 TO 02/21

SNOWFALL (INCHES)
RECORDS
 TOTAL          159.7   2011
 24 HR TOTAL     22.0   01/31/1966 TO 01/31/1966
 SNOW DEPTH        48   02/01/1966
                        02/21/1958
                        02/20/1958
TOTALS           95.4              92.0     3.4     80.4
SINCE 7/1       109.7             101.9     7.8     83.2
SNOWDEPTH AVG.      5                 5       0        4
DAYS >= TRACE      69              47.5    21.5       62
DAYS >= 1.0        29              25.4     3.6       22
GREATEST
 SNOW DEPTH        20   02/17                         19  12/30
 24 HR TOTAL     10.0   02/05 TO 02/05

DEGREE_DAYS
HEATING TOTAL    3759              3481     278     3166
 SINCE 7/1       5092              4831     261     4371
COOLING TOTAL       0                 0       0        0
 SINCE 1/1          0                 0       0        0

FREEZE DATES
RECORD
 EARLIEST     09/23/1963
 LATEST       05/24/1963
EARLIEST                        10/14
LATEST                          04/29
........................................................

WIND (MPH)
AVERAGE WIND SPEED              9.3
RESULTANT WIND SPEED/DIRECTION   5/245
HIGHEST WIND SPEED/DIRECTION    46/250    DATE  01/06
HIGHEST GUST SPEED/DIRECTION    52/250    DATE  01/06

SKY COVER
POSSIBLE SUNSHINE (PERCENT)   MM
AVERAGE SKY COVER           0.80

AVERAGE RH (PERCENT)     73


-  INDICATES NEGATIVE NUMBERS.
R  INDICATES RECORD WAS SET OR TIED.
MM INDICATES DATA IS MISSING.
T  INDICATES TRACE AMOUNT.

$$

TAC




U.S. Dept. of Commerce
NOAA National Weather Service
1325 East West Highway
Silver Spring, MD 20910
E-mail: w-nws.webmaster@noaa.gov
Page last modified: May 16, 2007
NATIONAL WEATHER SERVICE: for Safety, for Work, for Fun - FOR LIFE