071
CXUS53 KLSX 012216 RRA
CLSSTL

STLCLMSTL 000
TTAA00 KLSX 011447


CLIMATE REPORT
NATIONAL WEATHER SERVICE ST LOUIS MO
831 AM CST SAT MAR 1 2014

...................................

...THE ST. LOUIS CLIMATE SUMMARY FOR THE SEASON, FROM
12/1/2013 TO 2/28/2014...

CLIMATE NORMAL PERIOD 1981 TO 2010
CLIMATE RECORD PERIOD 1874 TO 2014

WEATHER         OBSERVED          NORMAL  DEPART
                 VALUE   DATE(S)  VALUE   FROM
                                          NORMAL
................................................
TEMPERATURE (F)
RECORD
 HIGH              84   02/01/1911
 LOW              -22   01/05/1884
HIGHEST            73   02/20
LOWEST             -8   01/06
AVG. MAXIMUM     39.0              42.4    -3.4
AVG. MINIMUM     19.9              26.0    -6.1
MEAN             29.5              34.2    -4.7
DAYS MAX >= 90      0
DAYS MAX <= 32     32
DAYS MIN <= 32     75
DAYS MIN <= 0       5

PRECIPITATION (INCHES)
RECORD
 MAXIMUM        15.26   1949
                        1950
 MINIMUM         2.30   1876
                        1877
TOTALS           5.11              7.48   -2.37
DAYS >= .01        25
DAYS >= .10        12
DAYS >= .50         4
DAYS >= 1.00        0
GREATEST
 24 HR. TOTAL    0.93   12/20 TO 12/21

SNOWFALL (INCHES)
RECORDS
 TOTAL           43.9   1977
                        1978
 24 HR TOTAL     15.6   02/20/1912 TO 02/21/1912
TOTALS           27.2              14.3    12.9
SINCE 7/1        27.2              15.0    12.2
DAYS >= TRACE      31
DAYS >= 1.0         5
GREATEST
 SNOW DEPTH        10   01/07
                        01/06
 24 HR TOTAL     10.8   02/05 TO 02/05

DEGREE_DAYS
HEATING TOTAL    3167              2772     395
 SINCE 7/1       4037              3598     439
COOLING TOTAL       0                 0       0
 SINCE 1/1          0                 0       0
.................................................

WIND (MPH)
AVERAGE WIND SPEED              9.6
HIGHEST WIND SPEED/DIRECTION    48/250    DATE  02/20
HIGHEST GUST SPEED/DIRECTION    62/230    DATE  02/20


WEATHER CONDITIONS. NUMBER OF DAYS WITH
THUNDERSTORM  2
FOG W/VIS <= 1/4 MILE  3

-  INDICATES NEGATIVE NUMBERS.
R  INDICATES RECORD WAS SET OR TIED.
MM INDICATES DATA IS MISSING.
T  INDICATES TRACE AMOUNT.

$$

10TH SNOWIEST WINTER SEASON...27.2"

TIED 19TH COLDEST WINTER SEASON...29.5 DEGREES...ALSO 1903/04...1892/93...1878/79

TIED 16TH MOST OCCURRENCES OF DAYS WITH A MAXIMUM TEMPERATURE LESS THAN
OR EQUAL TO 32 DEGREES (32 DAYS).

TIED 16TH MOST OCCURRENCES OF DAYS WITH A MINIMUM TEMPERATURE LESS THAN
OR EQUAL TO 32 DEGREES (75 DAYS).









U.S. Dept. of Commerce
NOAA National Weather Service
1325 East West Highway
Silver Spring, MD 20910
E-mail: w-nws.webmaster@noaa.gov
Page last modified: May 16, 2007
NATIONAL WEATHER SERVICE: for Safety, for Work, for Fun - FOR LIFE