027
CXUS53 KLSX 020203
CLSSTL

TTAA00 KLSX 020202


CLIMATE REPORT
NATIONAL WEATHER SERVICE ST LOUIS MO
733 PM CST MON DEC 1 2014

...................................

...THE ST. LOUIS CLIMATE SUMMARY FOR THE SEASON, FROM
9/1/2014 TO 11/30/2014...

CLIMATE NORMAL PERIOD 1981 TO 2010
CLIMATE RECORD PERIOD 1874 TO 2014

WEATHER         OBSERVED          NORMAL  DEPART
                 VALUE   DATE(S)  VALUE   FROM
                                          NORMAL
................................................
TEMPERATURE (F)
RECORD
 HIGH             104   09/01/2011
                        09/01/1984
                        09/04/1954
 LOW                1   11/30/1964
HIGHEST            97   09/05
                        09/04
LOWEST             14   11/18
AVG. MAXIMUM     66.3              68.0    -1.7
AVG. MINIMUM     47.1              49.2    -2.1
MEAN             56.7              58.6    -1.9
DAYS MAX >= 90      2
DAYS MAX <= 32      3
DAYS MIN <= 32     18
DAYS MIN <= 0       0

PRECIPITATION (INCHES)
RECORD
 MAXIMUM        21.50   1984
 MINIMUM         2.36   1875
TOTALS          11.74             10.37    1.37
DAYS >= .01        29
DAYS >= .10        19
DAYS >= .50         9
DAYS >= 1.00        3
GREATEST
 24 HR. TOTAL    2.36   09/01 TO 09/02

SNOWFALL (INCHES)
RECORDS
 TOTAL           11.3   1951
 24 HR TOTAL      7.7   11/26/1980 TO 11/27/1980
TOTALS            3.8               0.7     3.1
SINCE 7/1         3.8               0.7     3.1
DAYS >= TRACE       7
DAYS >= 1.0         2
GREATEST
 SNOW DEPTH         2   11/17
 24 HR TOTAL      1.7   11/16

DEGREE_DAYS
HEATING TOTAL     721               825     132
 SINCE 7/1        957               826     131
COOLING TOTAL     227               247     -20
 SINCE 1/1       1732              1646      86
.................................................

WIND (MPH)
AVERAGE WIND SPEED              7.9
HIGHEST WIND SPEED/DIRECTION    33/260    DATE  11/24
HIGHEST GUST SPEED/DIRECTION    46/280    DATE  11/24


WEATHER CONDITIONS. NUMBER OF DAYS WITH
THUNDERSTORM             11     HAIL                       0
FOG W/VIS <= 1/4 MILE     3


-  INDICATES NEGATIVE NUMBERS.
R  INDICATES RECORD WAS SET OR TIED.
MM INDICATES DATA IS MISSING.
T  INDICATES TRACE AMOUNT.

$$


14TH SNOWIEST SEASON ON RECORD


THE CLIMATE TEAM







U.S. Dept. of Commerce
NOAA National Weather Service
1325 East West Highway
Silver Spring, MD 20910
E-mail: w-nws.webmaster@noaa.gov
Page last modified: May 16, 2007
NATIONAL WEATHER SERVICE: for Safety, for Work, for Fun - FOR LIFE