424
CXUS53 KLSX 031357
CLSSTL

STLCLMSTL 000
TTAA00 KLSX 031351


CLIMATE REPORT
NATIONAL WEATHER SERVICE ST LOUIS MO
821 AM CDT TUE JUN 3 2014

...................................

...THE ST. LOUIS CLIMATE SUMMARY FOR THE SEASON, FROM
3/1/2014 TO 5/31/2014...

CLIMATE NORMAL PERIOD 1981 TO 2010
CLIMATE RECORD PERIOD 1874 TO 2014

WEATHER         OBSERVED          NORMAL  DEPART
                 VALUE   DATE(S)  VALUE   FROM
                                          NORMAL
................................................
TEMPERATURE (F)
RECORD
 HIGH              98   05/26/1953
                        05/31/1934
 LOW               -5   03/05/1960
HIGHEST            89   05/31
                        05/21
                        05/20
                        05/12
                        05/08
LOWEST              4   03/03
AVG. MAXIMUM     67.4              66.5     0.9
AVG. MINIMUM     46.2              47.0    -0.8
MEAN             56.8              56.8     0.0
DAYS MAX >= 90      0
DAYS MAX <= 32      2
DAYS MIN <= 32     18
DAYS MIN <= 0       0

PRECIPITATION (INCHES)
RECORD
 MAXIMUM        23.18   1927
 MINIMUM         3.86   1914
TOTALS          13.91             11.73    2.18
DAYS >= .01        28
DAYS >= .10        21
DAYS >= .50        10
DAYS >= 1.00        4
GREATEST
 24 HR. TOTAL    2.58   04/01 TO 04/02

SNOWFALL (INCHES)
RECORDS
 TOTAL           28.8   1912
 24 HR TOTAL     20.4   03/30/1912 TO 03/31/1912
TOTALS            1.6               2.7    -1.1
SINCE 7/1        28.8              17.7    11.1
DAYS >= TRACE       8
DAYS >= 1.0         1
GREATEST
 SNOW DEPTH         1   03/03
 24 HR TOTAL      1.5   03/02 TO 03/02

DEGREE_DAYS
HEATING TOTAL     990               932      58
 SINCE 7/1       5027              4530     497
COOLING TOTAL     262               174      88
 SINCE 1/1        262               174      88
.................................................

WIND (MPH)
AVERAGE WIND SPEED              9.6
HIGHEST WIND SPEED/DIRECTION    37/140    DATE  03/18
HIGHEST GUST SPEED/DIRECTION    44/260    DATE  04/04


WEATHER CONDITIONS. NUMBER OF DAYS WITH
THUNDERSTORM             15     MIXED PRECIP              0
HEAVY RAIN                9     RAIN                     17
LIGHT RAIN               37     FREEXING RAIN             0
LIGHT FREEZING RAIN       2     HAIL                      1
HEAVY SNOW                0     SNOW                      2
LIGHT SNOW                6     SLEET                     1
SLEET                    24     FOG W/VIS <= 1/4 MILE     0
HAZE                     31

-  INDICATES NEGATIVE NUMBERS.
R  INDICATES RECORD WAS SET OR TIED.
MM INDICATES DATA IS MISSING.
T  INDICATES TRACE AMOUNT.

$$









U.S. Dept. of Commerce
NOAA National Weather Service
1325 East West Highway
Silver Spring, MD 20910
E-mail: w-nws.webmaster@noaa.gov
Page last modified: May 16, 2007
NATIONAL WEATHER SERVICE: for Safety, for Work, for Fun - FOR LIFE