636
CXUS53 KEAX 011231
CLSSTJ

CLIMATE REPORT
NATIONAL WEATHER SERVICE KANSAS CITY/PLEASANT HILL MO
626 AM CST SUN DEC 1 2013

...................................

...THE ST. JOSEPH MO CLIMATE SUMMARY FOR THE SEASON, FROM
9/1/2013 TO 11/30/2013...

CLIMATE NORMAL PERIOD 1981 TO 2010
CLIMATE RECORD PERIOD 1892 TO 2013

WEATHER         OBSERVED          NORMAL  DEPART  LAST YEAR`S
                 VALUE   DATE(S)  VALUE   FROM    VALUE  DATE(S)
                                          NORMAL
................................................................
TEMPERATURE (F)
RECORD
 HIGH             107   09/03/1947
 LOW               -5   11/08/1991
HIGHEST            98   09/07        92       6       94  09/03
LOWEST             11   11/24        14      -3       10  11/27
                        11/23
AVG. MAXIMUM     67.1              66.3     0.8     68.4
AVG. MINIMUM     41.5              42.5    -1.0     39.7
MEAN             54.3              54.4    -0.1     54.1
DAYS MAX >= 90      8               3.8     4.2        5
DAYS MAX <= 32      4               1.7     2.3        0
DAYS MIN <= 32     31              22.3     8.7       30
DAYS MIN <= 0       0               0.0     0.0        0

PRECIPITATION (INCHES)
RECORD
 MAXIMUM        19.63   1986
 MINIMUM         2.44   1917
TOTALS          11.15              7.78    3.37     5.12
DAILY AVG.       0.12              0.09    0.03     0.06
DAYS >= .01        23              20.2     2.8       14
DAYS >= .10        16              12.7     3.3        8
DAYS >= .50         9               5.7     3.3        4
DAYS >= 1.00        2               2.4    -0.4        1
GREATEST
 24 HR. TOTAL    2.72   MM

DEGREE_DAYS
HEATING TOTAL    1167              1106      61     1108
COOLING TOTAL     215               143      72      133
.................................................................

WIND (MPH)
AVERAGE WIND SPEED              7.9
HIGHEST WIND SPEED/DIRECTION    46/240    DATE  10/04
HIGHEST GUST SPEED/DIRECTION    63/150    DATE  09/04

SKY COVER
POSSIBLE SUNSHINE (PERCENT)   MM
AVERAGE SKY COVER           0.30
NUMBER OF DAYS FAIR           63
NUMBER OF DAYS PC             20
NUMBER OF DAYS CLOUDY          8

AVERAGE RH (PERCENT)     67

WEATHER CONDITIONS. NUMBER OF DAYS WITH
THUNDERSTORM              0     MIXED PRECIP               0
HEAVY RAIN               10     RAIN                      14
LIGHT RAIN               26     FREEZING RAIN              0
LT FREEZING RAIN          1     HAIL                       0
HEAVY SNOW                0     SNOW                       0
LIGHT SNOW                2     SLEET                      0
FOG                      40     FOG W/VIS <= 1/4 MILE     13
HAZE                     16

-  INDICATES NEGATIVE NUMBERS.
R  INDICATES RECORD WAS SET OR TIED.
MM INDICATES DATA IS MISSING.
T  INDICATES TRACE AMOUNT.

$$










U.S. Dept. of Commerce
NOAA National Weather Service
1325 East West Highway
Silver Spring, MD 20910
E-mail: w-nws.webmaster@noaa.gov
Page last modified: May 16, 2007
NATIONAL WEATHER SERVICE: for Safety, for Work, for Fun - FOR LIFE