215
CXUS53 KILX 020200 CCA
CLSSPI

CLIMATE REPORT
NATIONAL WEATHER SERVICE LINCOLN IL
921 AM CDT MON SEP 1 2014

...................................

...THE SPRINGFIELD IL CLIMATE SUMMARY FOR THE SUMMER SEASON,
FROM 6/1/2014 TO 8/31/2014...

CLIMATE NORMAL PERIOD 1981 TO 2010
CLIMATE RECORD PERIOD 1879 TO 2014

WEATHER         OBSERVED          NORMAL  DEPART  LAST YEAR`S
                 VALUE   DATE(S)  VALUE   FROM    VALUE
                                          NORMAL
.............................................................
TEMPERATURE (F)
RECORD
 HIGH             112   07/14/1954
 LOW               39   06/01/2003
HIGHEST            96   08/25        MM      MM       95
LOWEST             51   06/14        MM      MM       48
AVG. MAXIMUM     83.8              84.8    -1.0     83.8
AVG. MINIMUM     64.3              63.6     0.7     62.8
MEAN             74.1              74.2    -0.1     73.3
DAYS MAX >= 90     13              19.1    -6.1       20
DAYS MAX <= 32      0               0.0     0.0        0
DAYS MIN <= 32      0               0.0     0.0        0
DAYS MIN <= 0       0               0.0     0.0        0

PRECIPITATION (INCHES)
RECORD
 MAXIMUM        24.93   1981
 MINIMUM         3.87   1893
TOTALS          18.04             11.64    6.40     5.65
DAILY AVG.       0.20                               0.06
DAYS >= .01        34              27.1     6.9       20
DAYS >= .10        17              17.4    -0.4        9
DAYS >= .50        12               7.6     4.4        4
DAYS >= 1.00        6               3.0     3.0        2
GREATEST
 24 HR. TOTAL    3.08   MM                          1.26

SNOWFALL (INCHES)
RECORDS
 TOTAL            0.0   MM
 24 HR TOTAL      0.0   MM
TOTALS            0.0               0.0     0.0      0.0
SINCE 7/1         0.0               0.0     0.0      0.0
DAYS >= TRACE       0               0.0     0.0        0
DAYS >= 1.0         0               0.0     0.0        0
GREATEST
 SNOW DEPTH         0   MM                             0
 24 HR TOTAL      0.0   MM                           0.0

DEGREE_DAYS
HEATING TOTAL       3                20     -17       23
 SINCE 7/1          3                 5      -2       11
COOLING TOTAL     857               866      -9      814
 SINCE 1/1       1033               970      63      940

FREEZE DATES
RECORD
 EARLIEST     09/20/1991
 LATEST       05/10/1966
EARLIEST                        10/13
LATEST                          04/13
..............................................................

WIND (MPH)
AVERAGE WIND SPEED              6.7
HIGHEST WIND SPEED/DIRECTION    36/170    DATE  07/25
HIGHEST GUST SPEED/DIRECTION    50/330    DATE  06/04

SKY COVER
POSSIBLE SUNSHINE (PERCENT)   MM
AVERAGE SKY COVER           0.30
NUMBER OF DAYS FAIR           62
NUMBER OF DAYS PC             24
NUMBER OF DAYS CLOUDY          6

AVERAGE RH (PERCENT)     74

WEATHER CONDITIONS. NUMBER OF DAYS WITH
THUNDERSTORM             26     MIXED PRECIP               0
HEAVY RAIN               16     RAIN                      16
LIGHT RAIN               47     FREEZING RAIN              0
LT FREEZING RAIN          0     HAIL                       0
HEAVY SNOW                0     SNOW                       0
LIGHT SNOW                0     SLEET                      0
FOG                      43     FOG W/VIS <= 1/4 MILE      7
HAZE                     12

-  INDICATES NEGATIVE NUMBERS.
R  INDICATES RECORD WAS SET OR TIED.
MM INDICATES DATA IS MISSING.
T  INDICATES TRACE AMOUNT.

&&

FOURTH WETTEST SUMMER WITH 18.04 INCHES

$$

JRP









U.S. Dept. of Commerce
NOAA National Weather Service
1325 East West Highway
Silver Spring, MD 20910
E-mail: w-nws.webmaster@noaa.gov
Page last modified: May 16, 2007
NATIONAL WEATHER SERVICE: for Safety, for Work, for Fun - FOR LIFE