713
CXUS51 KRNK 010953
CLSROA

CLIMATE REPORT
NATIONAL WEATHER SERVICE BLACKSBURG VA
544 AM EDT MON SEP 1 2014

...................................

...THE ROANOKE VA CLIMATE SUMMARY FOR THE SEASON, FROM
6/1/2014 TO 8/31/2014...

CLIMATE NORMAL PERIOD 1981 TO 2010
CLIMATE RECORD PERIOD 1912 TO 2014

WEATHER         OBSERVED          NORMAL  DEPART
                 VALUE   DATE(S)  VALUE   FROM
                                          NORMAL
................................................
TEMPERATURE (F)
RECORD
 HIGH             105   08/21/1983
                        07/10/1936
                        08/05/1930
 LOW               36   06/11/1913
HIGHEST            96   07/02
LOWEST             53   07/05
                        06/02
AVG. MAXIMUM     83.2              85.4    -2.2
AVG. MINIMUM     64.2              64.6    -0.4
MEAN             73.7              75.0    -1.3
DAYS MAX >= 90     14              22.2    -8.2
DAYS MAX <= 32      0               0.0     0.0
DAYS MIN <= 32      0               0.0     0.0
DAYS MIN <= 0       0               0.0     0.0

PRECIPITATION (INCHES)
RECORD
 MAXIMUM        26.85   1940
 MINIMUM         4.77   1993
TOTALS          12.98             11.43    1.55
DAILY AVG.       0.14              0.12    0.02
DAYS >= .01        36              31.9     4.1
DAYS >= .10        23              19.5     3.5
DAYS >= .50        11               7.3     3.7
DAYS >= 1.00        2               2.9    -0.9
GREATEST
 24 HR. TOTAL    1.97

SNOWFALL (INCHES)
TOTALS            0.0
SINCE 7/1         0.0
SNOWDEPTH AVG.      0
DAYS >= TRACE       0
DAYS >= 1.0         0
GREATEST
 SNOW DEPTH         0
 24 HR TOTAL      0.0

DEGREE_DAYS
HEATING TOTAL       0                13     -13
 SINCE 7/1          0                 1      -1
COOLING TOTAL     821               932    -111
 SINCE 1/1        970              1047     -77
.................................................

WIND (MPH)
AVERAGE WIND SPEED              5.1
HIGHEST WIND SPEED/DIRECTION    30/300
HIGHEST GUST SPEED/DIRECTION    41/310

SKY COVER
POSSIBLE SUNSHINE (PERCENT)   MM
AVERAGE SKY COVER           0.60
NUMBER OF DAYS FAIR           15
NUMBER OF DAYS PC             54
NUMBER OF DAYS CLOUDY         23

AVERAGE RH (PERCENT)     69

WEATHER CONDITIONS. NUMBER OF DAYS WITH
THUNDERSTORM             19     MIXED PRECIP               0
HEAVY RAIN               15     RAIN                      26
LIGHT RAIN               46     FREEZING RAIN              0
LT FREEZING RAIN          0     HAIL                       0
HEAVY SNOW                0     SNOW                       0
LIGHT SNOW                0     SLEET                      0
FOG                      40     FOG W/VIS <= 1/4 MILE      2
HAZE                      7

-  INDICATES NEGATIVE NUMBERS.
R  INDICATES RECORD WAS SET OR TIED.
MM INDICATES DATA IS MISSING.
T  INDICATES TRACE AMOUNT.

$$




U.S. Dept. of Commerce
NOAA National Weather Service
1325 East West Highway
Silver Spring, MD 20910
E-mail: w-nws.webmaster@noaa.gov
Page last modified: May 16, 2007
NATIONAL WEATHER SERVICE: for Safety, for Work, for Fun - FOR LIFE