825
CXUS51 KRNK 010953 CCA
CLSRNK

CLIMATE REPORT
NATIONAL WEATHER SERVICE BLACKSBURG VA
544 AM EDT MON SEP 1 2014

...................................

...THE BLACKSBURG VA CLIMATE SUMMARY FOR THE SEASON, FROM
6/1/2014 TO 8/31/2014...

CLIMATE NORMAL PERIOD 1981 TO 2010
CLIMATE RECORD PERIOD 1952 TO 2014

WEATHER         OBSERVED          NORMAL  DEPART
                 VALUE   DATE(S)  VALUE   FROM
                                          NORMAL
................................................
TEMPERATURE (F)
RECORD
 HIGH              99   08/23/1983
                        07/15/1954
 LOW               30   06/11/1972
HIGHEST            89
LOWEST             47   07/05
AVG. MAXIMUM     80.2              80.9    -0.7
AVG. MINIMUM     59.3              58.4     0.9
MEAN             69.8              69.7     0.1
DAYS MAX >= 90      0               4.1    -4.1
DAYS MAX <= 32      0               0.0     0.0
DAYS MIN <= 32      0               0.0     0.0
DAYS MIN <= 0       0               0.0     0.0

PRECIPITATION (INCHES)
RECORD
 MAXIMUM        19.82   1992
 MINIMUM         6.08   1991
TOTALS          10.94             11.85   -0.91
DAILY AVG.       0.12              0.13   -0.01
DAYS >= .01        41              34.6     6.4
DAYS >= .10        24              22.5     1.5
DAYS >= .50         5               7.9    -2.9
DAYS >= 1.00        1               2.8    -1.8
GREATEST
 24 HR. TOTAL    2.40

SNOWFALL (INCHES)
TOTALS            0.0
SINCE 7/1         0.0
SNOWDEPTH AVG.      0
DAYS >= TRACE       0
DAYS >= 1.0         0
GREATEST
 SNOW DEPTH         0
 24 HR TOTAL      0.0

DEGREE_DAYS
HEATING TOTAL      14                55     -41
 SINCE 7/1         11                18      -7
COOLING TOTAL     472               483     -11
 SINCE 1/1        530               512      18
.................................................

WIND (MPH)
AVERAGE WIND SPEED              3.2
HIGHEST WIND SPEED/DIRECTION    21/300
HIGHEST GUST SPEED/DIRECTION    33/300

SKY COVER
POSSIBLE SUNSHINE (PERCENT)   MM
AVERAGE SKY COVER           0.40
NUMBER OF DAYS FAIR           40
NUMBER OF DAYS PC             40
NUMBER OF DAYS CLOUDY         12

AVERAGE RH (PERCENT)     80

WEATHER CONDITIONS. NUMBER OF DAYS WITH
THUNDERSTORM             19     MIXED PRECIP               0
HEAVY RAIN               14     RAIN                      23
LIGHT RAIN               51     FREEZING RAIN              0
LT FREEZING RAIN          0     HAIL                       1
HEAVY SNOW                0     SNOW                       0
LIGHT SNOW                0     SLEET                      0
FOG                      68     FOG W/VIS <= 1/4 MILE     11
HAZE                      1

-  INDICATES NEGATIVE NUMBERS.
R  INDICATES RECORD WAS SET OR TIED.
MM INDICATES DATA IS MISSING.
T  INDICATES TRACE AMOUNT.

$$




U.S. Dept. of Commerce
NOAA National Weather Service
1325 East West Highway
Silver Spring, MD 20910
E-mail: w-nws.webmaster@noaa.gov
Page last modified: May 16, 2007
NATIONAL WEATHER SERVICE: for Safety, for Work, for Fun - FOR LIFE