109
CXUS53 KGRB 012118 CCA
CLSRHI

SEASONAL CLIMATE REPORT...CORRECTED
NATIONAL WEATHER SERVICE GREEN BAY
320 PM CST SAT MAR 1 2014

...THE RHINELANDER WI WINTER CLIMATE SUMMARY FROM 12/1/2013 TO
2/28/2014...

...COLDEST WINTER ON RECORD AT RHINELANDER SINCE RECORDS BEGAN IN
1908...

THE WINTER OF 2013-14 AVERAGED 4.7 DEGREES OR 10.4 DEGREES BELOW
NORMAL. THE WINTER OF 2013-14 WILL GO DOWN IN THE RECORDS BOOKS
AS THE COLDEST WINTER ON RECORD...ECLIPSING THE WINTER OF 1916-17
WHEN THE AVERAGE TEMPERATRE WAS 5.7 DEGREES.

................................................................
CLIMATE NORMAL PERIOD 1981 TO 2010
CLIMATE RECORD PERIOD 1908 TO 2014

WEATHER         OBSERVED          NORMAL  DEPART  LAST YEAR`S
                 VALUE   DATE(S)  VALUE   FROM    VALUE  DATE(S)
                                          NORMAL
................................................................
TEMPERATURE (F)
RECORD
 HIGH              62   12/02/1998
 LOW              -42   02/03/1996
HIGHEST            39   02/19        48      -9       55  12/03
LOWEST            -30   01/06       -27      -3      -19  01/22
AVG. MAXIMUM     14.5              24.2    -9.7     25.5
AVG. MINIMUM     -5.1               6.0   -11.1      8.7
MEAN              4.7              15.1   -10.4     17.1
DAYS MAX >= 90      0               0.0     0.0        0
DAYS MAX <= 32     84              70.1    13.9       66
DAYS MIN <= 32     90              88.6     1.4       87
DAYS MIN <= 0      58              30.5    27.5       26

PRECIPITATION (INCHES)
RECORD
 MAXIMUM         7.22   1971
 MINIMUM         0.93   1958
TOTALS           4.27              3.48    0.79     3.68
DAILY AVG.       0.04              0.04    0.00     0.04
DAYS >= .01        44                MM      MM       41
DAYS >= .10        13                MM      MM       13
DAYS >= .50         0                MM      MM        1
DAYS >= 1.00        0                MM      MM        0

SNOWFALL (INCHES)
RECORDS
 TOTAL           79.0   1969
 24 HR TOTAL       MM
TOTALS           62.7                MM      MM     47.1
SINCE 7/1        72.5                MM      MM     52.6
DAYS >= TRACE      69                MM      MM       67
DAYS >= 1.0        22                MM      MM       18
GREATEST
 SNOW DEPTH        28   02/21                         18  02/23
 24 HR TOTAL      5.2   MM

DEGREE_DAYS
HEATING TOTAL    5395              4488     907     4280
SINCE 7/1        7629              6622    1007     6400

COOLING TOTAL       0                 0       0        0
SINCE 1/1           0                 0       0        0

FREEZE DATES
RECORD
 EARLIEST     08/27/1915
 LATEST       07/30/1928
EARLIEST                        09/23
LATEST                          05/20
.................................................................

WIND (MPH)
AVERAGE WIND SPEED              8.3
RESULTANT WIND SPEED/DIRECTION   5/260
HIGHEST WIND SPEED/DIRECTION    33/260    DATE  02/21
HIGHEST GUST SPEED/DIRECTION    43/270    DATE  02/21

SKY COVER
POSSIBLE SUNSHINE (PERCENT)   MM
AVERAGE SKY COVER           0.60
NUMBER OF DAYS FAIR           28
NUMBER OF DAYS PC             29
NUMBER OF DAYS CLOUDY         33

AVERAGE RH (PERCENT)     77

WEATHER CONDITIONS. NUMBER OF DAYS WITH
THUNDERSTORM              0     MIXED PRECIP               0
HEAVY RAIN                0     RAIN                       0
LIGHT RAIN                2     FREEZING RAIN              0
LT FREEZING RAIN          4     HAIL                       0
HEAVY SNOW                5     SNOW                      14
LIGHT SNOW               65     SLEET                      0
FOG                      65     FOG W/VIS <= 1/4 MILE      8
HAZE                     53

-  INDICATES NEGATIVE NUMBERS.
R  INDICATES RECORD WAS SET OR TIED.
MM INDICATES DATA IS MISSING.
T  INDICATES TRACE AMOUNT.

$$
ECKBERG






















U.S. Dept. of Commerce
NOAA National Weather Service
1325 East West Highway
Silver Spring, MD 20910
E-mail: w-nws.webmaster@noaa.gov
Page last modified: May 16, 2007
NATIONAL WEATHER SERVICE: for Safety, for Work, for Fun - FOR LIFE