541
CXUS53 KLOT 011237
CLSRFD


CLIMATE REPORT
NATIONAL WEATHER SERVICE CHICAGO IL
732 AM CDT MON SEP 1 2014

...................................

...THE ROCKFORD IL CLIMATE SUMMARY FOR THE SEASON, FROM
6/1/2014 TO 8/31/2014...

CLIMATE NORMAL PERIOD 1981 TO 2010
CLIMATE RECORD PERIOD 1905 TO 2014

WEATHER         OBSERVED          NORMAL  DEPART  LAST YEAR`S
                 VALUE   DATE(S)  VALUE   FROM    VALUE
                                          NORMAL
.............................................................
TEMPERATURE (F)
RECORD
 HIGH             112   07/14/1936
 LOW               35   06/05/1945
                        06/04/1945
                        08/30/1915
HIGHEST            90   07/22                       96
LOWEST             50   08/15                       44
                        07/16
                        06/09
AVG. MAXIMUM     80.8              82.7    -1.9     81.9
AVG. MINIMUM     60.7              61.0    -0.3     60.8
MEAN             70.8              71.8    -1.0     71.3
DAYS MAX >= 90      1
DAYS MAX <= 32      0
DAYS MIN <= 32      0
DAYS MIN <= 0       0

PRECIPITATION (INCHES)
RECORD
 MAXIMUM        25.76   1972
 MINIMUM         3.82   1927
TOTALS          16.28             13.19    3.09    12.56
DAYS >= .01        34
DAYS >= .10        25
DAYS >= .50        11
DAYS >= 1.00        5

DEGREE_DAYS
HEATING TOTAL      21                45     -24
 SINCE 7/1         10                14      -4
COOLING TOTAL     573               672     -99
 SINCE 1/1        656               727     -71
..............................................................

WIND (MPH)
AVERAGE WIND SPEED              7.7
HIGHEST WIND SPEED/DIRECTION    39/290    DATE  07/12
HIGHEST GUST SPEED/DIRECTION    56/300    DATE  06/30


WEATHER CONDITIONS. NUMBER OF DAYS WITH
THUNDERSTORM             23     MIXED PRECIP               0
HEAVY RAIN               19     RAIN                      18
LIGHT RAIN               43     FREEZING RAIN              0
LT FREEZING RAIN          0     HAIL                       1
HEAVY SNOW                0     SNOW                       0
LIGHT SNOW                0     SLEET                      0
FOG                      48     FOG W/VIS <= 1/4 MILE      4
HAZE                     20

-  INDICATES NEGATIVE NUMBERS.
R  INDICATES RECORD WAS SET OR TIED.
MM INDICATES DATA IS MISSING.
T  INDICATES TRACE AMOUNT.

$$






U.S. Dept. of Commerce
NOAA National Weather Service
1325 East West Highway
Silver Spring, MD 20910
E-mail: w-nws.webmaster@noaa.gov
Page last modified: May 16, 2007
NATIONAL WEATHER SERVICE: for Safety, for Work, for Fun - FOR LIFE