170
CXUS53 KLOT 011951
CLSRFD


CLIMATE REPORT
NATIONAL WEATHER SERVICE CHICAGO IL
145 PM CST SAT MAR 1 2014

...................................

...THE ROCKFORD IL CLIMATE SUMMARY FOR THE SEASON, FROM
12/1/2013 TO 2/28/2014...

CLIMATE NORMAL PERIOD 1981 TO 2010
CLIMATE RECORD PERIOD 1905 TO 2014

WEATHER         OBSERVED          NORMAL  DEPART
                 VALUE   DATE(S)  VALUE   FROM
                                          NORMAL
................................................
TEMPERATURE (F)
HIGHEST            52   12/04
LOWEST            -21   02/11
AVG. MAXIMUM     24.1              32.2    -8.1
AVG. MINIMUM      5.1              16.3   -11.2
MEAN             14.6              24.2    -9.6
DAYS MAX >= 90      0
DAYS MAX <= 32     65
DAYS MIN <= 32     88
DAYS MIN <= 0      35

PRECIPITATION (INCHES)
RECORD
 MAXIMUM        10.38   1946
 MINIMUM         1.28   2003
TOTALS           5.43              4.76    0.67
DAYS >= .01        38
DAYS >= .10        13
DAYS >= .50         3
DAYS >= 1.00        0

SNOWFALL (INCHES)
TOTALS           46.5              29.2    17.3
SINCE 7/1        47.5              31.0    16.5

DEGREE_DAYS
HEATING TOTAL    4509              3668     841

COOLING TOTAL       0                 0       0
 SINCE 1/1          0                 0       0
.................................................

WIND (MPH)
AVERAGE WIND SPEED              9.7
HIGHEST WIND SPEED/DIRECTION    40/290    DATE  01/26
HIGHEST GUST SPEED/DIRECTION    52/290    DATE  01/26


WEATHER CONDITIONS. NUMBER OF DAYS WITH
THUNDERSTORM              1     MIXED PRECIP               2
HEAVY RAIN                1     RAIN                       2
LIGHT RAIN                9     FREEZING RAIN              1
LT FREEZING RAIN         13     HAIL                       0
HEAVY SNOW                1     SNOW                      15
LIGHT SNOW               54     SLEET                      4
FOG                      49     FOG W/VIS <= 1/4 MILE      8
HAZE                     19

-  INDICATES NEGATIVE NUMBERS.
R  INDICATES RECORD WAS SET OR TIED.
MM INDICATES DATA IS MISSING.
T  INDICATES TRACE AMOUNT.

$$





U.S. Dept. of Commerce
NOAA National Weather Service
1325 East West Highway
Silver Spring, MD 20910
E-mail: w-nws.webmaster@noaa.gov
Page last modified: May 16, 2007
NATIONAL WEATHER SERVICE: for Safety, for Work, for Fun - FOR LIFE