745
CXUS53 KLOT 011356
CLSRFD


CLIMATE REPORT
NATIONAL WEATHER SERVICE CHICAGO IL
852 AM CDT SUN JUN 1 2014

...................................

...THE ROCKFORD IL CLIMATE SUMMARY FOR THE SEASON, FROM
3/1/2014 TO 5/31/2014...

CLIMATE NORMAL PERIOD 1981 TO 2010
CLIMATE RECORD PERIOD 1905 TO 2014

WEATHER         OBSERVED          NORMAL  DEPART
                 VALUE   DATE(S)  VALUE   FROM
                                          NORMAL
................................................
TEMPERATURE (F)
HIGHEST            91   05/31
LOWEST            -11R  03/03
AVG. MAXIMUM     56.9              59.8    -2.9
AVG. MINIMUM     35.8              38.0    -2.2
MEAN             46.4              48.9    -2.5
DAYS MAX >= 90      1
DAYS MAX <= 32      9
DAYS MIN <= 32     33
DAYS MIN <= 0       2

PRECIPITATION (INCHES)
RECORD
 MAXIMUM        21.43   1973
 MINIMUM         3.13   1934
TOTALS           6.23              9.69   -3.46
DAYS >= .01        37
DAYS >= .10        16
DAYS >= .50         4
DAYS >= 1.00        1

DEGREE_DAYS
HEATING TOTAL    1777              1537     240
 SINCE 7/1         MM              6538      MM
COOLING TOTAL      83                55      28
 SINCE 1/1         83                55      28
.................................................

WIND (MPH)
AVERAGE WIND SPEED              10.4
HIGHEST WIND SPEED/DIRECTION    37/160    DATE  03/31
HIGHEST GUST SPEED/DIRECTION    51/170    DATE  03/31


WEATHER CONDITIONS. NUMBER OF DAYS WITH
THUNDERSTORM             12     MIXED PRECIP               0
HEAVY RAIN                3     RAIN                      10
LIGHT RAIN               37     FREEZING RAIN              0
LT FREEZING RAIN          0     HAIL                       4
HEAVY SNOW                1     SNOW                       5
LIGHT SNOW               15     SLEET                      1
FOG                      32     FOG W/VIS <= 1/4 MILE      1
HAZE                     15

-  INDICATES NEGATIVE NUMBERS.
R  INDICATES RECORD WAS SET OR TIED.
MM INDICATES DATA IS MISSING.
T  INDICATES TRACE AMOUNT.

$$





U.S. Dept. of Commerce
NOAA National Weather Service
1325 East West Highway
Silver Spring, MD 20910
E-mail: w-nws.webmaster@noaa.gov
Page last modified: May 16, 2007
NATIONAL WEATHER SERVICE: for Safety, for Work, for Fun - FOR LIFE