755
CXUS51 KGYX 020913
CLSPWM

PWMCLMPWM 000
TTAA00 KGYX 020910


CLIMATE REPORT
NATIONAL WEATHER SERVICE GRAY ME
510 AM EDT TUE SEP 2 2014

...................................

...THE PORTLAND ME CLIMATE SUMMARY FOR THE SEASON, FROM
6/1/2014 TO 8/31/2014...

CLIMATE NORMAL PERIOD 1981 TO 2010
CLIMATE RECORD PERIOD 1941 TO 2014 /FOR TEMPERATURES/
CLIMATE RECORD PERIOD 1871 TO 2014 /FOR PRECIPITATION/
CLIMATE RECORD PERIOD 1882 TO 2014 /FOR SNOWFALL/

WEATHER         OBSERVED          NORMAL  DEPART  LAST YEAR`S
                 VALUE   DATE(S)  VALUE   FROM    VALUE  DATE(S)
                                          NORMAL
................................................................
TEMPERATURE (F)
RECORD
 HIGH             103   08/02/1975
 LOW               33   08/31/1965
                        06/04/1944
HIGHEST            88   08/27        93      -5
LOWEST             45   06/01        42       3
AVG. MAXIMUM     76.3              76.6    -0.3
AVG. MINIMUM     57.5              57.1     0.4
MEAN             66.9              66.9     0.0
DAYS MAX >= 90      0               3.9    -3.9
DAYS MAX <= 32      0               0.0     0.0
DAYS MIN <= 32      0               0.0     0.0
DAYS MIN <= 0       0               0.0     0.0

PRECIPITATION (INCHES)
RECORD
 MAXIMUM        22.31   2009
 MINIMUM         4.10   1999
TOTALS          18.98             10.54    8.44
DAILY AVG.       0.21              0.11    0.10
DAYS >= .01        29              32.1    -3.1
DAYS >= .10        20              18.7     1.3
DAYS >= .50        11               6.4     4.6
DAYS >= 1.00        4               2.4     1.6
GREATEST
 24 HR. TOTAL    6.44   08/13 TO 08/14

SNOWFALL (INCHES)
RECORDS
 TOTAL            0.0
TOTALS            0.0               0.0     0.0
SINCE 7/1         0.0               0.0     0.0
SNOWDEPTH AVG.      0
DAYS >= TRACE       0               0.0     0.0
DAYS >= 1.0         0               0.0     0.0
GREATEST
 SNOW DEPTH         0
 24 HR TOTAL      0.0

DEGREE_DAYS
HEATING TOTAL     101               151     -50
 SINCE 7/1         24                45     -21
COOLING TOTAL     298               321     -23
 SINCE 1/1        298               328     -30
.................................................................

WIND (MPH)
AVERAGE WIND SPEED              6.7
HIGHEST WIND SPEED/DIRECTION    30/280    DATE  07/02
HIGHEST GUST SPEED/DIRECTION    43/310    DATE  07/05

SKY COVER
AVERAGE SKY COVER           0.50

AVERAGE RH (PERCENT)     73

WEATHER CONDITIONS. NUMBER OF DAYS WITH
THUNDERSTORM              0     HEAVY RAIN                12
RAIN                     14     LIGHT RAIN                37
FREEZING RAIN             0     LT FREEZING RAIN           0
HEAVY SNOW                0     SNOW                       0
LIGHT SNOW                0     FOG                       41
FOG W/VIS <= 1/4 MILE     7     HAZE                       8

-  INDICATES NEGATIVE NUMBERS.
R  INDICATES RECORD WAS SET OR TIED.
MM INDICATES DATA IS MISSING.
T  INDICATES TRACE AMOUNT.

&&

A NARRATIVE SUMMARY WILL BE PROVIDED IN THE COMING DAYS.

$$

KIMBLE




U.S. Dept. of Commerce
NOAA National Weather Service
1325 East West Highway
Silver Spring, MD 20910
E-mail: w-nws.webmaster@noaa.gov
Page last modified: May 16, 2007
NATIONAL WEATHER SERVICE: for Safety, for Work, for Fun - FOR LIFE