026
CXUS55 KPUB 031553 CCA
CLSPUB

CLIMATE REPORT...CORRECTION
NATIONAL WEATHER SERVICE PUEBLO
920 AM MDT TUE JUN 3 2014

...................................

...THE PUEBLO CLIMATE SUMMARY FOR THE SEASON,
FROM 3/1/2014 TO 5/31/2014...

CLIMATE NORMAL PERIOD 1981 TO 2010
CLIMATE RECORD PERIOD 1888 TO 2014

WEATHER         OBSERVED          NORMAL  DEPART  LAST YEAR`S
                 VALUE   DATE(S)  VALUE   FROM    VALUE  DATE(S)
                                          NORMAL
................................................................
TEMPERATURE (F)
RECORD
 HIGH             102   05/31/2002
                        05/30/2000
                        05/29/2000
 LOW              -20   03/05/1948
HIGHEST            91   05/29                         94  05/24
                        05/28
LOWEST              6   03/02                          4  03/05
AVG. MAXIMUM     67.9              67.7     0.2     66.1
AVG. MINIMUM     36.5              34.5     2.0     32.8
MEAN             52.2              51.1     1.1     49.5
DAYS MAX >= 90      4
DAYS MAX <= 32      2
DAYS MIN <= 32     32
DAYS MIN <= 0       0

PRECIPITATION (INCHES)
RECORD
 MAXIMUM         9.78   1900
 MINIMUM         0.42   2002
TOTALS           3.47              3.84   -0.37     1.24
DAILY AVG.       0.04              0.04    0.00
DAYS >= .01        20
DAYS >= .10         9
DAYS >= .50         3
DAYS >= 1.00        0
GREATEST
 24 HR. TOTAL    0.85   04/26 TO 04/27

SNOWFALL (INCHES)
RECORDS
 TOTAL           31.5   1990
 24 HR TOTAL     16.8   04/29/1990 TO 04/30/1990
TOTALS           10.7              10.0     0.7      9.7
SINCE 7/1        29.3              31.8    -2.5
SNOWDEPTH AVG.      0
DAYS >= TRACE      12               6.2     5.8
DAYS >= 1.0         3               2.9     0.1
GREATEST
 SNOW DEPTH         5   04/14                          3
                        04/13
 24 HR TOTAL      5.2   04/13 TO 04/13           03/04 TO 03/04

DEGREE_DAYS
HEATING TOTAL    1208              1311    -103     1470
 SINCE 7/1       5413              5613    -200     5707
COOLING TOTAL      52                34      18       73
 SINCE 1/1         52                34      18       73
.....................................................

WIND (MPH)
AVERAGE WIND SPEED              10.3
HIGHEST WIND SPEED/DIRECTION    49/360    DATE  03/18
HIGHEST GUST SPEED/DIRECTION    59/010    DATE  03/18

SKY COVER
POSSIBLE SUNSHINE (PERCENT)   MM
AVERAGE SKY COVER           0.20
NUMBER OF DAYS FAIR           64
NUMBER OF DAYS PC             22
NUMBER OF DAYS CLOUDY          6

AVERAGE RH (PERCENT)     48

WEATHER CONDITIONS. NUMBER OF DAYS WITH
THUNDERSTORM              7     MIXED PRECIP               2
HEAVY RAIN                3     RAIN                       4
LIGHT RAIN               29     FREEZING RAIN              0
LT FREEZING RAIN          0     HAIL                       1
HEAVY SNOW                2     SNOW                       4
LIGHT SNOW               10     SLEET                      1
FOG                      13     FOG W/VIS <= 1/4 MILE      3
HAZE                      1

-  INDICATES NEGATIVE NUMBERS.
R  INDICATES RECORD WAS SET OR TIED.
MM INDICATES DATA IS MISSING.
T  INDICATES TRACE AMOUNT.

$$




U.S. Dept. of Commerce
NOAA National Weather Service
1325 East West Highway
Silver Spring, MD 20910
E-mail: w-nws.webmaster@noaa.gov
Page last modified: May 16, 2007
NATIONAL WEATHER SERVICE: for Safety, for Work, for Fun - FOR LIFE