065
CXUS55 KPUB 042110 RRA
CLSPUB

CLIMATE REPORT
NATIONAL WEATHER SERVICE PUEBLO
210 PM MST THU DEC 4 2014

...................................

...THE PUEBLO  CLIMATE SUMMARY FOR THE SEASON, FROM
9/1/2014 TO 11/30/2014...

CLIMATE NORMAL PERIOD 1981 TO 2010
CLIMATE RECORD PERIOD 1888 TO 2014

WEATHER         OBSERVED          NORMAL  DEPART  LAST YEAR`S
                 VALUE   DATE(S)  VALUE   FROM    VALUE  DATE(S)
                                          NORMAL
................................................................
TEMPERATURE (F)
RECORD
 HIGH             101   09/05/1995
 LOW              -17   11/03/1991
                        11/29/1896
HIGHEST           100   09/03                      97   09/05
LOWEST             -9   11/13                      12   11/06
AVG. MAXIMUM     69.7              69.0     0.7    68.9
AVG. MINIMUM     36.9              34.8     2.1    38.4
MEAN             53.3              51.9     1.4    53.6
DAYS MAX >= 90     11
DAYS MAX <= 32      5
DAYS MIN <= 32     31
DAYS MIN <= 0       2

PRECIPITATION (INCHES)
RECORD
 MAXIMUM         7.74   1957
 MINIMUM         0.19   1948
TOTALS           1.99              1.96    0.03    1.85
DAILY AVG.       0.02              0.02    0.00
DAYS >= .01        12
DAYS >= .10         6
DAYS >= .50         1
DAYS >= 1.00        0
GREATEST
 24 HR. TOTAL    0.87   10/09 TO 10/10

SNOWFALL (INCHES)
RECORDS
 TOTAL           41.9   1991
 24 HR TOTAL     16.0   11/14/1985 TO 11/14/1985
TOTALS            9.9               6.0     3.9     3.7
SINCE 7/1         9.9               6.0     3.9
SNOWDEPTH AVG.      0
DAYS >= TRACE       7               3.5     3.5
DAYS >= 1.0         3               1.6     1.4
GREATEST
 SNOW DEPTH         5   11/15                        2
                        11/13
 24 HR TOTAL      4.9   11/12 TO 11/13               2.6

DEGREE_DAYS
HEATING TOTAL    1161              1276    -115      1183
 SINCE 7/1       1162              1281    -119
COOLING TOTAL     127                85      42       170
 SINCE 1/1       1002               897     105
.................................................................

WIND (MPH)
AVERAGE WIND SPEED              7.1
HIGHEST WIND SPEED/DIRECTION    51/030    DATE  11/10
HIGHEST GUST SPEED/DIRECTION    61/030    DATE  11/10

SKY COVER
POSSIBLE SUNSHINE (PERCENT)   MM
AVERAGE SKY COVER           0.20
NUMBER OF DAYS FAIR           74
NUMBER OF DAYS PC             11
NUMBER OF DAYS CLOUDY          6

AVERAGE RH (PERCENT)     53

WEATHER CONDITIONS. NUMBER OF DAYS WITH
THUNDERSTORM              0     MIXED PRECIP               0
HEAVY RAIN                1     RAIN                       4
LIGHT RAIN               16     FREEZING RAIN              0
LT FREEZING RAIN          0     HAIL                       0
HEAVY SNOW                2     SNOW                       2
LIGHT SNOW                7     SLEET                      0
FOG                      14     FOG W/VIS <= 1/4 MILE      3
HAZE                      8

-  INDICATES NEGATIVE NUMBERS.
R  INDICATES RECORD WAS SET OR TIED.
MM INDICATES DATA IS MISSING.
T  INDICATES TRACE AMOUNT.

$$




U.S. Dept. of Commerce
NOAA National Weather Service
1325 East West Highway
Silver Spring, MD 20910
E-mail: w-nws.webmaster@noaa.gov
Page last modified: May 16, 2007
NATIONAL WEATHER SERVICE: for Safety, for Work, for Fun - FOR LIFE