780
CXUS55 KPUB 032132 CCA
CLSPUB

CLIMATE REPORT...CORRECTION
NATIONAL WEATHER SERVICE PUEBLO
1000 AM MST SUN MAR 2 2014

...................................

...THE PUEBLO  CLIMATE SUMMARY FOR THE SEASON, FROM
12/1/2013 TO 2/28/2014...

CLIMATE NORMAL PERIOD 1981 TO 2010
CLIMATE RECORD PERIOD 1888 TO 2014

WEATHER         OBSERVED          NORMAL  DEPART  LAST YEAR`S
                 VALUE   DATE(S)  VALUE   FROM    VALUE  DATE(S)
                                          NORMAL
................................................................
TEMPERATURE (F)
RECORD
 HIGH              82   12/17/1980
 LOW              -31   02/01/1951
HIGHEST            71   02/18                         72  01/23
                        02/15
LOWEST            -16   02/06                         -8  12/10
AVG. MAXIMUM     47.5              47.8    -0.3     47.4
AVG. MINIMUM     15.0              15.2    -0.2     13.3
MEAN             31.2              31.5    -0.3     30.4
DAYS MAX >= 90      0
DAYS MAX <= 32     20
DAYS MIN <= 32     87
DAYS MIN <= 0      10

PRECIPITATION (INCHES)
RECORD
 MAXIMUM         3.09   1939
 MINIMUM         0.18   1950
TOTALS           0.76              0.99   -0.23     0.99
DAILY AVG.       0.01              0.01    0.00
DAYS >= .01        12
DAYS >= .10         3
DAYS >= .50         0
DAYS >= 1.00        0
GREATEST
 24 HR. TOTAL    0.22   01/27 TO 01/28

SNOWFALL (INCHES)
RECORDS
 TOTAL           38.6   1988
                  2.7   1921
TOTALS           14.9              15.8    -0.9     13.2
SINCE 7/1        18.6              21.8    -3.2
SNOWDEPTH AVG.      0
DAYS >= TRACE      25              12.0    13.0
DAYS >= 1.0         7               5.2     1.8
GREATEST
 SNOW DEPTH         3   02/05                          2
                        01/28
 24 HR TOTAL      2.9   01/27 TO 01/28           01/29 TO 01/29
                                                                                                               01/29 TO 01/29

DEGREE_DAYS...CORRECTION
HEATING TOTAL    3022              3022       0     3099
 SINCE 7/1       4205              4303     -98     4237
COOLING TOTAL       0                 0       0        0
 SINCE 1/1          0                 0       0        0
..........................................................

WIND (MPH)
AVERAGE WIND SPEED              8.6
HIGHEST WIND SPEED/DIRECTION    46/290    DATE  01/12
HIGHEST GUST SPEED/DIRECTION    55/290    DATE  01/12

SKY COVER
POSSIBLE SUNSHINE (PERCENT)   MM
AVERAGE SKY COVER           0.20
NUMBER OF DAYS FAIR           66
NUMBER OF DAYS PC             14
NUMBER OF DAYS CLOUDY         11

AVERAGE RH (PERCENT)     55

WEATHER CONDITIONS. NUMBER OF DAYS WITH
THUNDERSTORM              0     MIXED PRECIP               0
HEAVY RAIN                0     RAIN                       0
LIGHT RAIN                2     FREEZING RAIN              0
LT FREEZING RAIN          0     HAIL                       0
HEAVY SNOW                1     SNOW                       4
LIGHT SNOW               25     SLEET                      0
FOG                      26     FOG W/VIS <= 1/4 MILE      6
HAZE                     20

-  INDICATES NEGATIVE NUMBERS.
R  INDICATES RECORD WAS SET OR TIED.
MM INDICATES DATA IS MISSING.
T  INDICATES TRACE AMOUNT.

$$

















U.S. Dept. of Commerce
NOAA National Weather Service
1325 East West Highway
Silver Spring, MD 20910
E-mail: w-nws.webmaster@noaa.gov
Page last modified: May 16, 2007
NATIONAL WEATHER SERVICE: for Safety, for Work, for Fun - FOR LIFE