630
CXUS51 KALY 010646
CLSPSF

CLIMATE REPORT
NATIONAL WEATHER SERVICE ALBANY NY
238 AM EDT SUN JUN 1 2014

...................................

...THE PITTSFIELD MA CLIMATE SUMMARY FOR THE SEASON, FROM
3/1/2014 TO 5/31/2014...

CLIMATE NORMAL PERIOD 1981 TO 2010
CLIMATE RECORD PERIOD 9999 TO 9999

WEATHER         OBSERVED          NORMAL  DEPART  LAST YEAR`S
                 VALUE   DATE(S)  VALUE   FROM    VALUE  DATE(S)
                                          NORMAL
................................................................
TEMPERATURE (F)
HIGHEST            83   05/27                         88  05/31
LOWEST             -5   03/01                         10  03/18
AVG. MAXIMUM     52.4              54.3    -1.9     53.6
AVG. MINIMUM     31.1              32.9    -1.8     33.2
MEAN             41.8              43.6    -1.8     43.4
DAYS MAX >= 90      0               0.1    -0.1        0
DAYS MAX <= 32     14               6.2     7.8        9
DAYS MIN <= 32     49              42.3     6.7       48
DAYS MIN <= 0       3               0.6     2.4        0

PRECIPITATION (INCHES)
TOTALS           7.62             11.44   -3.82    10.96
DAILY AVG.       0.08              0.12   -0.04     0.12
DAYS >= .01        29                                 35
DAYS >= .10        16                                 24
DAYS >= .50         7                                 10
DAYS >= 1.00        1                                  2
GREATEST
 24 HR. TOTAL    1.20   04/15 TO 04/15

DEGREE_DAYS
HEATING TOTAL    2125              1981     144
 SINCE 7/1       7677              7360     317
COOLING TOTAL       6                13      -7
 SINCE 1/1          6                13      -7

FREEZE DATES
EARLIEST                        10/04
LATEST                          05/07
.................................................................

WIND (MPH)
AVERAGE WIND SPEED              7.7
HIGHEST WIND SPEED/DIRECTION    35/290    DATE  03/26
HIGHEST GUST SPEED/DIRECTION    47/290    DATE  03/26


WEATHER CONDITIONS. NUMBER OF DAYS WITH
THUNDERSTORM              6     MIXED PRECIP               0
HEAVY RAIN                3     RAIN                      12
LIGHT RAIN               32     FREEZING RAIN              1
LT FREEZING RAIN          4     HAIL                       0
HEAVY SNOW                2     SNOW                       3
LIGHT SNOW               13     SLEET                      0
FOG                      44     FOG W/VIS <= 1/4 MILE      8
HAZE                     26

-  INDICATES NEGATIVE NUMBERS.
R  INDICATES RECORD WAS SET OR TIED.
MM INDICATES DATA IS MISSING.
T  INDICATES TRACE AMOUNT.

$$








U.S. Dept. of Commerce
NOAA National Weather Service
1325 East West Highway
Silver Spring, MD 20910
E-mail: w-nws.webmaster@noaa.gov
Page last modified: May 16, 2007
NATIONAL WEATHER SERVICE: for Safety, for Work, for Fun - FOR LIFE