631
CXUS51 KALY 020219
CLSPSF

CLIMATE REPORT
NATIONAL WEATHER SERVICE ALBANY NY
919 PM EST MON DEC 1 2014

...................................

...THE PITTSFIELD MA CLIMATE SUMMARY FOR THE SEASON, FROM
9/1/2014 TO 11/30/2014...

CLIMATE NORMAL PERIOD 1981 TO 2010
CLIMATE RECORD PERIOD 9999 TO 9999

WEATHER         OBSERVED          NORMAL  DEPART  LAST YEAR`S
                 VALUE   DATE(S)  VALUE   FROM    VALUE  DATE(S)
                                          NORMAL
................................................................
TEMPERATURE (F)
HIGHEST            85   09/06                         90  09/11
LOWEST             11   11/29                          7  11/30
AVG. MAXIMUM     57.5              57.9    -0.4     57.7
AVG. MINIMUM     38.7              38.0     0.7     36.8
MEAN             48.1              48.0     0.1     47.2
DAYS MAX >= 90      0               0.2    -0.2        1
DAYS MAX <= 32      6               2.2     3.8        6
DAYS MIN <= 32     29              29.5    -0.5       29
DAYS MIN <= 0       0               0.0     0.0        0

PRECIPITATION (INCHES)
TOTALS           9.50             12.60   -3.10     8.71
DAILY AVG.       0.11              0.14   -0.03     0.10
DAYS >= .01        36                                 28
DAYS >= .10        18                                 17
DAYS >= .50         6                                  6
DAYS >= 1.00        2                                  2
GREATEST
 24 HR. TOTAL    1.80   10/22 TO 10/23

DEGREE_DAYS
HEATING TOTAL    1549              1573     -24
 SINCE 7/1       1622              1651     -29
COOLING TOTAL      39                20      19
 SINCE 1/1        238               290     -52

FREEZE DATES
EARLIEST                        10/04
LATEST                          05/07
.................................................................

WIND (MPH)
AVERAGE WIND SPEED              6.5
HIGHEST WIND SPEED/DIRECTION    28/280    DATE  11/21
HIGHEST GUST SPEED/DIRECTION    46/340    DATE  11/02


WEATHER CONDITIONS. NUMBER OF DAYS WITH
THUNDERSTORM              2     MIXED PRECIP               0
HEAVY RAIN                7     RAIN                      15
LIGHT RAIN               34     FREEZING RAIN              1
LT FREEZING RAIN          1     HAIL                       0
HEAVY SNOW                1     SNOW                       1
LIGHT SNOW               11     SLEET                      0
FOG                      63     FOG W/VIS <= 1/4 MILE     16
HAZE                      2

-  INDICATES NEGATIVE NUMBERS.
R  INDICATES RECORD WAS SET OR TIED.
MM INDICATES DATA IS MISSING.
T  INDICATES TRACE AMOUNT.

$$







U.S. Dept. of Commerce
NOAA National Weather Service
1325 East West Highway
Silver Spring, MD 20910
E-mail: w-nws.webmaster@noaa.gov
Page last modified: May 16, 2007
NATIONAL WEATHER SERVICE: for Safety, for Work, for Fun - FOR LIFE