983
CXUS51 KALY 010646
CLSPSF

ALBCLSPSF 000
TTAA00 KALY 010644


CLIMATE REPORT
NATIONAL WEATHER SERVICE ALBANY NY
142 AM EST SAT MAR 1 2014

...................................

...THE PITTSFIELD MA CLIMATE SUMMARY FOR THE SEASON, FROM
12/1/2013 TO 2/28/2014...

CLIMATE NORMAL PERIOD 1981 TO 2010
CLIMATE RECORD PERIOD 9999 TO 9999

WEATHER         OBSERVED          NORMAL  DEPART  LAST YEAR`S
                 VALUE   DATE(S)  VALUE   FROM    VALUE  DATE(S)
                                          NORMAL
................................................................
TEMPERATURE (F)
HIGHEST            63   12/22                         58  01/31
LOWEST             -9R  01/22                         -7  01/24
                        01/04
AVG. MAXIMUM     29.9              31.7    -1.8     33.9
AVG. MINIMUM     13.4              15.4    -2.0     19.3
MEAN             21.6              23.6    -2.0     26.6
DAYS MAX >= 90      0               0.0     0.0        0
DAYS MAX <= 32     54              47.8     6.2       38
DAYS MIN <= 32     86              85.4     0.6       81
DAYS MIN <= 0      16               8.7     7.3        3

PRECIPITATION (INCHES)
TOTALS           9.17              8.60    0.57     7.47
DAILY AVG.       0.10              0.10    0.00     0.08
DAYS >= .01        38                                 38
DAYS >= .10        22                                 24
DAYS >= .50         4                                  3
DAYS >= 1.00        3                                  1
GREATEST
 24 HR. TOTAL    1.23   01/11 TO 01/12

DEGREE_DAYS
HEATING TOTAL    3872              3729     143
 SINCE 7/1       5552              5380     172
COOLING TOTAL       0                 0       0
 SINCE 1/1          0                 0       0

FREEZE DATES
EARLIEST                        10/04
LATEST                          05/07
.................................................................

WIND (MPH)
AVERAGE WIND SPEED              7.5
HIGHEST WIND SPEED/DIRECTION    32/290    DATE  02/24
HIGHEST GUST SPEED/DIRECTION    46/280    DATE  02/14


WEATHER CONDITIONS. NUMBER OF DAYS WITH
THUNDERSTORM              1     MIXED PRECIP               0
HEAVY RAIN                4     RAIN                       6
LIGHT RAIN               16     FREEZING RAIN              1
LT FREEZING RAIN          5     HAIL                       0
HEAVY SNOW               10     SNOW                      23
LIGHT SNOW               51     SLEET                      0
FOG                      57     FOG W/VIS <= 1/4 MILE     23
HAZE                     52

-  INDICATES NEGATIVE NUMBERS.
R  INDICATES RECORD WAS SET OR TIED.
MM INDICATES DATA IS MISSING.
T  INDICATES TRACE AMOUNT.

$$








U.S. Dept. of Commerce
NOAA National Weather Service
1325 East West Highway
Silver Spring, MD 20910
E-mail: w-nws.webmaster@noaa.gov
Page last modified: May 16, 2007
NATIONAL WEATHER SERVICE: for Safety, for Work, for Fun - FOR LIFE