855
CXUS51 KALY 010645
CLSPOU

CLIMATE REPORT
NATIONAL WEATHER SERVICE ALBANY NY
238 AM EDT SUN JUN 1 2014

...................................

...THE POUGHKEEPSIE NY CLIMATE SUMMARY FOR THE SEASON, FROM
3/1/2014 TO 5/31/2014...

CLIMATE NORMAL PERIOD 1981 TO 2010
CLIMATE RECORD PERIOD 1949 TO 2014

WEATHER         OBSERVED          NORMAL  DEPART  LAST YEAR`S
                 VALUE   DATE(S)  VALUE   FROM    VALUE  DATE(S)
                                          NORMAL
................................................................
TEMPERATURE (F)
HIGHEST            89   05/27                         93  05/31
LOWEST             -2   03/04                         18  03/18
AVG. MAXIMUM     58.8              60.1    -1.3     59.6
AVG. MINIMUM     35.8              36.1    -0.3     37.0
MEAN             47.3              48.1    -0.8     48.3
DAYS MAX >= 90      0               0.7    -0.7        3
DAYS MAX <= 32      5               1.3     3.7        0
DAYS MIN <= 32     38              34.2     3.8       38
DAYS MIN <= 0       2               0.1     1.9        0

PRECIPITATION (INCHES)
RECORD
 MAXIMUM        22.74   1983
 MINIMUM         4.58   1965
TOTALS           9.75             11.76   -2.01     6.99
DAILY AVG.       0.11              0.13   -0.02     0.08
DAYS >= .01        31              34.0    -3.0       24
DAYS >= .10        17              21.4    -4.4       17
DAYS >= .50         6               7.5    -1.5        4
DAYS >= 1.00        4               2.8     1.2        1
GREATEST
 24 HR. TOTAL    1.74   04/30 TO 05/01

DEGREE_DAYS
HEATING TOTAL    1641              1591      50
 SINCE 7/1       6344              6162     182
COOLING TOTAL      33                35      -2
 SINCE 1/1         33                36      -3

FREEZE DATES
RECORD
 EARLIEST     09/15/1963
 LATEST       05/25/1949
EARLIEST                        10/09
LATEST                          04/29
.................................................................

WIND (MPH)
AVERAGE WIND SPEED              5.9
HIGHEST WIND SPEED/DIRECTION    29/270    DATE  05/04
HIGHEST GUST SPEED/DIRECTION    40/290    DATE  03/26


WEATHER CONDITIONS. NUMBER OF DAYS WITH
THUNDERSTORM              5     MIXED PRECIP               0
HEAVY RAIN                4     RAIN                      14
LIGHT RAIN               36     FREEZING RAIN              0
LT FREEZING RAIN          1     HAIL                       0
HEAVY SNOW                0     SNOW                       0
LIGHT SNOW                2     SLEET                      0
FOG                      37     FOG W/VIS <= 1/4 MILE      6
HAZE                     15

-  INDICATES NEGATIVE NUMBERS.
R  INDICATES RECORD WAS SET OR TIED.
MM INDICATES DATA IS MISSING.
T  INDICATES TRACE AMOUNT.

RECORDS FOR POUGHKEEPSIE DATE BACK TO 1949...HOWEVER DATA IS MISSING
FROM JANUARY 1993 TO JULY 2000.

$$









U.S. Dept. of Commerce
NOAA National Weather Service
1325 East West Highway
Silver Spring, MD 20910
E-mail: w-nws.webmaster@noaa.gov
Page last modified: May 16, 2007
NATIONAL WEATHER SERVICE: for Safety, for Work, for Fun - FOR LIFE