952
CXUS51 KALY 011211
CLSPOU

ALBCLMPOU 000
TTAA00 KALY 011208


CLIMATE REPORT
NATIONAL WEATHER SERVICE ALBANY NY
806 AM EDT MON SEP 1 2014

...................................

...THE POUGHKEEPSIE NY CLIMATE SUMMARY FOR THE SEASON, FROM
6/1/2014 TO 8/31/2014...

CLIMATE NORMAL PERIOD 1981 TO 2010
CLIMATE RECORD PERIOD 1949 TO 2014

WEATHER         OBSERVED          NORMAL  DEPART  LAST YEAR`S
                 VALUE   DATE(S)  VALUE   FROM    VALUE  DATE(S)
                                          NORMAL
................................................................
TEMPERATURE (F)
HIGHEST            93   07/02                         97  07/19
LOWEST             48   08/29                         44  06/05
                        06/15
                        06/01
AVG. MAXIMUM     81.9              82.2    -0.3     82.4
AVG. MINIMUM     59.7              58.8     0.9     61.6
MEAN             70.8              70.5     0.3     72.0
DAYS MAX >= 90      6              12.5    -6.5       15
DAYS MAX <= 32      0               0.0     0.0        0
DAYS MIN <= 32      0               0.0     0.0        0
DAYS MIN <= 0       0               0.0     0.0        0

PRECIPITATION (INCHES)
RECORD
 MAXIMUM        20.77   1975
 MINIMUM         2.87   1966
TOTALS          10.64             13.28   -2.64    19.57
DAILY AVG.       0.12              0.14   -0.02     0.21
DAYS >= .01        33              32.7     0.3       40
DAYS >= .10        21              21.9    -0.9       22
DAYS >= .50         6               8.9    -2.9       11
DAYS >= 1.00        3               3.4    -0.4        8
GREATEST
 24 HR. TOTAL    1.64   MM

DEGREE_DAYS
HEATING TOTAL      12                65     -53
 SINCE 7/1          5                17     -12
COOLING TOTAL     564               567      -3
 SINCE 1/1        597               604      -7

FREEZE DATES
RECORD
 EARLIEST     09/15/1963
 LATEST       05/25/1949
EARLIEST                        10/09
LATEST                          04/29
.................................................................

WIND (MPH)
AVERAGE WIND SPEED              3.5
HIGHEST WIND SPEED/DIRECTION    33/250    DATE  07/07
HIGHEST GUST SPEED/DIRECTION    45/240    DATE  07/03


WEATHER CONDITIONS. NUMBER OF DAYS WITH
THUNDERSTORM              0     MIXED PRECIP               0
HEAVY RAIN               11     RAIN                      14
LIGHT RAIN               34     FREEZING RAIN              0
LT FREEZING RAIN          0     HAIL                       0
HEAVY SNOW                0     SNOW                       0
LIGHT SNOW                0     SLEET                      0
FOG                      43     FOG W/VIS <= 1/4 MILE      4
HAZE                      9

-  INDICATES NEGATIVE NUMBERS.
R  INDICATES RECORD WAS SET OR TIED.
MM INDICATES DATA IS MISSING.
T  INDICATES TRACE AMOUNT.

$$








U.S. Dept. of Commerce
NOAA National Weather Service
1325 East West Highway
Silver Spring, MD 20910
E-mail: w-nws.webmaster@noaa.gov
Page last modified: May 16, 2007
NATIONAL WEATHER SERVICE: for Safety, for Work, for Fun - FOR LIFE