141
CXUS51 KALY 010645
CLSPOU

ALBCLSPOU 000
TTAA00 KALY 010644


CLIMATE REPORT
NATIONAL WEATHER SERVICE ALBANY NY
142 AM EST SAT MAR 1 2014

...................................

...THE POUGHKEEPSIE NY CLIMATE SUMMARY FOR THE SEASON, FROM
12/1/2013 TO 2/28/2014...

CLIMATE NORMAL PERIOD 1981 TO 2010
CLIMATE RECORD PERIOD 1949 TO 2014

WEATHER         OBSERVED          NORMAL  DEPART  LAST YEAR`S
                 VALUE   DATE(S)  VALUE   FROM    VALUE  DATE(S)
                                          NORMAL
................................................................
TEMPERATURE (F)
HIGHEST            68   12/22                         62  01/31
LOWEST             -9   02/12                         -5  02/10
                        01/04
AVG. MAXIMUM     36.3              38.3    -2.0     40.1
AVG. MINIMUM     16.1              18.5    -2.4     23.1
MEAN             26.2              28.4    -2.2     31.6
DAYS MAX >= 90      0               0.0     0.0        0
DAYS MAX <= 32     40              23.0    17.0       17
DAYS MIN <= 32     84              81.7     2.3       73
DAYS MIN <= 0       6               5.0     1.0        1

PRECIPITATION (INCHES)
RECORD
 MAXIMUM        19.96   1973
 MINIMUM         3.61   1980
TOTALS           7.61              9.27   -1.66     7.88
DAILY AVG.       0.09              0.10   -0.01     0.09
DAYS >= .01        32              30.5     1.5       36
DAYS >= .10        17              19.8    -2.8       18
DAYS >= .50         5               6.3    -1.3        6
DAYS >= 1.00        0               1.5    -1.5        1
GREATEST
 24 HR. TOTAL    0.95   02/05 TO 02/05

DEGREE_DAYS
HEATING TOTAL    3460              3293     167
 SINCE 7/1       4703              4571     132
COOLING TOTAL       0                 0       0
 SINCE 1/1          0                 0       0

FREEZE DATES
RECORD
 EARLIEST     09/15/1963
 LATEST       05/25/1949
EARLIEST                        10/09
LATEST                          04/29
.................................................................

WIND (MPH)
AVERAGE WIND SPEED              4.9
HIGHEST WIND SPEED/DIRECTION    31/270    DATE  01/07
HIGHEST GUST SPEED/DIRECTION    41/270    DATE  01/07


WEATHER CONDITIONS. NUMBER OF DAYS WITH
THUNDERSTORM              2     MIXED PRECIP               0
HEAVY RAIN                2     RAIN                      10
LIGHT RAIN               17     FREEZING RAIN              3
LT FREEZING RAIN          3     HAIL                       0
HEAVY SNOW                6     SNOW                      15
LIGHT SNOW               30     SLEET                      0
FOG                      53     FOG W/VIS <= 1/4 MILE     20
HAZE                     52

-  INDICATES NEGATIVE NUMBERS.
R  INDICATES RECORD WAS SET OR TIED.
MM INDICATES DATA IS MISSING.
T  INDICATES TRACE AMOUNT.

RECORDS FOR KPOU DATE BACK TO 1949...
HOWEVER...DATA IS MISSING FROM JANUARY 1993 - JULY 2000.

$$








U.S. Dept. of Commerce
NOAA National Weather Service
1325 East West Highway
Silver Spring, MD 20910
E-mail: w-nws.webmaster@noaa.gov
Page last modified: May 16, 2007
NATIONAL WEATHER SERVICE: for Safety, for Work, for Fun - FOR LIFE