304
CXUS51 KALY 020214
CLSPOU

CLIMATE REPORT
NATIONAL WEATHER SERVICE ALBANY NY
914 PM EST MON DEC 1 2014

...................................

...THE POUGHKEEPSIE NY CLIMATE SUMMARY FOR THE SEASON, FROM
9/1/2014 TO 11/30/2014...

CLIMATE NORMAL PERIOD 1981 TO 2010
CLIMATE RECORD PERIOD 1949 TO 2014

WEATHER         OBSERVED          NORMAL  DEPART  LAST YEAR`S
                 VALUE   DATE(S)  VALUE   FROM    VALUE  DATE(S)
                                          NORMAL
................................................................
TEMPERATURE (F)
HIGHEST            92   09/06                         95  09/11
LOWEST             10R  11/29                         12  11/25
AVG. MAXIMUM     64.1              63.5     0.6     63.7
AVG. MINIMUM     42.4              40.4     2.0     40.1
MEAN             53.2              51.9     1.3     51.9
DAYS MAX >= 90      2               0.9     1.1        1
DAYS MAX <= 32      0               0.3    -0.3        1
DAYS MIN <= 32     19              25.7    -6.7       24
DAYS MIN <= 0       0               0.0     0.0        0

PRECIPITATION (INCHES)
RECORD
 MAXIMUM        22.90   2005
 MINIMUM         3.86   1964
TOTALS           6.47             12.22   -5.75     6.36
DAILY AVG.       0.07              0.13   -0.06     0.07
DAYS >= .01        27              28.1    -1.1       24
DAYS >= .10        17              18.1    -1.1       15
DAYS >= .50         6               7.8    -1.8        5
DAYS >= 1.00        0               3.2    -3.2        1
GREATEST
 24 HR. TOTAL    1.16   10/15 TO 10/16

DEGREE_DAYS
HEATING TOTAL    1146              1261    -115
 SINCE 7/1       1151              1278    -127
COOLING TOTAL      99                68      31
 SINCE 1/1        696               672      24

FREEZE DATES
RECORD
 EARLIEST     09/15/1963
 LATEST       05/25/1949
EARLIEST                        10/09
LATEST                          04/29
.................................................................

WIND (MPH)
AVERAGE WIND SPEED              4.6
HIGHEST WIND SPEED/DIRECTION    31/360    DATE  11/02
HIGHEST GUST SPEED/DIRECTION    46/360    DATE  11/02


WEATHER CONDITIONS. NUMBER OF DAYS WITH
THUNDERSTORM              1     MIXED PRECIP               0
HEAVY RAIN                5     RAIN                       9
LIGHT RAIN               30     FREEZING RAIN              0
LT FREEZING RAIN          0     HAIL                       0
HEAVY SNOW                1     SNOW                       1
LIGHT SNOW                4     SLEET                      0
FOG                      47     FOG W/VIS <= 1/4 MILE      9
HAZE                      7

-  INDICATES NEGATIVE NUMBERS.
R  INDICATES RECORD WAS SET OR TIED.
MM INDICATES DATA IS MISSING.
T  INDICATES TRACE AMOUNT.

$$

RECORDS FOR KPOU DATE BACK TO 1949...
HOWEVER...DATA IS MISSING FROM JAUNARY 1993 - JULY 2000.







U.S. Dept. of Commerce
NOAA National Weather Service
1325 East West Highway
Silver Spring, MD 20910
E-mail: w-nws.webmaster@noaa.gov
Page last modified: May 16, 2007
NATIONAL WEATHER SERVICE: for Safety, for Work, for Fun - FOR LIFE