175
CXUS53 KILX 011931
CLSPIA

CLIMATE REPORT
NATIONAL WEATHER SERVICE LINCOLN IL
131 PM CST SAT MAR 1 2014

...................................

...THE PEORIA IL CLIMATE SUMMARY FOR THE SEASON, FROM
12/1/2013 TO 2/28/2014...

CLIMATE NORMAL PERIOD 1981 TO 2010
CLIMATE RECORD PERIOD 1883 TO 2014

WEATHER         OBSERVED          NORMAL  DEPART  LAST YEAR`S
                 VALUE   DATE(S)  VALUE   FROM    VALUE
                                          NORMAL
.............................................................
TEMPERATURE (F)
RECORD
 HIGH              74   02/10/1932
 LOW              -27   01/05/1884
HIGHEST            55   12/04        MM      MM       70
LOWEST            -14   01/06        MM      MM        1
AVG. MAXIMUM     29.1              35.5    -6.4     38.6
AVG. MINIMUM     11.4              19.7    -8.3     22.8
MEAN             20.2              27.6    -7.4     30.7
DAYS MAX >= 90      0               0.0     0.0        0
DAYS MAX <= 32     53              33.3    19.7       29
DAYS MIN <= 32     86              77.2     8.8       73
DAYS MIN <= 0      20               7.2    12.8        0

PRECIPITATION (INCHES)
RECORD
 MAXIMUM        13.18   1950
 MINIMUM         1.37   1963
TOTALS           6.36              5.99    0.37     8.71
DAILY AVG.       0.07                               0.09
DAYS >= .01        38              27.7    10.3       30
DAYS >= .10        17              13.4     3.6       18
DAYS >= .50         3               3.5    -0.5        7
DAYS >= 1.00        0               1.2    -1.2        1
GREATEST
 24 HR. TOTAL    0.78   02/20                       1.98

SNOWFALL (INCHES)
RECORDS
 TOTAL           52.5   2011
 24 HR TOTAL     18.0   02/27/1900 TO 02/28/1900
TOTALS           49.6              20.2    29.4     11.9
SINCE 7/1        50.2              21.3    28.9     11.9
DAYS >= TRACE      47              16.0    31.0       29
DAYS >= 1.0        15               6.3     8.7        6
GREATEST
 SNOW DEPTH        12   02/18                          4
 24 HR TOTAL      5.5   01/05                        3.9

DEGREE_DAYS
HEATING TOTAL    3997              3368     629     3059
 SINCE 7/1       5179              4516     663     4293
COOLING TOTAL       0                 0       0        0
 SINCE 1/1          0                 0       0        0

FREEZE DATES
RECORD
 EARLIEST     09/20/1991
 LATEST       05/25/1925
EARLIEST                        10/14
LATEST                          04/19
..............................................................

WIND (MPH)
AVERAGE WIND SPEED              8.9
HIGHEST WIND SPEED/DIRECTION    41/240    DATE  02/20
HIGHEST GUST SPEED/DIRECTION    54/270    DATE  01/26

SKY COVER
POSSIBLE SUNSHINE (PERCENT)   MM
AVERAGE SKY COVER           0.50
NUMBER OF DAYS FAIR           33
NUMBER OF DAYS PC             30
NUMBER OF DAYS CLOUDY         27

AVERAGE RH (PERCENT)     70

WEATHER CONDITIONS. NUMBER OF DAYS WITH
THUNDERSTORM              2     MIXED PRECIP               0
HEAVY RAIN                1     RAIN                       4
LIGHT RAIN               11     FREEZING RAIN              2
LT FREEZING RAIN          4     HAIL                       0
HEAVY SNOW                5     SNOW                      14
LIGHT SNOW               47     SLEET                      0
FOG                      44     FOG W/VIS <= 1/4 MILE     11
HAZE                     43

-  INDICATES NEGATIVE NUMBERS.
R  INDICATES RECORD WAS SET OR TIED.
MM INDICATES DATA IS MISSING.
T  INDICATES TRACE AMOUNT.

&&

RECORDS ESTABLISHED DURING THE PERIOD:

SEASONAL RECORDS (DECEMBER 1 THROUGH FEBRUARY 28)--
* 8TH COLDEST WINTER ON RECORD WITH MEAN TEMPERATURE OF 20.2 DEGREES
* 2ND SNOWIEST WINTER ON RECORD WITH 49.6 INCHES

DECEMBER -- NO RECORDS ESTABLISHED

JANUARY --
* 2ND SNOWIEST JANUARY ON RECORD WITH 18.2 INCHES
* RECORD COLD HIGH TEMPERATURE OF 5 BELOW ZERO ON THE 6TH

FEBRUARY --
* 6TH COLDEST FEBRUARY ON RECORD WITH MEAN TEMPERATURE OF 17.9 DEGREES
* 2ND SNOWIEST FEBRUARY ON RECORD WITH 22.9 INCHES
* RECORD COLD HIGH TEMPERATURE OF 6 DEGREES ON THE 6TH
* RECORD LOW TEMPERATURE OF 13 BELOW ZERO ON THE 11TH
* RECORD DAILY SNOWFALL OF 4.2 INCHES ON THE 14TH

$$
GEELHART







U.S. Dept. of Commerce
NOAA National Weather Service
1325 East West Highway
Silver Spring, MD 20910
E-mail: w-nws.webmaster@noaa.gov
Page last modified: May 16, 2007
NATIONAL WEATHER SERVICE: for Safety, for Work, for Fun - FOR LIFE