960
CXUS53 KPAH 020231
CLSPAH

SDFCLMPAS 000
TTAA00 KPAH 020227


CLIMATE REPORT
NATIONAL WEATHER SERVICE PADUCAH KY
923 PM CDT SUN JUN 1 2014

...................................

...THE PADUCAH KY CLIMATE SUMMARY FOR THE SPRING SEASON,
FROM MAR 1ST, 2014 TO MAY 31ST, 2014...

CLIMATE NORMAL PERIOD 1981 TO 2010
CLIMATE RECORD PERIOD 1937 TO 2014

WEATHER         OBSERVED          NORMAL  DEPART
                 VALUE   DATE(S)  VALUE   FROM
                                          NORMAL
................................................
TEMPERATURE (F)
RECORD
 HIGH              96   05/26/1953
                        05/26/1944
                        05/22/1941
 LOW               -2   03/06/1960
                        03/05/1960
HIGHEST            90   05/31        68      22
                        05/22
                        05/26
LOWEST              8   03/04        47     -39
AVG. MAXIMUM     69.3              68.8     0.5
AVG. MINIMUM     47.0              46.9     0.1
MEAN             58.1              57.8     0.3
DAYS MAX >= 90      3               0.8     2.2
DAYS MAX <= 32      1               0.3     0.7
DAYS MIN <= 32     19              12.0     7.0
DAYS MIN <= 0       0               0.0     0.0

PRECIPITATION (INCHES)
RECORD
 MAXIMUM        31.21   2011
 MINIMUM         0.71   1994
TOTALS          15.01             13.63    1.38
DAILY AVG.       0.16              0.15    0.01
DAYS >= .01        30              32.5    -2.5
DAYS >= .10        21              22.1    -1.1
DAYS >= .50        12               8.9     3.1
DAYS >= 1.00        5               3.4     1.6
GREATEST
 24 HR. TOTAL    3.39   MM
 STORM TOTAL       MM
 (MM/DD(HH))            MM

SNOWFALL (INCHES)
RECORDS
 TOTAL            8.0   1975
 24 HR TOTAL      7.3   MM
TOTALS            5.6               0.6     5.0
 LIQUID EQUIV    0.56
SINCE 7/1        18.5               9.1     9.4
 LIQUID 7/1      1.85
SNOWDEPTH AVG.      0
DAYS >= TRACE       4
DAYS >= 1.0         2
GREATEST
 SNOW DEPTH         4   03/05
                        03/03
                        03/04
 24 HR TOTAL      3.3   MM
 STORM TOTAL       MM
 (MM/DD(HH))            MM

DEGREE_DAYS
HEATING TOTAL     886               831      55
 SINCE 7/1         MM              4128      MM
COOLING TOTAL     278               172     106
 SINCE 1/1        278               172     106

FREEZE DATES
RECORD
 EARLIEST     10/01/1984
 LATEST       04/28/1992
EARLIEST                        10/26
LATEST                          04/04
.................................................

WIND (MPH)
AVERAGE WIND SPEED              8.0
HIGHEST WIND SPEED/DIRECTION    33/260    DATE  04/13
HIGHEST GUST SPEED/DIRECTION    45/310    DATE  03/12

SKY COVER
POSSIBLE SUNSHINE (PERCENT)   MM
AVERAGE SKY COVER           0.30
NUMBER OF DAYS FAIR           57
NUMBER OF DAYS PC             21
NUMBER OF DAYS CLOUDY         14

AVERAGE RH (PERCENT)     63

WEATHER CONDITIONS. NUMBER OF DAYS WITH
THUNDERSTORM              0     MIXED PRECIP               0
HEAVY RAIN               11     RAIN                      21
LIGHT RAIN               35     FREEZING RAIN              1
LT FREEZING RAIN          1     HAIL                       0
HEAVY SNOW                0     SNOW                       1
LIGHT SNOW                4     SLEET                      1
FOG                      45     FOG W/VIS <= 1/4 MILE      1
HAZE                     28

-  INDICATES NEGATIVE NUMBERS.
R  INDICATES RECORD WAS SET OR TIED.
MM INDICATES DATA IS MISSING.
T  INDICATES TRACE AMOUNT.

$$








U.S. Dept. of Commerce
NOAA National Weather Service
1325 East West Highway
Silver Spring, MD 20910
E-mail: w-nws.webmaster@noaa.gov
Page last modified: May 16, 2007
NATIONAL WEATHER SERVICE: for Safety, for Work, for Fun - FOR LIFE