570
CXUS53 KDDC 031608
CLSP28


CLIMATE REPORT
NATIONAL WEATHER SERVICE DODGE CITY KS
958 AM CST MON MAR 3 2014

...................................

...THE MEDICINE LODGE KS CLIMATE SUMMARY FOR THE SEASON, FROM
12/1/2013 TO 2/28/2014...

CLIMATE NORMAL PERIOD 1981 TO 2010
CLIMATE RECORD PERIOD 1893 TO 2014

WEATHER         OBSERVED          NORMAL  DEPART  LAST YEAR`S
                 VALUE   DATE(S)  VALUE   FROM    VALUE  DATE(S)
                                          NORMAL
................................................................
TEMPERATURE (F)
RECORD
 HIGH              91   02/23/1904
 LOW              -22   02/13/1905
HIGHEST            74   02/18        MM      MM       74  01/27
LOWEST             -8   01/06        MM      MM        1  02/23
AVG. MAXIMUM     43.9              47.3    -3.4     48.7
AVG. MINIMUM     18.6              23.4    -4.8     23.4
MEAN             31.2              35.3    -4.1     36.0
DAYS MAX >= 90      0               0.0     0.0        0
DAYS MAX <= 32     25              12.2    12.8        9
DAYS MIN <= 32     82              76.1     5.9       74
DAYS MIN <= 0       2               0.2     1.8        0

PRECIPITATION (INCHES)
RECORD
 MAXIMUM         8.23   2012
 MINIMUM         0.03   1904
TOTALS           1.46              2.67   -1.21     3.94
DAILY AVG.       0.02              0.03   -0.01     0.05
DAYS >= .01        14              14.1    -0.1       15
DAYS >= .10         2               6.5    -4.5        7
DAYS >= .50         1               1.8    -0.8        4
DAYS >= 1.00        0               0.3    -0.3        1
GREATEST
 24 HR. TOTAL    0.72   02/03 TO 02/04           02/20 TO 02/21

SNOWFALL (INCHES)
RECORDS
 TOTAL           24.6   2003
 24 HR TOTAL       MM
 SNOW DEPTH        MM   MM
TOTALS           21.5               8.2    13.3     24.5
 LIQUID EQUIV    2.15              0.80    1.35       MM
SINCE 7/1        23.0               8.4    14.6     24.5
 LIQUID 7/1      2.30              0.80    1.50     0.00
SNOWDEPTH AVG.      0                MM      MM        0
DAYS >= TRACE      11               3.9     7.1        9
DAYS >= 1.0         6               2.4     3.6        4
GREATEST
 SNOW DEPTH        10   02/05                         15  02/22
 24 HR TOTAL      9.0   02/04 TO 02/04           02/21 TO 02/21

DEGREE_DAYS
HEATING TOTAL    3013              2670     343     2550
 SINCE 7/1       3951              3529     422     3286
COOLING TOTAL       0                 0       0        0
 SINCE 1/1          0                 0       0        0

..................................................

WIND (MPH)
AVERAGE WIND SPEED              9.3
RESULTANT WIND SPEED/DIRECTION   3/009
HIGHEST WIND SPEED/DIRECTION    44/020    DATE  01/26
HIGHEST GUST SPEED/DIRECTION    55/020    DATE  01/26

AVERAGE RH (PERCENT)     63


-  INDICATES NEGATIVE NUMBERS.
R  INDICATES RECORD WAS SET OR TIED.
MM INDICATES DATA IS MISSING.
T  INDICATES TRACE AMOUNT.

$$





U.S. Dept. of Commerce
NOAA National Weather Service
1325 East West Highway
Silver Spring, MD 20910
E-mail: w-nws.webmaster@noaa.gov
Page last modified: May 16, 2007
NATIONAL WEATHER SERVICE: for Safety, for Work, for Fun - FOR LIFE