381
CXUS53 KDDC 021516
CLSP28


CLIMATE REPORT
NATIONAL WEATHER SERVICE DODGE CITY KS
959 AM CDT MON JUN 2 2014

...................................

...THE MEDICINE LODGE KS CLIMATE SUMMARY FOR THE SEASON, FROM
3/1/2014 TO 5/31/2014...

CLIMATE NORMAL PERIOD 1981 TO 2010
CLIMATE RECORD PERIOD 1893 TO 2014

WEATHER         OBSERVED          NORMAL  DEPART  LAST YEAR`S
                 VALUE   DATE(S)  VALUE   FROM    VALUE  DATE(S)
                                          NORMAL
................................................................
TEMPERATURE (F)
RECORD
 HIGH             106   05/31/1953
 LOW               -7   03/03/2014
                        03/03/1960
                        03/03/1960
HIGHEST           103   05/06        MM      MM       92  05/28
                        05/04                             05/14
                                                          05/27
LOWEST             -7R  03/03        MM      MM       13  03/02
AVG. MAXIMUM     70.9              68.9     2.0     64.9
AVG. MINIMUM     41.0              44.3    -3.3     40.8
MEAN             56.0              56.6    -0.6     52.9
DAYS MAX >= 90     14               3.7    10.3        4
DAYS MAX <= 32      2               0.6     1.4        0
DAYS MIN <= 32     30              15.9    14.1       31
DAYS MIN <= 0       1               0.0     1.0        0

PRECIPITATION (INCHES)
RECORD
 MAXIMUM        17.27   1957
 MINIMUM         1.13   1966
TOTALS           1.94              7.99   -6.05     6.80
DAILY AVG.       0.02              0.09   -0.07     0.07
DAYS >= .01        16              24.8    -8.8       22
DAYS >= .10         5              14.3    -9.3       15
DAYS >= .50         0               6.3    -6.3        5
DAYS >= 1.00        0               2.4    -2.4        1
GREATEST
 24 HR. TOTAL    0.39   05/26 TO 05/27           03/09 TO 03/09

SNOWFALL (INCHES)
RECORDS
 TOTAL           25.0   1983
TOTALS            5.5               0.1     5.4      0.5
DAYS >= TRACE       2               0.3     1.7        1
DAYS >= 1.0         2               0.0     2.0        0
GREATEST
 SNOW DEPTH         4   03/03                          1  03/24
 24 HR TOTAL      4.0   03/02 TO 03/02           03/23 TO 03/23

DEGREE_DAYS
HEATING TOTAL    1072               925     147     1233
 SINCE 7/1       5023              4455     568     4519
COOLING TOTAL     240               132     108      122
 SINCE 1/1        269               156     113      143
....................................................

WIND (MPH)
AVERAGE WIND SPEED              11.4
RESULTANT WIND SPEED/DIRECTION   1/069
HIGHEST WIND SPEED/DIRECTION    44/010    DATE  03/15
HIGHEST GUST SPEED/DIRECTION    62/010    DATE  03/11

AVERAGE RH (PERCENT)     56


-  INDICATES NEGATIVE NUMBERS.
R  INDICATES RECORD WAS SET OR TIED.
MM INDICATES DATA IS MISSING.
T  INDICATES TRACE AMOUNT.

$$





U.S. Dept. of Commerce
NOAA National Weather Service
1325 East West Highway
Silver Spring, MD 20910
E-mail: w-nws.webmaster@noaa.gov
Page last modified: May 16, 2007
NATIONAL WEATHER SERVICE: for Safety, for Work, for Fun - FOR LIFE