389
CXUS53 KDDC 021951
CLSP28


CLIMATE REPORT
NATIONAL WEATHER SERVICE DODGE CITY KS
136 PM CST TUE DEC 2 2014

...................................

...THE MEDICINE LODGE KS CLIMATE SUMMARY FOR THE SEASON, FROM
9/1/2014 TO 11/30/2014...

CLIMATE NORMAL PERIOD 1981 TO 2010
CLIMATE RECORD PERIOD 1893 TO 2014

WEATHER         OBSERVED          NORMAL  DEPART  LAST YEAR`S
                 VALUE   DATE(S)  VALUE   FROM    VALUE  DATE(S)
                                          NORMAL
................................................................
TEMPERATURE (F)
RECORD
 HIGH             113   09/29/1984
 LOW                0   11/29/1976
HIGHEST            99   09/09        MM      MM      101  09/07
LOWEST              7   11/18        MM      MM       12  11/27
AVG. MAXIMUM     71.8              71.0     0.8     71.2
AVG. MINIMUM     44.9              45.8    -0.9     45.1
MEAN             58.3              58.4    -0.1     58.2
DAYS MAX >= 90     11               8.7     2.3       16
DAYS MAX <= 32      3               0.2     2.8        2
DAYS MIN <= 32     21              16.6     4.4       20
DAYS MIN <= 0       0               0.0     0.0        0

PRECIPITATION (INCHES)
RECORD
 MAXIMUM        21.01   1923
 MINIMUM         0.31   1939
TOTALS           1.85              5.87   -4.02     3.59
DAILY AVG.       0.02              0.06   -0.04     0.04
DAYS >= .01        15              17.1    -2.1       15
DAYS >= .10         6               9.3    -3.3       10
DAYS >= .50         0               3.5    -3.5        2
DAYS >= 1.00        0               1.3    -1.3        0
GREATEST
 24 HR. TOTAL    0.55   10/12 TO 10/13           09/28 TO 09/28

SNOWFALL (INCHES)
RECORDS
 TOTAL             MM   MM
 24 HR TOTAL       MM
 SNOW DEPTH        MM   MM
TOTALS            2.5               0.2     2.3      1.5
 LIQUID EQUIV    0.25              0.00    0.25     0.15
SINCE 7/1         2.5               0.2     2.3      1.5
 LIQUID 7/1      0.25              0.00    0.25     0.15
SNOWDEPTH AVG.      0                MM      MM        0
DAYS >= TRACE       1               0.2     0.8        1
DAYS >= 1.0         1               0.1     0.9        1
GREATEST
 SNOW DEPTH         2   11/17                          1  11/23
                        11/16
 24 HR TOTAL      2.5   11/16 TO 11/16           11/22 TO 11/22

DEGREE_DAYS
HEATING TOTAL     900               858      42      938
 SINCE 7/1        905               858      47      938
COOLING TOTAL     318               259      59      337
 SINCE 1/1       1802              1770      32     1786

...................................................

WIND (MPH)
AVERAGE WIND SPEED              9.2
RESULTANT WIND SPEED/DIRECTION   1/086
HIGHEST WIND SPEED/DIRECTION    44/010    DATE  11/10
HIGHEST GUST SPEED/DIRECTION    57/010    DATE  11/10

AVERAGE RH (PERCENT)     61


-  INDICATES NEGATIVE NUMBERS.
R  INDICATES RECORD WAS SET OR TIED.
MM INDICATES DATA IS MISSING.
T  INDICATES TRACE AMOUNT.

$$





U.S. Dept. of Commerce
NOAA National Weather Service
1325 East West Highway
Silver Spring, MD 20910
E-mail: w-nws.webmaster@noaa.gov
Page last modified: May 16, 2007
NATIONAL WEATHER SERVICE: for Safety, for Work, for Fun - FOR LIFE