458
CXUS53 KEAX 010658
CLSOJC

STLCLMWS5 000
TTAA00 KEAX 010656


CLIMATE REPORT
NATIONAL WEATHER SERVICE KANSAS CITY/PLEASANT HILL MO
1255 AM CST SAT MAR 1 2014

...................................

...THE JOHNSON COUNTY EXECUTIVE CLIMATE SUMMARY FOR THE SEASON, FROM
12/1/2013 TO 2/28/2014...

CLIMATE NORMAL PERIOD 1981 TO 2010
CLIMATE RECORD PERIOD 9999 TO 9999

WEATHER         OBSERVED          NORMAL  DEPART  LAST YEAR`S
                 VALUE   DATE(S)  VALUE   FROM    VALUE  DATE(S)
                                          NORMAL
................................................................
TEMPERATURE (F)
HIGHEST            64   02/18        68      -4       73  01/28
LOWEST             -9R  01/06         2     -11        6  02/23
                                                          02/01
AVG. MAXIMUM     36.8              41.5    -4.7     43.5
AVG. MINIMUM     16.6              23.3    -6.7     25.4
MEAN             26.7              32.4    -5.7     34.4
DAYS MAX >= 90      0               0.0     0.0        0
DAYS MAX <= 32     37              20.8    16.2       20
DAYS MIN <= 32     84              70.2    13.8       67
DAYS MIN <= 0       6               3.0     3.0        0

PRECIPITATION (INCHES)
TOTALS           0.84              4.33   -3.49     4.74
DAILY AVG.       0.01              0.05   -0.04     0.06
DAYS >= .01         8              17.8    -9.8       19
DAYS >= .10         3               9.9    -6.9       10
DAYS >= .50         0               2.6    -2.6        3
DAYS >= 1.00        0               0.9    -0.9        1
GREATEST
 24 HR. TOTAL    0.34   MM

DEGREE_DAYS
HEATING TOTAL    3421              2939     482     2722
COOLING TOTAL       0                 0       0        1
.................................................................

WIND (MPH)
AVERAGE WIND SPEED              9.6
HIGHEST WIND SPEED/DIRECTION    38/350    DATE  01/26
HIGHEST GUST SPEED/DIRECTION    51/350    DATE  01/26

SKY COVER
POSSIBLE SUNSHINE (PERCENT)   MM
AVERAGE SKY COVER           0.40
NUMBER OF DAYS FAIR           50
NUMBER OF DAYS PC             25
NUMBER OF DAYS CLOUDY         15

AVERAGE RH (PERCENT)     64

WEATHER CONDITIONS. NUMBER OF DAYS WITH
THUNDERSTORM              0     MIXED PRECIP               1
HEAVY RAIN                0     RAIN                       0
LIGHT RAIN                8     FREEZING RAIN              1
LT FREEZING RAIN          4     HAIL                       0
HEAVY SNOW                1     SNOW                       3
LIGHT SNOW               22     SLEET                      0
FOG                      37     FOG W/VIS <= 1/4 MILE      7
HAZE                     24

-  INDICATES NEGATIVE NUMBERS.
R  INDICATES RECORD WAS SET OR TIED.
MM INDICATES DATA IS MISSING.
T  INDICATES TRACE AMOUNT.

$$







U.S. Dept. of Commerce
NOAA National Weather Service
1325 East West Highway
Silver Spring, MD 20910
E-mail: w-nws.webmaster@noaa.gov
Page last modified: May 16, 2007
NATIONAL WEATHER SERVICE: for Safety, for Work, for Fun - FOR LIFE