877
CXUS53 KEAX 010654
CLSOJC

STLCLMWS5 000
TTAA00 KEAX 010641


CLIMATE REPORT
NATIONAL WEATHER SERVICE KANSAS CITY/PLEASANT HILL MO
1241 AM CST MON DEC 1 2014

...................................

...THE JOHNSON COUNTY EXECUTIVE CLIMATE SUMMARY FOR THE SEASON, FROM
9/1/2014 TO 11/30/2014...

CLIMATE NORMAL PERIOD 1981 TO 2010
CLIMATE RECORD PERIOD 9999 TO 9999

WEATHER         OBSERVED          NORMAL  DEPART  LAST YEAR`S
                 VALUE   DATE(S)  VALUE   FROM    VALUE  DATE(S)
                                          NORMAL
................................................................
TEMPERATURE (F)
HIGHEST            91   09/04        92      -1       98  09/08
LOWEST             10R  11/18        18      -8       11  11/24
AVG. MAXIMUM     64.4              66.4    -2.0     66.0
AVG. MINIMUM     45.0              46.7    -1.7     45.6
MEAN             54.7              56.5    -1.8     55.8
DAYS MAX >= 90      2               3.2    -1.2        6
DAYS MAX <= 32      6               0.8     5.2        4
DAYS MIN <= 32     20              12.9     7.1       17
DAYS MIN <= 0       0               0.0     0.0        0

PRECIPITATION (INCHES)
TOTALS           8.25             10.44   -2.19     9.68
DAILY AVG.       0.09              0.11   -0.02     0.10
DAYS >= .01        25              23.8     1.2       24
DAYS >= .10        13              15.6    -2.6       17
DAYS >= .50         6               6.7    -0.7        7
DAYS >= 1.00        4               2.9     1.1        2
GREATEST
 24 HR. TOTAL    1.87   10/01 TO 10/02

DEGREE_DAYS
HEATING TOTAL    1057               954     103     1060
COOLING TOTAL     148               184     -36      247
.................................................................

WIND (MPH)
AVERAGE WIND SPEED              8.7
HIGHEST WIND SPEED/DIRECTION    32/340    DATE  10/14
HIGHEST GUST SPEED/DIRECTION    45/350    DATE  10/14

SKY COVER
POSSIBLE SUNSHINE (PERCENT)   MM
AVERAGE SKY COVER           0.30
NUMBER OF DAYS FAIR           59
NUMBER OF DAYS PC             17
NUMBER OF DAYS CLOUDY         15

AVERAGE RH (PERCENT)     69

WEATHER CONDITIONS. NUMBER OF DAYS WITH
THUNDERSTORM              0     MIXED PRECIP               0
HEAVY RAIN                7     RAIN                      10
LIGHT RAIN               27     FREEZING RAIN              0
LT FREEZING RAIN          0     HAIL                       0
HEAVY SNOW                0     SNOW                       0
LIGHT SNOW                5     SLEET                      0
FOG                      40     FOG W/VIS <= 1/4 MILE      4
HAZE                     15

-  INDICATES NEGATIVE NUMBERS.
R  INDICATES RECORD WAS SET OR TIED.
MM INDICATES DATA IS MISSING.
T  INDICATES TRACE AMOUNT.

$$







U.S. Dept. of Commerce
NOAA National Weather Service
1325 East West Highway
Silver Spring, MD 20910
E-mail: w-nws.webmaster@noaa.gov
Page last modified: May 16, 2007
NATIONAL WEATHER SERVICE: for Safety, for Work, for Fun - FOR LIFE