377
CXUS53 KEAX 010648
CLSOJC

STLCLMWS5 000
TTAA00 KEAX 010644


CLIMATE REPORT
NATIONAL WEATHER SERVICE KANSAS CITY/PLEASANT HILL MO
143 AM CDT SUN JUN 1 2014

...................................

...THE JOHNSON COUNTY EXECUTIVE CLIMATE SUMMARY FOR THE SEASON, FROM
3/1/2014 TO 5/31/2014...

CLIMATE NORMAL PERIOD 1981 TO 2010
CLIMATE RECORD PERIOD 9999 TO 9999

WEATHER         OBSERVED          NORMAL  DEPART  LAST YEAR`S
                 VALUE   DATE(S)  VALUE   FROM    VALUE  DATE(S)
                                          NORMAL
................................................................
TEMPERATURE (F)
HIGHEST            89   05/28        87       2       91  05/14
LOWEST             -3R  03/03        16     -19       20  03/25
AVG. MAXIMUM     64.6              65.0    -0.4     59.3
AVG. MINIMUM     41.8              44.8    -3.0     41.2
MEAN             53.2              54.9    -1.7     50.3
DAYS MAX >= 90      0               0.4    -0.4        1
DAYS MAX <= 32      2               0.8     1.2        5
DAYS MIN <= 32     24              15.4     8.6       31
DAYS MIN <= 0       1               0.1     0.9        0

PRECIPITATION (INCHES)
TOTALS           7.09             12.05   -4.96    14.02
DAILY AVG.       0.08              0.13   -0.05     0.15
DAYS >= .01        29              30.5    -1.5       36
DAYS >= .10        14              20.0    -6.0       24
DAYS >= .50         4               8.0    -4.0        9
DAYS >= 1.00        2               3.1    -1.1        3
GREATEST
 24 HR. TOTAL    1.75   MM

DEGREE_DAYS
HEATING TOTAL    1211              1033     178     1432
COOLING TOTAL     153               103      50      100
.................................................................

WIND (MPH)
AVERAGE WIND SPEED              10.2
HIGHEST WIND SPEED/DIRECTION    38/360    DATE  03/11
HIGHEST GUST SPEED/DIRECTION    47/360    DATE  03/11

SKY COVER
POSSIBLE SUNSHINE (PERCENT)   MM
AVERAGE SKY COVER           0.30
NUMBER OF DAYS FAIR           56
NUMBER OF DAYS PC             23
NUMBER OF DAYS CLOUDY         13

AVERAGE RH (PERCENT)     60

WEATHER CONDITIONS. NUMBER OF DAYS WITH
THUNDERSTORM              0     MIXED PRECIP               0
HEAVY RAIN                7     RAIN                      10
LIGHT RAIN               29     FREEZING RAIN              0
LT FREEZING RAIN          1     HAIL                       0
HEAVY SNOW                0     SNOW                       2
LIGHT SNOW                9     SLEET                      0
FOG                      33     FOG W/VIS <= 1/4 MILE      0
HAZE                     19

-  INDICATES NEGATIVE NUMBERS.
R  INDICATES RECORD WAS SET OR TIED.
MM INDICATES DATA IS MISSING.
T  INDICATES TRACE AMOUNT.

$$







U.S. Dept. of Commerce
NOAA National Weather Service
1325 East West Highway
Silver Spring, MD 20910
E-mail: w-nws.webmaster@noaa.gov
Page last modified: May 16, 2007
NATIONAL WEATHER SERVICE: for Safety, for Work, for Fun - FOR LIFE