067
CXUS53 KDVN 011621
CLSMLI

CLIMATE REPORT
NATIONAL WEATHER SERVICE QUAD CITIES IA IL
1020 AM CST SAT MAR 1 2014

...................................

...THE MOLINE CLIMATE SUMMARY FOR THE SEASON, FROM
12/1/2013 TO 2/28/2014...

CLIMATE NORMAL PERIOD 1981 TO 2010
CLIMATE RECORD PERIOD 1872 TO 2014

WEATHER         OBSERVED          NORMAL  DEPART
                 VALUE   DATE(S)  VALUE   FROM
                                          NORMAL
................................................
TEMPERATURE (F)
RECORD
 HIGH              73   02/15/1921
 LOW              -28   02/03/1996
HIGHEST            53   12/04        41      12
LOWEST            -22   02/11        14     -36
                        02/03
AVG. MAXIMUM     26.4              33.7    -7.3
AVG. MINIMUM      6.8              17.0   -10.2
MEAN             16.6              25.4    -8.8
DAYS MAX >= 90      0               0.0     0.0
DAYS MAX <= 32     57              37.8    19.2
DAYS MIN <= 32     88              80.8     7.2
DAYS MIN <= 0      35              10.2    24.8

PRECIPITATION (INCHES)
RECORD
 MAXIMUM         8.07   2013
 MINIMUM         4.88   2011
TOTALS           5.24              5.27   -0.03
DAILY AVG.       0.06              0.06    0.00
DAYS >= .01        37              27.1     9.9
DAYS >= .10        15
DAYS >= .50         3
DAYS >= 1.00        1               0.8     0.2
GREATEST
 24 HR. TOTAL    1.30   02/19 TO 02/20

SNOWFALL (INCHES)
RECORDS
 TOTAL           46.3   2011
TOTALS           53.8R             25.5    28.3
SINCE 7/1        54.8              26.7    28.1
SNOWDEPTH AVG.      3
DAYS >= TRACE      46              19.5    26.5
DAYS >= 1.0        18               7.7    10.3
GREATEST
 SNOW DEPTH        10   02/18
                        02/09
 24 HR TOTAL      7.8   01/04 TO 01/05

DEGREE_DAYS
HEATING TOTAL    4324              3567     757
 SINCE 7/1       5670              4798     872
COOLING TOTAL       0                 0       0
 SINCE 1/1          0                 0       0
.................................................

WIND (MPH)
AVERAGE WIND SPEED              9.6
HIGHEST WIND SPEED/DIRECTION    39/310    DATE  01/26
HIGHEST GUST SPEED/DIRECTION    53/310    DATE  01/26

SKY COVER
POSSIBLE SUNSHINE (PERCENT)   MM
AVERAGE SKY COVER           0.40
NUMBER OF DAYS FAIR           38
NUMBER OF DAYS PC             27
NUMBER OF DAYS CLOUDY         25

AVERAGE RH (PERCENT)     71

WEATHER CONDITIONS. NUMBER OF DAYS WITH
THUNDERSTORM              1     HAIL                       0
SLEET                     0     FOG                       50
FOG W/VIS <= 1/4 MILE    10     HAZE                      51

-  INDICATES NEGATIVE NUMBERS.
R  INDICATES RECORD WAS SET OR TIED.
MM INDICATES DATA IS MISSING.
T  INDICATES TRACE AMOUNT.

$$









U.S. Dept. of Commerce
NOAA National Weather Service
1325 East West Highway
Silver Spring, MD 20910
E-mail: w-nws.webmaster@noaa.gov
Page last modified: May 16, 2007
NATIONAL WEATHER SERVICE: for Safety, for Work, for Fun - FOR LIFE