279
CXUS53 KDVN 011510
CLSMLI


CLIMATE REPORT
NATIONAL WEATHER SERVICE QUAD CITIES IA IL
1004 AM CDT MON SEP 1 2014

...................................

...THE MOLINE CLIMATE SUMMARY FOR THE SEASON, FROM
6/1/2014 TO 8/31/2014...

CLIMATE NORMAL PERIOD 1981 TO 2010
CLIMATE RECORD PERIOD 1872 TO 2014

WEATHER         OBSERVED          NORMAL  DEPART
                 VALUE   DATE(S)  VALUE   FROM
                                          NORMAL
................................................
TEMPERATURE (F)
RECORD
 HIGH             111   07/14/1936
 LOW               39   06/01/1993
                        06/11/1972
                        06/04/1945
HIGHEST            94   08/25        86       8
LOWEST             49   06/13        56      -7
AVG. MAXIMUM     81.9              84.0    -2.1
AVG. MINIMUM     61.8              63.0    -1.2
MEAN             71.8              73.5    -1.7
DAYS MAX >= 90      3              17.0   -14.0
DAYS MAX <= 32      0               0.0     0.0
DAYS MIN <= 32      0               0.0     0.0
DAYS MIN <= 0       0               0.0     0.0

PRECIPITATION (INCHES)
RECORD
 MAXIMUM        26.79   1993
 MINIMUM         0.76   2013
TOTALS          17.01             13.30    3.71
DAILY AVG.       0.19              0.14    0.05
DAYS >= .01        31              30.1     0.9
DAYS >= .10        21
DAYS >= .50         7
DAYS >= 1.00        5               3.8     1.2
GREATEST
 24 HR. TOTAL    5.11   06/29 TO 06/30

SNOWFALL (INCHES)
RECORDS
 TOTAL            0.0   MM
TOTALS            0.0               0.0     0.0
SINCE 7/1         0.0               0.0     0.0
SNOWDEPTH AVG.      0
DAYS >= TRACE       0               0.0     0.0
DAYS >= 1.0         0               0.0     0.0
GREATEST
 SNOW DEPTH         0   MM
 24 HR TOTAL      0.0   MM

DEGREE_DAYS
HEATING TOTAL       9                27     -18
 SINCE 7/1          5                 8      -3
COOLING TOTAL     661               807    -146
 SINCE 1/1        766               883    -117
.................................................

WIND (MPH)
AVERAGE WIND SPEED              6.7
HIGHEST WIND SPEED/DIRECTION    38/300    DATE  06/17
HIGHEST GUST SPEED/DIRECTION    49/330    DATE  06/30

SKY COVER
POSSIBLE SUNSHINE (PERCENT)   MM
AVERAGE SKY COVER           0.30
NUMBER OF DAYS FAIR           60
NUMBER OF DAYS PC             28
NUMBER OF DAYS CLOUDY          4

AVERAGE RH (PERCENT)     72

WEATHER CONDITIONS. NUMBER OF DAYS WITH
THUNDERSTORM             24     HAIL                       0
SLEET                     0     FOG                       51
FOG W/VIS <= 1/4 MILE     6     HAZE                      23

-  INDICATES NEGATIVE NUMBERS.
R  INDICATES RECORD WAS SET OR TIED.
MM INDICATES DATA IS MISSING.
T  INDICATES TRACE AMOUNT.

$$






U.S. Dept. of Commerce
NOAA National Weather Service
1325 East West Highway
Silver Spring, MD 20910
E-mail: w-nws.webmaster@noaa.gov
Page last modified: May 16, 2007
NATIONAL WEATHER SERVICE: for Safety, for Work, for Fun - FOR LIFE