316
CXUS53 KGRR 012214
CLSMKG

ARBCLSMKG 000
TTAA00 KGRR 012211


CLIMATE REPORT
NATIONAL WEATHER SERVICE GRAND RAPIDS, MI
559 PM EDT SUN JUN 1 2014

...................................

...THE MUSKEGON MI CLIMATE SUMMARY FOR THE SEASON, FROM
3/1/2014 TO 5/31/2014...

CLIMATE NORMAL PERIOD 1981 TO 2010
CLIMATE RECORD PERIOD 1895 TO 2014

WEATHER         OBSERVED          NORMAL  DEPART  LAST YEAR`S
                 VALUE   DATE(S)  VALUE   FROM    VALUE  DATE(S)
                                          NORMAL
................................................................
TEMPERATURE (F)
RECORD
 HIGH              93   05/29/1962
 LOW              -11   03/16/1897
HIGHEST            85   05/31        83       2       87  05/19
LOWEST             -5   03/03         7     -12        8  03/04
AVG. MAXIMUM     52.6              55.2    -2.6     53.8
AVG. MINIMUM     33.3              37.1    -3.8     36.7
MEAN             43.0              46.2    -3.2     45.2
DAYS MAX >= 90      0               0.0     0.0        0
DAYS MAX <= 32     12               4.9     7.1        6
DAYS MIN <= 32     39              31.1     7.9       38
DAYS MIN <= 0       2               0.0     2.0        0

PRECIPITATION (INCHES)
RECORD
 MAXIMUM        16.61   2004
 MINIMUM         1.93   1930
TOTALS           8.17              8.41   -0.24    13.25
DAILY AVG.       0.09              0.09    0.00     0.15
DAYS >= .01        33              34.0    -1.0       40
DAYS >= .10        19              18.7     0.3       21
DAYS >= .50         6               5.0     1.0       12
DAYS >= 1.00        1               1.3    -0.3        4
GREATEST
 24 HR. TOTAL    1.22   05/09 TO 05/09

SNOWFALL (INCHES)
RECORDS
 TOTAL           41.8   1965
TOTALS            9.1              11.3    -2.2      5.7
SINCE 7/1       132.7
SNOWDEPTH AVG.      4                MM      MM        1
DAYS >= 1.0         3               3.3    -0.3
GREATEST
 SNOW DEPTH        24R  03/05                          9  03/02
                                                          03/01
 24 HR TOTAL      3.2   03/04 TO 03/04

DEGREE_DAYS
HEATING TOTAL    2024              1761     263     1850
 SINCE 7/1         MM              6494      MM       MM
COOLING TOTAL      17                28     -11       60
 SINCE 1/1         17                29     -12       60

FREEZE DATES
EARLIEST                        10/14
LATEST                          05/04
.................................................................

WIND (MPH)
AVERAGE WIND SPEED              10.1
HIGHEST WIND SPEED/DIRECTION    36/090    DATE  04/28
HIGHEST GUST SPEED/DIRECTION    60/320    DATE  04/12

SKY COVER
POSSIBLE SUNSHINE (PERCENT)   MM
AVERAGE SKY COVER           0.60
NUMBER OF DAYS FAIR           15
NUMBER OF DAYS PC             46
NUMBER OF DAYS CLOUDY         31

AVERAGE RH (PERCENT)     63

WEATHER CONDITIONS. NUMBER OF DAYS WITH
THUNDERSTORM              9     MIXED PRECIP               0
HEAVY RAIN                6     RAIN                      12
LIGHT RAIN               38     FREEZING RAIN              0
LT FREEZING RAIN          0     HAIL                       0
HEAVY SNOW                0     SNOW                       4
LIGHT SNOW               17     SLEET                      0
FOG                      32     FOG W/VIS <= 1/4 MILE      4
HAZE                     26

-  INDICATES NEGATIVE NUMBERS.
R  INDICATES RECORD WAS SET OR TIED.
MM INDICATES DATA IS MISSING.
T  INDICATES TRACE AMOUNT.

$$








U.S. Dept. of Commerce
NOAA National Weather Service
1325 East West Highway
Silver Spring, MD 20910
E-mail: w-nws.webmaster@noaa.gov
Page last modified: May 16, 2007
NATIONAL WEATHER SERVICE: for Safety, for Work, for Fun - FOR LIFE