923
CXUS53 KMKX 012104
CLSMKE

CLIMATE REPORT
NATIONAL WEATHER SERVICE IN MILWAUKEE
253 PM CST MON DEC 1 2014

...................................

...THE MILWAUKEE WI CLIMATE SUMMARY FOR THE SEASON, FROM
9/1/2014 TO 11/30/2014...

CLIMATE NORMAL PERIOD 1981 TO 2010
CLIMATE RECORD PERIOD 1871 TO 2014

WEATHER         OBSERVED          NORMAL  DEPART  LAST YEAR`S
                 VALUE   DATE(S)  VALUE   FROM    VALUE  DATE(S)
                                          NORMAL
................................................................
TEMPERATURE (F)
RECORD
 HIGH              99   09/15/1939
 LOW              -14   11/29/1875
HIGHEST            85   09/04        88      -3       95  09/10
LOWEST              9   11/21        13      -4       11  11/24
AVG. MAXIMUM     56.4              58.9    -2.5     59.1
AVG. MINIMUM     40.5              43.3    -2.8     43.1
MEAN             48.5              51.1    -2.6     51.1
DAYS MAX >= 90      0               0.4    -0.4        1
DAYS MAX <= 32     12               2.6     9.4        6
DAYS MIN <= 32     21              16.7     4.3       21
DAYS MIN <= 0       0               0.0     0.0        0

PRECIPITATION (INCHES)
RECORD
 MAXIMUM        15.94   1985
 MINIMUM         2.07   1956
TOTALS           5.79              8.54   -2.75     8.10
DAILY AVG.       0.06              0.09   -0.03     0.09
DAYS >= .01        31              30.1     0.9       26
DAYS >= .10        14              16.8    -2.8       13
DAYS >= .50         3               5.4    -2.4        6
DAYS >= 1.00        1               1.9    -0.9        2
GREATEST
 24 HR. TOTAL    1.41   10/13 TO 10/14              2.14  11/16 TO 11/17

SNOWFALL (INCHES)
RECORDS
 TOTAL           18.7   1896
TOTALS            4.8               2.7     2.1      2.0
SINCE 7/1         4.8               2.7     2.1      2.0
SNOWDEPTH AVG.      0                MM      MM        0
DAYS >= 1.0         2               0.7     1.3        1
GREATEST
 SNOW DEPTH         2   11/25 TO                       1  11/12
                        11/28
 24 HR TOTAL      2.3   11/24 TO 11/25               1.2  11/11

DEGREE_DAYS
HEATING TOTAL    1545              1339     206     1353
 SINCE 7/1         MM              1365      MM       MM
COOLING TOTAL      63                76     -13      111
 SINCE 1/1        464               641    -177      688

FREEZE DATES
RECORD
 EARLIEST     09/20/1956
 LATEST       05/27/1961
EARLIEST                        10/17
LATEST                          04/27
.................................................................

WIND (MPH)
AVERAGE WIND SPEED              9.3
RESULTANT WIND SPEED/DIRECTION   4/257
HIGHEST WIND SPEED/DIRECTION    33/340    DATE  10/31
HIGHEST GUST SPEED/DIRECTION    46/340    DATE  10/31

SKY COVER
POSSIBLE SUNSHINE (PERCENT)   MM
AVERAGE SKY COVER           0.60
NUMBER OF DAYS FAIR           14
NUMBER OF DAYS PC             48
NUMBER OF DAYS CLOUDY         29

AVERAGE RH (PERCENT)     69

WEATHER CONDITIONS. NUMBER OF DAYS WITH
THUNDERSTORM              4     MIXED PRECIP               0
HEAVY RAIN                3     RAIN                       9
LIGHT RAIN               38     FREEZING RAIN              1
LT FREEZING RAIN          2     HAIL                       0
HEAVY SNOW                1     SNOW                       3
LIGHT SNOW               16     SLEET                      1
FOG                      40     FOG W/VIS <= 1/4 MILE      7
HAZE                     17

-  INDICATES NEGATIVE NUMBERS.
R  INDICATES RECORD WAS SET OR TIED.
MM INDICATES DATA IS MISSING.
T  INDICATES TRACE AMOUNT.

$$




U.S. Dept. of Commerce
NOAA National Weather Service
1325 East West Highway
Silver Spring, MD 20910
E-mail: w-nws.webmaster@noaa.gov
Page last modified: May 16, 2007
NATIONAL WEATHER SERVICE: for Safety, for Work, for Fun - FOR LIFE