667
CXUS53 KMKX 011819
CLSMKE

CLIMATE REPORT
NATIONAL WEATHER SERVICE IN MILWAUKEE
108 PM CDT SUN JUN 1 2014

...................................

...THE MILWAUKEE WI CLIMATE SUMMARY FOR THE SEASON, FROM
3/1/2014 TO 5/31/2014...

CLIMATE NORMAL PERIOD 1981 TO 2010
CLIMATE RECORD PERIOD 1871 TO 2014

WEATHER         OBSERVED          NORMAL  DEPART  LAST YEAR`S
                 VALUE   DATE(S)  VALUE   FROM    VALUE  DATE(S)
                                          NORMAL
................................................................
TEMPERATURE (F)
RECORD
 HIGH              94   05/27/1911
 LOW              -10   03/01/1962
HIGHEST            86   05/21        85       1       86  05/30
                                                          05/20
LOWEST                  03/03         7      -8       12  03/20
AVG. MAXIMUM     51.7              53.7    -2.0     51.0
AVG. MINIMUM     34.5              37.2    -2.7     35.5
MEAN             43.1              45.4    -2.3     43.2
DAYS MAX >= 90      0               0.2    -0.2        0
DAYS MAX <= 32     10               5.0     5.0       11
DAYS MIN <= 32     33              28.2     4.8       38
DAYS MIN <= 0       1               0.1     0.9        0

PRECIPITATION (INCHES)
RECORD
 MAXIMUM        16.66   1876
 MINIMUM         2.94   1885
TOTALS           8.21              9.23   -1.02    13.31
DAILY AVG.       0.09              0.10   -0.01     0.15
DAYS >= .01        29              34.9    -5.9       34
DAYS >= .10        17              19.0    -2.0       20
DAYS >= .50         5               6.4    -1.4       11
DAYS >= 1.00        2               1.9     0.1        4
GREATEST
 24 HR. TOTAL    1.49   04/13 TO 04/13              2.61

SNOWFALL (INCHES)
RECORDS
 TOTAL           53.5   1881
TOTALS            6.6               9.1    -2.5      7.8
SINCE 7/1        63.4              46.9    16.5     45.0
SNOWDEPTH AVG.      1                MM      MM        1
DAYS >= 1.0         2               2.4    -0.4        3
GREATEST
 SNOW DEPTH        13   03/05                          9  03/06
 24 HR TOTAL      2.7   03/01 TO 03/01               4.3

DEGREE_DAYS
HEATING TOTAL    2012              1830     182     2017
 SINCE 7/1         MM              6810      MM       MM
COOLING TOTAL      18                30     -12       39
 SINCE 1/1         18                30     -12       39

FREEZE DATES
RECORD
 EARLIEST     09/20/1956
 LATEST       05/27/1961
EARLIEST                        10/17
LATEST                          04/27
.................................................................

WIND (MPH)
AVERAGE WIND SPEED              10.4
RESULTANT WIND SPEED/DIRECTION   0/329
HIGHEST WIND SPEED/DIRECTION    32/020    DATE  04/14
HIGHEST GUST SPEED/DIRECTION    44/320    DATE  05/12

SKY COVER
POSSIBLE SUNSHINE (PERCENT)   MM
AVERAGE SKY COVER           0.60
NUMBER OF DAYS FAIR           12
NUMBER OF DAYS PC             52
NUMBER OF DAYS CLOUDY         28

AVERAGE RH (PERCENT)     65

WEATHER CONDITIONS. NUMBER OF DAYS WITH
THUNDERSTORM              8     MIXED PRECIP               0
HEAVY RAIN                8     RAIN                      13
LIGHT RAIN               32     FREEZING RAIN              0
LT FREEZING RAIN          0     HAIL                       0
HEAVY SNOW                1     SNOW                       2
LIGHT SNOW               14     SLEET                      3
FOG                      37     FOG W/VIS <= 1/4 MILE      6
HAZE                     28

-  INDICATES NEGATIVE NUMBERS.
R  INDICATES RECORD WAS SET OR TIED.
MM INDICATES DATA IS MISSING.
T  INDICATES TRACE AMOUNT.

$$




U.S. Dept. of Commerce
NOAA National Weather Service
1325 East West Highway
Silver Spring, MD 20910
E-mail: w-nws.webmaster@noaa.gov
Page last modified: May 16, 2007
NATIONAL WEATHER SERVICE: for Safety, for Work, for Fun - FOR LIFE