000
CXUS51 KPBZ 012027
CLSMGW


CLIMATE REPORT
NATIONAL WEATHER SERVICE PITTSBURGH PA
326 PM EST MON MAR 1 2010

...................................

...THE MORGANTOWN WV CLIMATE SUMMARY FOR THE SEASON, FROM
12/1/2009 TO 2/28/2010...

CLIMATE NORMAL PERIOD 1971 TO 2000
CLIMATE RECORD PERIOD 1948 TO 2010

WEATHER         OBSERVED          NORMAL  DEPART  LAST YEAR`S
                 VALUE   DATE(S)  VALUE   FROM    VALUE  DATE(S)
                                          NORMAL
................................................................
TEMPERATURE (F)
RECORD
 HIGH              77   MM
 LOW              -20   MM
HIGHEST            63                        MM       71  12/27
LOWEST              4                        MM       -6  01/17
AVG. MAXIMUM     37.0              41.2    -4.2     40.8
AVG. MINIMUM     24.4              24.3     0.1     23.2
MEAN             30.7              32.8    -2.1     32.0
DAYS MAX >= 90      0                MM      MM        0
DAYS MAX <= 32     30                MM      MM       27
DAYS MIN <= 32     69                MM      MM       69
DAYS MIN <= 0       0                MM      MM        3

PRECIPITATION (INCHES)
RECORD
 MAXIMUM           MM   MM
 MINIMUM           MM   MM
TOTALS           7.75              8.63   -0.88
DAILY AVG.       0.09              0.10   -0.01     0.11
DAYS >= .01        49                MM      MM       47
DAYS >= .10        18                MM      MM       20
DAYS >= .50         4                MM      MM        7
DAYS >= 1.00        1                MM      MM        2
GREATEST
 24 HR. TOTAL    1.53   MM                       02/28 TO 02/28
                                                          02/28 TO 02/28[J)
                                                          02/28 TO 02/28[J)

SNOWFALL (INCHES)
RECORDS
 TOTAL             MM   MM
 24 HR TOTAL       MM
TOTALS            0.0                MM      MM        T
SINCE 7/1         0.0                MM      MM        T
SNOWDEPTH AVG.      0                MM      MM        0
DAYS >= TRACE       0
DAYS >= 1.0         0                MM      MM        0
GREATEST
 24 HR TOTAL      0.0   MM                           0.0

DEGREE_DAYS
HEATING TOTAL    3052              2902     150     2924
 SINCE 7/1       3864              3959     -95     4028
COOLING TOTAL       0                 0       0        0
 SINCE 1/1          0                 0       0        0
.................................................................

WIND (MPH)
AVERAGE WIND SPEED              4.9
HIGHEST WIND SPEED/DIRECTION    31/130    DATE  12/02
HIGHEST GUST SPEED/DIRECTION    44/150    DATE  12/02

AVERAGE RH (PERCENT)     69

WEATHER CONDITIONS. NUMBER OF DAYS WITH
THUNDERSTORM              1     MIXED PRECIP               0
HEAVY RAIN                2     RAIN                      12
LIGHT RAIN               17     FREEZING RAIN              0
LT FREEZING RAIN          2     HAIL                       0
HEAVY SNOW                6     SNOW                      15
LIGHT SNOW               49     SLEET                      0
FOG                      54     FOG W/VIS <= 1/4 MILE     12
HAZE                     57

-  INDICATES NEGATIVE NUMBERS.
R  INDICATES RECORD WAS SET OR TIED.
MM INDICATES DATA IS MISSING.
T  INDICATES TRACE AMOUNT.

$$





U.S. Dept. of Commerce
NOAA National Weather Service
1325 East West Highway
Silver Spring, MD 20910
E-mail: w-nws.webmaster@noaa.gov
Page last modified: May 16, 2007
NATIONAL WEATHER SERVICE: for Safety, for Work, for Fun - FOR LIFE