624
CXUS51 KCLE 010532
CLSMFD


CLIMATE REPORT
NATIONAL WEATHER SERVICE CLEVELAND OH
1230 AM EST SAT MAR 1 2014

...................................

...THE MANSFIELD OH CLIMATE SUMMARY FOR THE SEASON, FROM
12/1/2013 TO 2/28/2014...

CLIMATE NORMAL PERIOD 1981 TO 2010
CLIMATE RECORD PERIOD 1916 TO 2014

WEATHER         OBSERVED          NORMAL  DEPART
                 VALUE   DATE(S)  VALUE   FROM
                                          NORMAL
................................................
TEMPERATURE (F)
RECORD
 HIGH              73   12/03/1982
 LOW              -26   01/15/1929
HIGHEST            62   12/21
                        12/05
LOWEST            -15   01/28
AVG. MAXIMUM     31.6              35.2    -3.6
AVG. MINIMUM     15.3              20.5    -5.2
MEAN             23.4              27.8    -4.4
DAYS MAX >= 90      0               0.0
DAYS MAX <= 32     53              36.8
DAYS MIN <= 32     81              76.7
DAYS MIN <= 0      14               5.0

PRECIPITATION (INCHES)
RECORD
 MAXIMUM        20.95   1950
 MINIMUM         2.70   1977
TOTALS           8.40              8.55   -0.15
DAYS >= .01        50              42.7
DAYS >= .10        21              20.1
DAYS >= .50         2               4.8
DAYS >= 1.00        1               1.4

SNOWFALL (INCHES)
RECORDS
 TOTAL           77.3   2010
TOTALS           51.2              35.2
DAYS >= TRACE      57
DAYS >= 1.0        17              11.2

DEGREE_DAYS
HEATING TOTAL    3712              3343     369
COOLING TOTAL       0                 0       0
.................................................

WIND (MPH)
HIGHEST GUST SPEED/DIRECTION    53/250    DATE  12/22

SKY COVER
POSSIBLE SUNSHINE (PERCENT)   MM
NUMBER OF DAYS FAIR           16
NUMBER OF DAYS PC             34
NUMBER OF DAYS CLOUDY         40


WEATHER CONDITIONS. NUMBER OF DAYS WITH
THUNDERSTORM              0     MIXED PRECIP               0
HEAVY RAIN                3     RAIN                       5
LIGHT RAIN               14     FREEZING RAIN              1
LT FREEZING RAIN          9     HAIL                       0
HEAVY SNOW                3     SNOW                      13
LIGHT SNOW               55     SLEET                      2
FOG                      70     FOG W/VIS <= 1/4 MILE     10
HAZE                     45

-  INDICATES NEGATIVE NUMBERS.
R  INDICATES RECORD WAS SET OR TIED.
MM INDICATES DATA IS MISSING.
T  INDICATES TRACE AMOUNT.

$$





U.S. Dept. of Commerce
NOAA National Weather Service
1325 East West Highway
Silver Spring, MD 20910
E-mail: w-nws.webmaster@noaa.gov
Page last modified: May 16, 2007
NATIONAL WEATHER SERVICE: for Safety, for Work, for Fun - FOR LIFE