697
CXUS51 KCLE 070154
CLSMFD

CLIMATE REPORT
NATIONAL WEATHER SERVICE CLEVELAND OH
849 PM EST SAT DEC 6 2014

...................................

...THE MANSFIELD OH CLIMATE SUMMARY FOR THE SEASON, FROM
9/1/2014 TO 11/30/2014...

CLIMATE NORMAL PERIOD 1981 TO 2010
CLIMATE RECORD PERIOD 1916 TO 2014

WEATHER         OBSERVED          NORMAL  DEPART
                 VALUE   DATE(S)  VALUE   FROM
                                          NORMAL
................................................
TEMPERATURE (F)
RECORD
 HIGH              95   09/10/2013
 LOW                2   11/30/1976
HIGHEST            90   09/05
LOWEST              8   11/18
AVG. MAXIMUM     59.9              61.4    -1.5
AVG. MINIMUM     41.1              42.5    -1.4
MEAN             50.5              52.0    -1.5
DAYS MAX >= 90      1               0.3
DAYS MAX <= 32      6               2.0
DAYS MIN <= 32     20              18.5
DAYS MIN <= 0       0               0.0

PRECIPITATION (INCHES)
RECORD
 MAXIMUM        16.97   1926
 MINIMUM         2.39   1953
TOTALS           5.44             10.07   -4.63
DAYS >= .01        34              32.9
DAYS >= .10        19              19.3
DAYS >= .50         1               6.4
DAYS >= 1.00        0               2.4

SNOWFALL (INCHES)
RECORDS
 TOTAL           12.5   1993
TOTALS            5.9               2.7
DAYS >= TRACE      12
DAYS >= 1.0         2               0.9

DEGREE_DAYS
HEATING TOTAL    1361              1255     106
COOLING TOTAL      69                71      -2
.................................................

WIND (MPH)
HIGHEST GUST SPEED/DIRECTION    56/200    DATE  11/24

SKY COVER
POSSIBLE SUNSHINE (PERCENT)   MM
NUMBER OF DAYS FAIR           34
NUMBER OF DAYS PC             30
NUMBER OF DAYS CLOUDY         27


WEATHER CONDITIONS. NUMBER OF DAYS WITH
THUNDERSTORM              0     MIXED PRECIP               0
HEAVY RAIN                4     RAIN                       9
LIGHT RAIN               31     FREEZING RAIN              0
LT FREEZING RAIN          1     HAIL                       0
HEAVY SNOW                0     SNOW                       4
LIGHT SNOW                9     SLEET                      0
FOG                      60     FOG W/VIS <= 1/4 MILE      6
HAZE                     11

-  INDICATES NEGATIVE NUMBERS.
R  INDICATES RECORD WAS SET OR TIED.
MM INDICATES DATA IS MISSING.
T  INDICATES TRACE AMOUNT.

$$







U.S. Dept. of Commerce
NOAA National Weather Service
1325 East West Highway
Silver Spring, MD 20910
E-mail: w-nws.webmaster@noaa.gov
Page last modified: May 16, 2007
NATIONAL WEATHER SERVICE: for Safety, for Work, for Fun - FOR LIFE