722
CXUS51 KCLE 041936
CLSMFD

CLIMATE REPORT
NATIONAL WEATHER SERVICE CLEVELAND OH
131 PM EDT WED JUN 4 2014

...................................

...THE MANSFIELD OH CLIMATE SUMMARY FOR THE SEASON, FROM
3/1/2014 TO 5/31/2014...

CLIMATE NORMAL PERIOD 1981 TO 2010
CLIMATE RECORD PERIOD 1916 TO 2014

WEATHER         OBSERVED          NORMAL  DEPART
                 VALUE   DATE(S)  VALUE   FROM
                                          NORMAL
................................................
TEMPERATURE (F)
RECORD
 HIGH              92   05/18/1962
 LOW               -6   03/02/1980
HIGHEST            85   05/27
                        05/08
                        05/13
LOWEST              1   03/04
                        03/03
AVG. MAXIMUM     58.1              58.3    -0.2
AVG. MINIMUM     36.9              38.1    -1.2
MEAN             47.5              48.2    -0.7
DAYS MAX >= 90      0               0.0
DAYS MAX <= 32      8               4.6
DAYS MIN <= 32     30              29.6
DAYS MIN <= 0       0               0.1

PRECIPITATION (INCHES)
RECORD
 MAXIMUM        18.41   2011
 MINIMUM         4.59   1934
TOTALS          12.00             12.07   -0.07
DAYS >= .01        37              42.1
DAYS >= .10        22              25.8
DAYS >= .50         9               8.3
DAYS >= 1.00        3               2.1

SNOWFALL (INCHES)
RECORDS
 TOTAL           34.4   2005
TOTALS           11.5              10.4
DAYS >= TRACE      11
DAYS >= 1.0         5               3.0

DEGREE_DAYS
HEATING TOTAL    1647              1591      56
COOLING TOTAL      63                45      18
.................................................

WIND (MPH)
HIGHEST GUST SPEED/DIRECTION    61/200    DATE  04/29

SKY COVER
POSSIBLE SUNSHINE (PERCENT)   MM
NUMBER OF DAYS FAIR           43
NUMBER OF DAYS PC             31
NUMBER OF DAYS CLOUDY         18


WEATHER CONDITIONS. NUMBER OF DAYS WITH
THUNDERSTORM              0     MIXED PRECIP               0
HEAVY RAIN                9     RAIN                      18
LIGHT RAIN               29     FREEZING RAIN              1
LT FREEZING RAIN          2     HAIL                       0
HEAVY SNOW                2     SNOW                       5
LIGHT SNOW               11     SLEET                      0
FOG                      38     FOG W/VIS <= 1/4 MILE      6
HAZE                     11

-  INDICATES NEGATIVE NUMBERS.
R  INDICATES RECORD WAS SET OR TIED.
MM INDICATES DATA IS MISSING.
T  INDICATES TRACE AMOUNT.

$$







U.S. Dept. of Commerce
NOAA National Weather Service
1325 East West Highway
Silver Spring, MD 20910
E-mail: w-nws.webmaster@noaa.gov
Page last modified: May 16, 2007
NATIONAL WEATHER SERVICE: for Safety, for Work, for Fun - FOR LIFE