169
CXUS51 KCTP 050343
CLSMDT

CLIMATE REPORT
NATIONAL WEATHER SERVICE STATE COLLEGE PA

1138 PM EDT WED JUN 4 2014

...................................

...THE HARRISBURG PA CLIMATE SUMMARY FOR THE SEASON, FROM
9/1/2013 TO 11/30/2013...

CLIMATE NORMAL PERIOD 1981 TO 2010
CLIMATE RECORD PERIOD 1888 TO 2014

WEATHER         OBSERVED          NORMAL  DEPART  LAST YEAR`S
                 VALUE   DATE(S)  VALUE   FROM    VALUE  DATE(S)
                                          NORMAL
................................................................
TEMPERATURE (F)
RECORD
 HIGH             102   09/03/1953
                        09/02/1953
 LOW               10   11/30/1929
HIGHEST            94   09/11         0      94       89  09/07
LOWEST             18   11/30         0      18       22  11/29
AVG. MAXIMUM     64.5              64.3     0.2     63.1
AVG. MINIMUM     45.1              45.3    -0.2     45.7
MEAN             54.8              54.8     0.0     54.4
DAYS MAX >= 90      2               1.4     0.6        0
DAYS MAX <= 32      1               0.2     0.8        0
DAYS MIN <= 32     19              11.4     7.6       17
DAYS MIN <= 0       0               0.0     0.0        0

PRECIPITATION (INCHES)
RECORD
 MAXIMUM        27.08   2011
 MINIMUM         3.29   1914
TOTALS          14.62             10.57    4.05    12.10
DAILY AVG.       0.16              0.12    0.04     0.13
DAYS >= .01        19              27.0    -8.0       28
DAYS >= .10        12              17.0    -5.0       18
DAYS >= .50         5               7.8    -2.8        7
DAYS >= 1.00        3               3.1    -0.1        3
GREATEST
 24 HR. TOTAL    8.44   MM

 STORM TOTAL       MM
 (MM/DD(HH))            MM


SNOWFALL (INCHES)
RECORDS
 TOTAL           15.4   1953
 24 HR TOTAL       MM
 SNOW DEPTH        MM   MM
TOTALS              T               0.6    -0.6      1.1
 LIQUID EQUIV      MM              0.00      MM     0.11
SINCE 7/1           T               0.6    -0.6      1.1
 LIQUID 7/1        MM              0.10      MM     0.11
SNOWDEPTH AVG.      0                MM      MM        0
DAYS >= TRACE       5               0.9     4.1        1
DAYS >= 1.0         0               0.2    -0.2        1
GREATEST
 SNOW DEPTH         T   11/24                         -1  11/27
 24 HR TOTAL      0.0   MM


 STORM TOTAL       MM
 (MM/DD(HH))            MM



DEGREE_DAYS
HEATING TOTAL    1053              1037      16     1065
 SINCE 7/1         MM              1039      MM     1065
COOLING TOTAL     153               107      46      124
 SINCE 1/1       1105              1002     103     1226

FREEZE DATES
RECORD
 EARLIEST     09/24/1963
 LATEST       05/11/1966
EARLIEST                        09/24
LATEST                          05/11
.................................................

WIND (MPH)
AVERAGE WIND SPEED              5.6
RESULTANT WIND SPEED/DIRECTION   2/306
HIGHEST WIND SPEED/DIRECTION    36/290    DATE  11/18
HIGHEST GUST SPEED/DIRECTION    48/300    DATE  11/18

SKY COVER
POSSIBLE SUNSHINE (PERCENT)   MM
AVERAGE SKY COVER           0.60
NUMBER OF DAYS FAIR           17
NUMBER OF DAYS PC             53
NUMBER OF DAYS CLOUDY         21

AVERAGE RH (PERCENT)     65

WEATHER CONDITIONS. NUMBER OF DAYS WITH
THUNDERSTORM              2     MIXED PRECIP               0
HEAVY RAIN                8     RAIN                      10
LIGHT RAIN               28     FREEZING RAIN              0
LT FREEZING RAIN          1     HAIL                       0
HEAVY SNOW                0     SNOW                       1
LIGHT SNOW                5     SLEET                      0
FOG                      34     FOG W/VIS <= 1/4 MILE      3
HAZE                     25

-  INDICATES NEGATIVE NUMBERS.
R  INDICATES RECORD WAS SET OR TIED.
MM INDICATES DATA IS MISSING.
T  INDICATES TRACE AMOUNT.

$$




U.S. Dept. of Commerce
NOAA National Weather Service
1325 East West Highway
Silver Spring, MD 20910
E-mail: w-nws.webmaster@noaa.gov
Page last modified: May 16, 2007
NATIONAL WEATHER SERVICE: for Safety, for Work, for Fun - FOR LIFE