105
CXUS53 KEAX 010648
CLSMCI

STLCLMWS1 000
TTAA00 KEAX 010641


CLIMATE REPORT
NATIONAL WEATHER SERVICE KANSAS CITY/PLEASANT HILL MO
1241 AM CST MON DEC 1 2014

...................................

...THE KANSAS CITY INTERNATIONAL CLIMATE SUMMARY FOR THE SEASON, FROM
9/1/2014 TO 11/30/2014...

CLIMATE NORMAL PERIOD 1981 TO 2010
CLIMATE RECORD PERIOD 1888 TO 2014

WEATHER         OBSERVED          NORMAL  DEPART  LAST YEAR`S
                 VALUE   DATE(S)  VALUE   FROM    VALUE  DATE(S)
                                          NORMAL
................................................................
TEMPERATURE (F)
RECORD
 HIGH             109   09/03/1947
 LOW                1   11/08/1991
                        11/28/1976
HIGHEST            91   09/04        93      -2      100  09/08
LOWEST              6   11/18        17     -11       11  11/24
AVG. MAXIMUM     64.0              66.4    -2.4     66.7
AVG. MINIMUM     43.9              45.7    -1.8     45.0
MEAN             54.0              56.1    -2.1     55.8
DAYS MAX >= 90      2               2.9    -0.9        8
DAYS MAX <= 32      6               1.4     4.6        4
DAYS MIN <= 32     24              15.2     8.8       17
DAYS MIN <= 0       0               0.0     0.0        0

PRECIPITATION (INCHES)
RECORD
 MAXIMUM        22.08   1914
 MINIMUM         2.16   1891
TOTALS          12.22              9.93    2.29    11.01
DAILY AVG.       0.13              0.11    0.02     0.12
DAYS >= .01        27              24.1     2.9       22
DAYS >= .10        12              16.0    -4.0       17
DAYS >= .50         7               6.5     0.5        8
DAYS >= 1.00        4               2.7     1.3        2
GREATEST
 24 HR. TOTAL    3.21  10/09 TO 10/09

SNOWFALL (INCHES)
RECORDS
 TOTAL           13.2   1898
TOTALS            0.5               1.4    -0.9        T
SINCE 7/1         0.5               1.4    -0.9        T
DAYS >= TRACE       5               1.3     3.7        1
DAYS >= 1.0         0               0.5    -0.5        0
GREATEST
 SNOW DEPTH         0   MM
 24 HR TOTAL      0.4   11/15 TO 11/16

DEGREE_DAYS
HEATING TOTAL    1119              1000     119     1065
COOLING TOTAL     144               187     -43      251
.................................................................

WIND (MPH)
AVERAGE WIND SPEED              10.4
HIGHEST WIND SPEED/DIRECTION    38/300    DATE  10/01
HIGHEST GUST SPEED/DIRECTION    55/300    DATE  10/01

SKY COVER
POSSIBLE SUNSHINE (PERCENT)   MM
AVERAGE SKY COVER           0.50
NUMBER OF DAYS FAIR           32
NUMBER OF DAYS PC             38
NUMBER OF DAYS CLOUDY         21

AVERAGE RH (PERCENT)     70

WEATHER CONDITIONS. NUMBER OF DAYS WITH
THUNDERSTORM              0     MIXED PRECIP               0
HEAVY RAIN                7     RAIN                      11
LIGHT RAIN               29     FREEZING RAIN              0
LT FREEZING RAIN          0     HAIL                       1
HEAVY SNOW                0     SNOW                       0
LIGHT SNOW                5     SLEET                      0
FOG                      39     FOG W/VIS <= 1/4 MILE      3
HAZE                     24

-  INDICATES NEGATIVE NUMBERS.
R  INDICATES RECORD WAS SET OR TIED.
MM INDICATES DATA IS MISSING.
T  INDICATES TRACE AMOUNT.

$$







U.S. Dept. of Commerce
NOAA National Weather Service
1325 East West Highway
Silver Spring, MD 20910
E-mail: w-nws.webmaster@noaa.gov
Page last modified: May 16, 2007
NATIONAL WEATHER SERVICE: for Safety, for Work, for Fun - FOR LIFE