956
CXUS53 KABR 011453
CLSMBG

CLIMATE REPORT
NATIONAL WEATHER SERVICE ABERDEEN SD
843 AM CST SAT DEC 1 2012

...................................

...THE MOBRIDGE SD CLIMATE SUMMARY FOR THE SEASON, FROM
9/1/2012 TO 11/30/2012...

CLIMATE NORMAL PERIOD 1981 TO 2010
CLIMATE RECORD PERIOD 1911 TO 2012

WEATHER         OBSERVED          NORMAL  DEPART  LAST YEAR`S
                 VALUE   DATE(S)  VALUE   FROM    VALUE  DATE(S)
                                          NORMAL
................................................................
TEMPERATURE (F)
RECORD
 HIGH             107   09/05/1913
 LOW              -20   11/28/1985
                        11/26/1985
HIGHEST           101   09/01        MM      MM       MM  MM
LOWEST              2   11/26        MM      MM       MM  MM
AVG. MAXIMUM     59.5              58.8     0.7       MM
AVG. MINIMUM     33.4              34.4    -1.0       MM
MEAN             46.4              46.6    -0.2       MM
DAYS MAX >= 90      4               2.8     1.2       MM
DAYS MAX <= 32      5               7.1    -2.1       MM
DAYS MIN <= 32     42              39.1     2.9       MM
DAYS MIN <= 0       0               1.3    -1.3       MM

PRECIPITATION (INCHES)
RECORD
 MAXIMUM         3.27   2006
 MINIMUM         3.27   2006
TOTALS           0.81R             3.52   -2.71       MM
DAYS >= .01        16                MM      MM       MM
DAYS >= .10         3                MM      MM       MM
DAYS >= .50         0                MM      MM       MM
DAYS >= 1.00        0                MM      MM       MM

SNOWFALL (INCHES)
RECORDS
 TOTAL              T   2006
 SNOW DEPTH         3   11/29/2005
                        11/28/2005
TOTALS            0.5R               MM      MM       MM
SINCE 7/1         0.5                MM      MM       MM
SNOWDEPTH AVG.      0                MM      MM       MM
DAYS >= TRACE      11
DAYS >= 1.0         0
GREATEST
 SNOW DEPTH         0   MM                            MM  MM

DEGREE_DAYS
HEATING TOTAL    1737              1733       4       MM
 SINCE 7/1       1747              1766     -19       MM
COOLING TOTAL      66                62       4       MM
 SINCE 1/1        866               644     222       MM

FREEZE DATES
RECORD
 EARLIEST     MM
 LATEST       MM
EARLIEST                        MM
LATEST                          MM
.................................................................

WIND (MPH)
AVERAGE WIND SPEED              10.3
RESULTANT WIND SPEED/DIRECTION   2/356
HIGHEST WIND SPEED/DIRECTION    48/330    DATE  10/18
HIGHEST GUST SPEED/DIRECTION    63/320    DATE  10/17

SKY COVER
POSSIBLE SUNSHINE (PERCENT)   MM
AVERAGE SKY COVER           0.30
NUMBER OF DAYS FAIR           60
NUMBER OF DAYS PC             18
NUMBER OF DAYS CLOUDY         13

AVERAGE RH (PERCENT)     62

WEATHER CONDITIONS. NUMBER OF DAYS WITH
THUNDERSTORM              0     MIXED PRECIP               0
HEAVY RAIN                1     RAIN                       3
LIGHT RAIN               18     FREEZING RAIN              0
LT FREEZING RAIN          2     HAIL                       0
HEAVY SNOW                0     SNOW                       1
LIGHT SNOW               11     SLEET                      0
FOG                      27     FOG W/VIS <= 1/4 MILE      5
HAZE                      3

-  INDICATES NEGATIVE NUMBERS.
R  INDICATES RECORD WAS SET OR TIED.
MM INDICATES DATA IS MISSING.
T  INDICATES TRACE AMOUNT.

$$







U.S. Dept. of Commerce
NOAA National Weather Service
1325 East West Highway
Silver Spring, MD 20910
E-mail: w-nws.webmaster@noaa.gov
Page last modified: May 16, 2007
NATIONAL WEATHER SERVICE: for Safety, for Work, for Fun - FOR LIFE