796
CXUS54 KLZK 011538
CLSLZK


CLIMATE REPORT
NATIONAL WEATHER SERVICE LITTLE ROCK AR
933 AM CST SAT MAR 1 2014

...................................

...THE NORTH LITTLE ROCK CLIMATE SUMMARY FOR THE SEASON, FROM
12/1/2013 TO 2/28/2014...

CLIMATE NORMAL PERIOD 1981 TO 2010
CLIMATE RECORD PERIOD 1975 TO 2014

WEATHER         OBSERVED          NORMAL  DEPART  LAST YEAR`S
                 VALUE   DATE(S)  VALUE   FROM    VALUE  DATE(S)
                                          NORMAL
................................................................
TEMPERATURE (F)
RECORD
 HIGH              83   02/20/1986
 LOW               -6   01/20/1985
HIGHEST            76   02/20        52      24       74  12/03
                                                          12/01
LOWEST              9   01/07        34     -25       22  02/01
                                                          12/30
AVG. MAXIMUM     49.4              51.6    -2.2     53.3
AVG. MINIMUM     30.8              34.6    -3.8     37.6
MEAN             40.1              43.1    -3.0     45.5
DAYS MAX >= 90      0               0.0     0.0        0
DAYS MAX <= 32     10               4.5     5.5        2
DAYS MIN <= 32     55              35.3    19.7       33
DAYS MIN <= 0       0               0.1    -0.1        0

PRECIPITATION (INCHES)
TOTALS          12.64             12.09    0.55    14.67
DAILY AVG.       0.14              0.13    0.01     0.16
DAYS >= .01        23              28.3    -5.3       34
DAYS >= .10        12              18.2    -6.2       21
DAYS >= .50         9               8.2     0.8       12
DAYS >= 1.00        4               3.4     0.6        5
GREATEST
 24 HR. TOTAL    4.98   12/20 TO 12/21           01/12 TO 01/13

SNOWFALL (INCHES)
RECORDS
 TOTAL           19.2   1979
 24 HR TOTAL      9.1   01/06/1988 TO 02/07/1979
 SNOW DEPTH         9   02/08/1979
                        01/08/1988
TOTALS            3.6               4.0    -0.4     10.9
 LIQUID EQUIV    0.36              0.50   -0.14     1.09
SINCE 7/1         3.6               4.0    -0.4     10.9
 LIQUID 7/1      0.36              0.50   -0.14     1.09
SNOWDEPTH AVG.      0                MM      MM        0
DAYS >= TRACE      19               2.6    16.4       13
DAYS >= 1.0         2               1.2     0.8        2
GREATEST
 SNOW DEPTH         2   02/09                          9  12/26
                        02/08
 24 HR TOTAL      2.4   02/07 TO 02/08           12/25 TO 12/26

DEGREE_DAYS
HEATING TOTAL    2221              1974     247     1740
 SINCE 7/1         MM              2486      MM       MM
COOLING TOTAL       1                 3      -2        8
 SINCE 1/1          0                 2      -2        2

FREEZE DATES
RECORD
 EARLIEST     10/20/1989
 LATEST       04/19/1983
EARLIEST                        11/13
LATEST                          03/19
.......................................................

WIND (MPH)
AVERAGE WIND SPEED              6.9
HIGHEST WIND SPEED/DIRECTION    20/MM     DATE   MM
HIGHEST GUST SPEED/DIRECTION    38/330    DATE  01/05

SKY COVER
POSSIBLE SUNSHINE (PERCENT)   MM
AVERAGE SKY COVER             MM
NUMBER OF DAYS FAIR          MM
NUMBER OF DAYS PC            MM
NUMBER OF DAYS CLOUDY        MM


WEATHER CONDITIONS. NUMBER OF DAYS WITH
THUNDERSTORM              0     MIXED PRECIP               0
HEAVY RAIN                3     RAIN                       7
LIGHT RAIN               21     FREEZING RAIN              5
LT FREEZING RAIN          9     HAIL                       1
HEAVY SNOW                0     SNOW                       2
LIGHT SNOW               12     SLEET                     10
FOG                      13     FOG W/VIS <= 1/4 MILE      6
HAZE                      2

-  INDICATES NEGATIVE NUMBERS.
R  INDICATES RECORD WAS SET OR TIED.
MM INDICATES DATA IS MISSING.
T  INDICATES TRACE AMOUNT.

&&

...DATA FOR NORTH LITTLE ROCK FOR WINTER 2013-2014...

.SUMMARY...
DESPITE A FEW BRIEF WARM PERIODS DURING THE SEASON...TEMPERATURES
WERE WELL BELOW THE 30-YEAR AVERAGE. READINGS EVEN DROPPING TO THE
SINGLE DIGITS IN EARLY JANUARY. THIS WAS THE FIRST WINTER WITH
SINGLE DIGIT TEMPERATURES AT NORTH LITTLE ROCK SINCE 1995-1996.

RAINFALL WAS CLOSE TO THE 30-YEAR AVERAGE...THOUGH BELOW THE AMOUNT
OF THE LAST TWO WINTERS. SNOWFALL WAS SLIGHTLY BELOW AVERAGE...AND
SIGNIFICANTLY LESS THAN LAST WINTER...AS THERE WERE NO EXCESSIVE
DAILY SNOWFALLS THIS YEAR.

.SEASONAL TEMPERATURES...
THE AVERAGE HIGH TEMPERATURE WAS THE COLDEST SINCE 2009-2010...AND
THE 10TH COLDEST ON RECORD.

THE AVERAGE LOW TEMPERATURE WAS THE COLDEST SINCE 2009-2010...AND
THE 7TH COLDEST ON RECORD.

THE AVERAGE SEASONAL TEMPERATURE WAS THE COLDEST SINCE 2009-2010...
AND THE 8TH COLDEST ON RECORD.

.NUMBER OF DAYS WITH TEMPERATURES...
AT OR ABOVE 70 DEGREES...5...THE FEWEST SINCE 2011-2012
AT OR BELOW FREEZING...55...THE MOST SINCE 1978-1979
BELOW 20 DEGREES...12...THE MOST SINCE 2000-2001
BELOW 10 DEGREES...1...THE MOST SINCE 1995-1996

.RAINFALL...
EVEN THOUGH RAINFALL WAS ABOVE THE SEASONAL AVERAGE...IT WAS STILL
THE DRIEST WINTER SINCE 2010-2011.

.SNOWFALL...
SNOWFALL WAS SLIGHTLY BELOW THE 30-YEAR AVERAGE. THERE WERE NO
EXCESSIVE DAILY SNOWFALLS...AND THIS HELPED NORTH LITTLE ROCK SEE
THE LEAST SNOW SINCE THE WINTER OF 2011-2012.

THERE WERE FIVE DAYS WITH MEASURABLE SNOWFALL...MAKING IT THE MOST
SINCE THE WINTER OF 2010-2011. THERE WERE 19 DAYS WITH SNOWFALL...
MEASURABLE OR NOT...WHICH WAS THE MOST SINCE 1983-1984. THERE WERE
12 DAYS WITH SNOW ON THE GROUND...MEASURABLE OR NOT...MAKING IT THE
MOST SINCE 2009-2010.

$$

57





U.S. Dept. of Commerce
NOAA National Weather Service
1325 East West Highway
Silver Spring, MD 20910
E-mail: w-nws.webmaster@noaa.gov
Page last modified: May 16, 2007
NATIONAL WEATHER SERVICE: for Safety, for Work, for Fun - FOR LIFE