625
CXUS51 KRNK 011159
CLSLYH


CLIMATE REPORT
NATIONAL WEATHER SERVICE BLACKSBURG VA
640 AM EST MON DEC 1 2014

...................................

...THE LYNCHBURG VA CLIMATE SUMMARY FOR THE SEASON, FROM
9/1/2014 TO 11/30/2014...

CLIMATE NORMAL PERIOD 1981 TO 2010
CLIMATE RECORD PERIOD 1893 TO 2014

WEATHER         OBSERVED          NORMAL  DEPART
                 VALUE   DATE(S)  VALUE   FROM
                                          NORMAL
................................................
TEMPERATURE (F)
RECORD
 HIGH             102   09/01/1932
 LOW                8   11/25/1970
HIGHEST            90   09/02
LOWEST             13   11/19
AVG. MAXIMUM     66.0              68.4    -2.4
AVG. MINIMUM     45.0              44.9     0.1
MEAN             55.5              56.7    -1.2
DAYS MAX >= 90      1               2.0    -1.0
DAYS MAX <= 32      0               0.0     0.0
DAYS MIN <= 32     18              14.7     3.3
DAYS MIN <= 0       0               0.0     0.0

PRECIPITATION (INCHES)
RECORD
 MAXIMUM        20.09   1996
 MINIMUM         1.85   1931
TOTALS           7.62             10.40   -2.78
DAILY AVG.       0.08              0.11   -0.03
DAYS >= .01        23              23.7    -0.7
DAYS >= .10        16              14.9     1.1
DAYS >= .50         5               7.0    -2.0
DAYS >= 1.00        2               3.2    -1.2
GREATEST
 24 HR. TOTAL    1.43

SNOWFALL (INCHES)
TOTALS              T
SINCE 7/1           T
SNOWDEPTH AVG.      0
DAYS >= TRACE       3
DAYS >= 1.0         0
GREATEST
 SNOW DEPTH         0
 24 HR TOTAL      0.0

DEGREE_DAYS
HEATING TOTAL     976               891      85
 SINCE 7/1        976               894      82
COOLING TOTAL     137               133       4
 SINCE 1/1        967              1032     -65
.................................................

WIND (MPH)
AVERAGE WIND SPEED              4.9
HIGHEST WIND SPEED/DIRECTION    25/200
HIGHEST GUST SPEED/DIRECTION    34/190

SKY COVER
POSSIBLE SUNSHINE (PERCENT)   MM
AVERAGE SKY COVER           0.40
NUMBER OF DAYS FAIR           51
NUMBER OF DAYS PC             18
NUMBER OF DAYS CLOUDY         22

AVERAGE RH (PERCENT)     72

WEATHER CONDITIONS. NUMBER OF DAYS WITH
THUNDERSTORM              2     MIXED PRECIP               0
HEAVY RAIN                9     RAIN                      14
LIGHT RAIN               35     FREEZING RAIN              0
LT FREEZING RAIN          0     HAIL                       0
HEAVY SNOW                0     SNOW                       0
LIGHT SNOW                3     SLEET                      0
FOG                      41     FOG W/VIS <= 1/4 MILE      7
HAZE                      2

-  INDICATES NEGATIVE NUMBERS.
R  INDICATES RECORD WAS SET OR TIED.
MM INDICATES DATA IS MISSING.
T  INDICATES TRACE AMOUNT.

REMARKS:
DUE TO A SYSTEM FAILURE CAUSING MISSING TEMPERATURES ON
AUGUST 21-24...THE SEASONAL TOTAL AND DEPARTURE FROM NORMAL
FOR CDD WILL BE CALCULATED WITHOUT DATA FROM THOSE DATES.

$$





U.S. Dept. of Commerce
NOAA National Weather Service
1325 East West Highway
Silver Spring, MD 20910
E-mail: w-nws.webmaster@noaa.gov
Page last modified: May 16, 2007
NATIONAL WEATHER SERVICE: for Safety, for Work, for Fun - FOR LIFE