202
CXUS53 KILX 130235 CCA
CLSLWV

CLIMATE REPORT...CORRECTED
NATIONAL WEATHER SERVICE LINCOLN IL
835 PM CST FRI DEC 12 2014

...................................

...THE LAWRENCEVILLE IL AIRPORT CLIMATE SUMMARY FOR THE SEASON, FROM
9/1/2014 TO 11/30/2014...

CLIMATE NORMAL PERIOD 1981 TO 2010
CLIMATE RECORD PERIOD 9999 TO 9999

WEATHER         OBSERVED          NORMAL  DEPART  LAST YEAR`S
                 VALUE   DATE(S)  VALUE   FROM    VALUE
                                          NORMAL
.............................................................
TEMPERATURE (F)
RECORD
 HIGH              MM   MM
 LOW               MM   MM
HIGHEST            93   09/05        MM      MM       96
LOWEST             13   11/18        MM      MM       14
AVG. MAXIMUM     64.5              69.1    -4.6     67.0
AVG. MINIMUM     43.0              46.6    -3.6     45.2
MEAN             53.8              57.8    -4.0     56.1
DAYS MAX >= 90      1               4.0    -3.0        5
DAYS MAX <= 32      4               0.1     3.9        2
DAYS MIN <= 32     19              10.8     8.2       23
DAYS MIN <= 0       0               0.0     0.0        0

PRECIPITATION (INCHES)
RECORD
 MAXIMUM           MM   MM
 MINIMUM           MM   MM
TOTALS           9.94             11.14   -1.20     8.94
DAILY AVG.       0.11                               0.10
DAYS >= .01        28                MM      MM       25
DAYS >= .10        18                MM      MM       15
DAYS >= .50         7                MM      MM        5
DAYS >= 1.00        2                MM      MM        2
GREATEST
 24 HR. TOTAL    1.99   09/02                       2.51

DEGREE_DAYS
HEATING TOTAL    1135               857     278     1019
 SINCE 7/1       1135               858     277     1024
COOLING TOTAL     145               204     -59      232
 SINCE 1/1       1218              1387    -169     1287

FREEZE DATES
RECORD
 EARLIEST     MM
 LATEST       MM
EARLIEST                        MM
LATEST                          MM
..............................................................

WIND (MPH)
AVERAGE WIND SPEED              8.3
HIGHEST WIND SPEED/DIRECTION    45/220    DATE  11/24
HIGHEST GUST SPEED/DIRECTION    55/240    DATE  11/24

SKY COVER
POSSIBLE SUNSHINE (PERCENT)   MM
AVERAGE SKY COVER           0.40
NUMBER OF DAYS FAIR           45
NUMBER OF DAYS PC             28
NUMBER OF DAYS CLOUDY         18

AVERAGE RH (PERCENT)     73

WEATHER CONDITIONS. NUMBER OF DAYS WITH
THUNDERSTORM             10     MIXED PRECIP               1
HEAVY RAIN               14     RAIN                      17
LIGHT RAIN               32     FREEZING RAIN              0
LT FREEZING RAIN          0     HAIL                       0
HEAVY SNOW                0     SNOW                       0
LIGHT SNOW                7     SLEET                      0
FOG                      65     FOG W/VIS <= 1/4 MILE     10
HAZE                     35

-  INDICATES NEGATIVE NUMBERS.
R  INDICATES RECORD WAS SET OR TIED.
MM INDICATES DATA IS MISSING.
T  INDICATES TRACE AMOUNT.

$$
GEELHART







U.S. Dept. of Commerce
NOAA National Weather Service
1325 East West Highway
Silver Spring, MD 20910
E-mail: w-nws.webmaster@noaa.gov
Page last modified: May 16, 2007
NATIONAL WEATHER SERVICE: for Safety, for Work, for Fun - FOR LIFE