128
CXUS53 KILX 011934
CLSLWV

CLIMATE REPORT
NATIONAL WEATHER SERVICE LINCOLN IL
134 PM CST SAT MAR 1 2014

...................................

...THE LAWRENCEVILLE IL AIRPORT CLIMATE SUMMARY FOR THE SEASON, FROM
12/1/2013 TO 2/28/2014...

CLIMATE NORMAL PERIOD 1981 TO 2010
CLIMATE RECORD PERIOD 9999 TO 9999

WEATHER         OBSERVED          NORMAL  DEPART  LAST YEAR`S
                 VALUE   DATE(S)  VALUE   FROM    VALUE
                                          NORMAL
.............................................................
TEMPERATURE (F)
RECORD
 HIGH              MM   MM
 LOW               MM   MM
HIGHEST            68   12/04        MM      MM       73
LOWEST             -8   01/06        MM      MM       -1
AVG. MAXIMUM     36.2              41.8    -5.6     43.9
AVG. MINIMUM     18.2              25.5    -7.3     26.7
MEAN             27.2              33.7    -6.5     35.3
DAYS MAX >= 90      0               0.0     0.0        0
DAYS MAX <= 32     36              16.8    19.2       11
DAYS MIN <= 32     79              64.5    14.5       66
DAYS MIN <= 0       7               2.2     4.8        1

PRECIPITATION (INCHES)
RECORD
 MAXIMUM           MM   MM
 MINIMUM           MM   MM
TOTALS           5.74              7.78   -2.04     8.56
DAILY AVG.       0.10                               0.14
DAYS >= .01         9                MM      MM       18
DAYS >= .10         7                MM      MM       14
DAYS >= .50         2                MM      MM        7
DAYS >= 1.00        1                MM      MM        2
GREATEST
 24 HR. TOTAL    3.49   12/20 TO 12/21              2.56

DEGREE_DAYS
HEATING TOTAL    3378              2817     561     2649
 SINCE 7/1       4402              3675     727     3696
COOLING TOTAL       0                 0       0        1
 SINCE 1/1          0                 0       0        0

FREEZE DATES
RECORD
 EARLIEST     MM
 LATEST       MM
EARLIEST                        MM
LATEST                          MM
..............................................................

WIND (MPH)
AVERAGE WIND SPEED              10.5
HIGHEST WIND SPEED/DIRECTION    43/330    DATE  01/26
HIGHEST GUST SPEED/DIRECTION    55/310    DATE  01/26

SKY COVER
POSSIBLE SUNSHINE (PERCENT)   MM
AVERAGE SKY COVER           0.50
NUMBER OF DAYS FAIR           40
NUMBER OF DAYS PC             23
NUMBER OF DAYS CLOUDY         27

AVERAGE RH (PERCENT)     71

WEATHER CONDITIONS. NUMBER OF DAYS WITH
THUNDERSTORM              2     MIXED PRECIP               0
HEAVY RAIN                6     RAIN                       9
LIGHT RAIN               16     FREEZING RAIN              3
LT FREEZING RAIN          6     HAIL                       0
HEAVY SNOW                1     SNOW                       9
LIGHT SNOW               35     SLEET                      0
FOG                      53     FOG W/VIS <= 1/4 MILE     13
HAZE                     63

-  INDICATES NEGATIVE NUMBERS.
R  INDICATES RECORD WAS SET OR TIED.
MM INDICATES DATA IS MISSING.
T  INDICATES TRACE AMOUNT.

&&

PRECIPITATION TOTALS INCOMPLETE DUE TO MISSING DATA.

$$
GEELHART







U.S. Dept. of Commerce
NOAA National Weather Service
1325 East West Highway
Silver Spring, MD 20910
E-mail: w-nws.webmaster@noaa.gov
Page last modified: May 16, 2007
NATIONAL WEATHER SERVICE: for Safety, for Work, for Fun - FOR LIFE