816
CXUS51 KRNK 010954 RRA
CLSLWB

CLIMATE REPORT
NATIONAL WEATHER SERVICE BLACKSBURG VA
544 AM EDT MON SEP 1 2014

...................................

...THE LEWISBURG WV CLIMATE SUMMARY FOR THE SEASON, FROM
6/1/2014 TO 8/31/2014...

CLIMATE NORMAL PERIOD 1981 TO 2010
CLIMATE RECORD PERIOD 1973 TO 2014

WEATHER         OBSERVED          NORMAL  DEPART
                 VALUE   DATE(S)  VALUE   FROM
                                          NORMAL
................................................
TEMPERATURE (F)
RECORD
 HIGH              98   07/16/1988
 LOW               36   06/02/2003
                        06/22/1992
HIGHEST            89   07/13
                        07/02
                        06/18
LOWEST             46   07/17
                        07/05
                        06/06
AVG. MAXIMUM     80.1              80.5    -0.4
AVG. MINIMUM     59.2              57.0     2.2
MEAN             69.6              68.8     0.8
DAYS MAX >= 90      0               3.0    -3.0
DAYS MAX <= 32      0               0.0     0.0
DAYS MIN <= 32      0               0.0     0.0
DAYS MIN <= 0       0               0.0     0.0

PRECIPITATION (INCHES)
RECORD
 MAXIMUM        10.45   2013
 MINIMUM         2.39   2012
TOTALS           7.76             10.92   -3.16
DAILY AVG.       0.08              0.12   -0.04
DAYS >= .01        31              33.6    -2.6
DAYS >= .10        16              21.8    -5.8
DAYS >= .50         3               7.5    -4.5
DAYS >= 1.00        1               2.1    -1.1
GREATEST
 24 HR. TOTAL    1.95   MM

SNOWFALL (INCHES)
TOTALS            0.0
SINCE 7/1         0.0
SNOWDEPTH AVG.      0
DAYS >= 1.0         0
GREATEST
 SNOW DEPTH         0

DEGREE_DAYS
HEATING TOTAL      35                78     -43
 SINCE 7/1         22                28      -6
COOLING TOTAL     484               424      60
 SINCE 1/1        517               450      67
.................................................

WIND (MPH)
AVERAGE WIND SPEED              2.7
HIGHEST WIND SPEED/DIRECTION    22/240    DATE  06/10
HIGHEST GUST SPEED/DIRECTION    27/230    DATE  07/08



-  INDICATES NEGATIVE NUMBERS.
R  INDICATES RECORD WAS SET OR TIED.
MM INDICATES DATA IS MISSING.
T  INDICATES TRACE AMOUNT.

$$




U.S. Dept. of Commerce
NOAA National Weather Service
1325 East West Highway
Silver Spring, MD 20910
E-mail: w-nws.webmaster@noaa.gov
Page last modified: May 16, 2007
NATIONAL WEATHER SERVICE: for Safety, for Work, for Fun - FOR LIFE