770
CXUS51 KRNK 011003
CLSLWB

CLIMATE REPORT
NATIONAL WEATHER SERVICE BLACKSBURG VA
552 AM EDT SUN JUN 1 2014

...................................

...THE LEWISBURG WV CLIMATE SUMMARY FOR THE SEASON, FROM
3/1/2014 TO 5/31/2014...

CLIMATE NORMAL PERIOD 1981 TO 2010
CLIMATE RECORD PERIOD 1973 TO 2014

WEATHER         OBSERVED          NORMAL  DEPART
                 VALUE   DATE(S)  VALUE   FROM
                                          NORMAL
................................................
TEMPERATURE (F)
RECORD
 HIGH              91   MM
 LOW               -2   03/04/2014
HIGHEST            87   05/13
LOWEST             -2R  03/04
AVG. MAXIMUM     62.4              62.1     0.3
AVG. MINIMUM     37.1              36.3     0.8
MEAN             49.8              49.2     0.6
DAYS MAX >= 90      0               0.1    -0.1
DAYS MAX <= 32      4               1.9     2.1
DAYS MIN <= 32     33              35.0    -2.0
DAYS MIN <= 0       1               0.1     0.9

PRECIPITATION (INCHES)
RECORD
 MAXIMUM        10.59   2012
 MINIMUM         0.34   2011
TOTALS           8.10             11.15   -3.05
DAILY AVG.       0.09              0.12   -0.03
DAYS >= .01        27              38.0   -11.0
DAYS >= .10        19              23.1    -4.1
DAYS >= .50         5               8.0    -3.0
DAYS >= 1.00        1               2.2    -1.2
GREATEST
 24 HR. TOTAL    1.67   MM

SNOWFALL (INCHES)
TOTALS            9.5
SINCE 7/1        40.4
SNOWDEPTH AVG.      0
DAYS >= 1.0         4
GREATEST
 SNOW DEPTH         5

DEGREE_DAYS
HEATING TOTAL    1412              1478     -66
 SINCE 7/1         MM              5903      MM
COOLING TOTAL      33                26       7
 SINCE 1/1         33                26       7
.................................................

WIND (MPH)
AVERAGE WIND SPEED              4.9
HIGHEST WIND SPEED/DIRECTION    25/260    DATE  03/12
HIGHEST GUST SPEED/DIRECTION    48/260    DATE  03/12



-  INDICATES NEGATIVE NUMBERS.
R  INDICATES RECORD WAS SET OR TIED.
MM INDICATES DATA IS MISSING.
T  INDICATES TRACE AMOUNT.

REMARKS

THE SEASONAL SNOWFALL TOTAL...AND THE SEASONAL TOTAL AND DEPARTURE
FROM NORMAL FOR HDD ARE INVALID DUE TO INCOMPLETE DATA BEFORE
DECEMBER 1.
$$




U.S. Dept. of Commerce
NOAA National Weather Service
1325 East West Highway
Silver Spring, MD 20910
E-mail: w-nws.webmaster@noaa.gov
Page last modified: May 16, 2007
NATIONAL WEATHER SERVICE: for Safety, for Work, for Fun - FOR LIFE