743
CXUS51 KRNK 011159
CLSLWB


CLIMATE REPORT
NATIONAL WEATHER SERVICE BLACKSBURG VA
640 AM EST MON DEC 1 2014

...................................

...THE LEWISBURG WV CLIMATE SUMMARY FOR THE SEASON, FROM
9/1/2014 TO 11/30/2014...

CLIMATE NORMAL PERIOD 1981 TO 2010
CLIMATE RECORD PERIOD 1973 TO 2014

WEATHER         OBSERVED          NORMAL  DEPART
                 VALUE   DATE(S)  VALUE   FROM
                                          NORMAL
................................................
TEMPERATURE (F)
RECORD
 HIGH              93   09/03/2011
 LOW                3   11/04/1973
HIGHEST            89   09/02
LOWEST             10   11/19
AVG. MAXIMUM     63.1              64.1    -1.0
AVG. MINIMUM     42.4              38.6     3.8
MEAN             52.8              51.4     1.4
DAYS MAX >= 90      0               0.3    -0.3
DAYS MAX <= 32      3               0.8     2.2
DAYS MIN <= 32     25              29.5    -4.5
DAYS MIN <= 0       0               0.0     0.0

PRECIPITATION (INCHES)
RECORD
 MAXIMUM         6.02   2011
 MINIMUM         1.51   2012
TOTALS           5.71              8.72   -3.01
DAILY AVG.       0.06              0.10   -0.04
DAYS >= .01        26              26.8    -0.8
DAYS >= .10        14              16.3    -2.3
DAYS >= .50         4               5.9    -1.9
DAYS >= 1.00        0               2.0    -2.0
GREATEST
 24 HR. TOTAL    0.88

SNOWFALL (INCHES)
TOTALS            2.0
SINCE 7/1         2.0
SNOWDEPTH AVG.      0
DAYS >= 1.0         1
GREATEST
 SNOW DEPTH         2

DEGREE_DAYS
HEATING TOTAL    1190              1289     -99
 SINCE 7/1       1212              1317    -105
COOLING TOTAL     102                49      53
 SINCE 1/1        619               499     120
.................................................

WIND (MPH)
AVERAGE WIND SPEED              3.4
HIGHEST WIND SPEED/DIRECTION    30/230    DATE  11/24
HIGHEST GUST SPEED/DIRECTION    46/230    DATE  11/24

-  INDICATES NEGATIVE NUMBERS.
R  INDICATES RECORD WAS SET OR TIED.
MM INDICATES DATA IS MISSING.
T  INDICATES TRACE AMOUNT.

$$





U.S. Dept. of Commerce
NOAA National Weather Service
1325 East West Highway
Silver Spring, MD 20910
E-mail: w-nws.webmaster@noaa.gov
Page last modified: May 16, 2007
NATIONAL WEATHER SERVICE: for Safety, for Work, for Fun - FOR LIFE