380
CXUS53 KARX 011233
CLSLSE

CLIMATE REPORT
NATIONAL WEATHER SERVICE LA CROSSE WI
732 AM CST SUN JUN 1 2014

...................................

THE LA CROSSE WI CLIMATE SUMMARY FOR THE SEASON, FROM
3/1/2014 TO 5/31/2014...

CLIMATE NORMAL PERIOD 1981 TO 2010
CLIMATE RECORD PERIOD 1873 TO 2014

WEATHER         OBSERVED          NORMAL  DEPART
                 VALUE   DATE(S)  VALUE   FROM
                                          NORMAL
................................................
TEMPERATURE (F)
RECORD
 HIGH             107   05/31/1934
 LOW              -28   03/01/1962
HIGHEST            90   05/31        MM      MM
LOWEST            -21   03/03        MM      MM
AVG. MAXIMUM     54.2              58.0    -3.8
AVG. MINIMUM     34.4              37.3    -2.9
MEAN             44.3              47.6    -3.3
DAYS MAX >= 90      1               0.7     0.3
DAYS MAX <= 32      9               4.7     4.3
DAYS MIN <= 32     36              31.4     4.6
DAYS MIN <= 0       3               0.6     2.4

PRECIPITATION (INCHES)
RECORD
 MAXIMUM           MM   MM
 MINIMUM           MM   MM
TOTALS          10.80              8.90    1.90
DAILY AVG.       0.12              0.10    0.02
DAYS >= .01        35              32.9     2.1
DAYS >= .10        22              18.0     4.0
DAYS >= .50         7               5.9     1.1
DAYS >= 1.00        3               2.0     1.0
GREATEST
 24 HR. TOTAL    1.77   MM
 STORM TOTAL       MM
 (MM/DD(HH))            MM

SNOWFALL (INCHES)
RECORDS
 TOTAL             MM   5
 24 HR TOTAL       MM
TOTALS            8.0               8.8    -0.8
 LIQUID EQUIV    0.80              0.90   -0.10
SINCE 7/1        48.9              43.3     5.6
 LIQUID 7/1      4.89
DAYS >= TRACE      17               5.5    11.5
DAYS >= 1.0         3               2.3     0.7
GREATEST
 SNOW DEPTH        17   03/07
                        03/05
                        03/06
 24 HR TOTAL      1.7   MM
 STORM TOTAL       MM
 (MM/DD(HH))            MM

DEGREE_DAYS
HEATING TOTAL    1945              1649     296
 SINCE 7/1         MM              7157      MM
COOLING TOTAL      59                48      11
 SINCE 1/1         59                48      11

FREEZE DATES
RECORD
 EARLIEST     MM
 LATEST       MM
EARLIEST                        MM
LATEST                          MM
.................................................

WIND (MPH)
AVERAGE WIND SPEED              9.2
HIGHEST WIND SPEED/DIRECTION    39/090    DATE  04/27
HIGHEST GUST SPEED/DIRECTION    52/320    DATE  04/12

SKY COVER
POSSIBLE SUNSHINE (PERCENT)   MM
AVERAGE SKY COVER           0.50
NUMBER OF DAYS FAIR           37
NUMBER OF DAYS PC             33
NUMBER OF DAYS CLOUDY         22

AVERAGE RH (PERCENT)     63

WEATHER CONDITIONS. NUMBER OF DAYS WITH
THUNDERSTORM              6     MIXED PRECIP               0
HEAVY RAIN                4     RAIN                      15
LIGHT RAIN               35     FREEZING RAIN              0
LT FREEZING RAIN          1     HAIL                       1
HEAVY SNOW                1     SNOW                       1
LIGHT SNOW               15     SLEET                      1
FOG                      38     FOG W/VIS <= 1/4 MILE      1
HAZE                     11

-  INDICATES NEGATIVE NUMBERS.
R  INDICATES RECORD WAS SET OR TIED.
MM INDICATES DATA IS MISSING.
T  INDICATES TRACE AMOUNT.

$$

BOYNE




U.S. Dept. of Commerce
NOAA National Weather Service
1325 East West Highway
Silver Spring, MD 20910
E-mail: w-nws.webmaster@noaa.gov
Page last modified: May 16, 2007
NATIONAL WEATHER SERVICE: for Safety, for Work, for Fun - FOR LIFE