189
CXUS53 KJKL 010749
CLSLOZ

CLIMATE REPORT
NATIONAL WEATHER SERVICE JACKSON KY
349 AM EDT MON SEP 1 2014

...................................

...THE LONDON KY CLIMATE SUMMARY FOR THE SEASON, FROM
6/1/2014 TO 8/31/2014...

CLIMATE NORMAL PERIOD 1981 TO 2010
CLIMATE RECORD PERIOD 1954 TO 2014

WEATHER         OBSERVED          NORMAL  DEPART  LAST YEAR`S
                 VALUE   DATE(S)  VALUE   FROM    VALUE  DATE(S)
                                          NORMAL
................................................................
TEMPERATURE (F)
RECORD
 HIGH             105   06/29/2012
 LOW               34   06/01/1966
HIGHEST            93   07/13        MM      MM       92  08/31
                        06/18
LOWEST             54   07/30        MM      MM       51  07/29
                        07/05
                        07/17
AVG. MAXIMUM     83.6              85.2    -1.6     82.4
AVG. MINIMUM     63.3              64.3    -1.0     64.3
MEAN             73.5              74.8    -1.3     73.4
DAYS MAX >= 90     15              17.1    -2.1        5
DAYS MAX <= 32      0               0.0     0.0        0
DAYS MIN <= 32      0               0.0     0.0        0
DAYS MIN <= 0       0               0.0     0.0        0

PRECIPITATION (INCHES)
RECORD
 MAXIMUM        21.68   2003
 MINIMUM         6.37   1980
TOTALS          15.81             12.15    3.66    18.03
DAILY AVG.       0.18              0.13    0.05     0.20
DAYS >= .01        35              33.2     1.8       49
DAYS >= .10        24              21.9     2.1       32
DAYS >= .50         9               9.0     0.0       11
DAYS >= 1.00        2               2.8    -0.8        6
GREATEST
 24 HR. TOTAL    4.23   07/14 TO 07/15              2.78

SNOWFALL (INCHES)
RECORDS
 TOTAL             MM   MM
TOTALS             MM               0.0      MM       MM
SINCE 7/1          MM               0.0      MM       MM
SNOWDEPTH AVG.     MM                MM      MM       MM
DAYS >= 1.0        MM               0.0      MM       MM
GREATEST
 24 HR TOTAL       MM                                 MM

DEGREE_DAYS
HEATING TOTAL       0                11     -11        0
 SINCE 7/1          0                 1      -1        0
COOLING TOTAL     888               911     -23      792
 SINCE 1/1       1054              1024      30      892
.................................................................

WIND (MPH)
AVERAGE WIND SPEED              4.1
RESULTANT WIND SPEED/DIRECTION   1/236
HIGHEST WIND SPEED/DIRECTION    44/230    DATE  06/10
HIGHEST GUST SPEED/DIRECTION    58/230    DATE  06/10

SKY COVER
POSSIBLE SUNSHINE (PERCENT)   MM
NUMBER OF DAYS FAIR           46
NUMBER OF DAYS PC             41
NUMBER OF DAYS CLOUDY          4

AVERAGE RH (PERCENT)     70

WEATHER CONDITIONS. NUMBER OF DAYS WITH
THUNDERSTORM             22     MIXED PRECIP               0
HEAVY RAIN               23     RAIN                      20
LIGHT RAIN               40     FREEZING RAIN              0
LT FREEZING RAIN          0     HAIL                       0
HEAVY SNOW                0     SNOW                       0
LIGHT SNOW                0     SLEET                      0
FOG                      67     FOG W/VIS <= 1/4 MILE     11
HAZE                     27

-  INDICATES NEGATIVE NUMBERS.
R  INDICATES RECORD WAS SET OR TIED.
MM INDICATES DATA IS MISSING.
T  INDICATES TRACE AMOUNT.

&&

..NOTE...COOLING DEGREE DAY TOTAL MISSING TWO DAYS IN JUNE DUE
TO POWER OUTAGE...

$$

CARICO






U.S. Dept. of Commerce
NOAA National Weather Service
1325 East West Highway
Silver Spring, MD 20910
E-mail: w-nws.webmaster@noaa.gov
Page last modified: May 16, 2007
NATIONAL WEATHER SERVICE: for Safety, for Work, for Fun - FOR LIFE