129
CXUS54 KLZK 011538
CLSLIT


CLIMATE REPORT
NATIONAL WEATHER SERVICE LITTLE ROCK AR
933 AM CST SAT MAR 1 2014

...................................

...THE LITTLE ROCK ADAMS FIELD CLIMATE SUMMARY FOR THE SEASON, FROM
12/1/2013 TO 2/28/2014...

CLIMATE NORMAL PERIOD 1981 TO 2010
CLIMATE RECORD PERIOD 1874 TO 2014

WEATHER         OBSERVED          NORMAL  DEPART  LAST YEAR`S
                 VALUE   DATE(S)  VALUE   FROM    VALUE  DATE(S)
                                          NORMAL
................................................................
TEMPERATURE (F)
RECORD
 HIGH              87   02/25/1918
 LOW              -12   02/12/1899
HIGHEST            79   02/20        MM      MM       77  12/03
LOWEST              9   01/07        MM      MM       19  12/27
AVG. MAXIMUM     51.3              52.6    -1.3     55.2
AVG. MINIMUM     29.7              33.1    -3.4     36.0
MEAN             40.5              42.8    -2.3     45.6
DAYS MAX >= 90      0               0.0     0.0        0
DAYS MAX <= 32      6               3.9     2.1        1
DAYS MIN <= 32     60              42.7    17.3       41
DAYS MIN <= 0       0               0.0     0.0        0

PRECIPITATION (INCHES)
TOTALS          12.51             12.18    0.33    15.16
DAILY AVG.       0.14              0.14    0.00     0.17
DAYS >= .01        22              27.7    -5.7       31
DAYS >= .10        13              17.7    -4.7       20
DAYS >= .50         9               8.5     0.5        8
DAYS >= 1.00        4               3.3     0.7        6
GREATEST
 24 HR. TOTAL    4.54   12/20 TO 12/21

SNOWFALL (INCHES)
RECORDS
 TOTAL           20.0   1918
 24 HR TOTAL     13.0   01/17/1893 TO 01/18/1893
 SNOW DEPTH        15   01/21/1918
TOTALS            4.0               3.1     0.9     10.6
 LIQUID EQUIV    0.40              0.30    0.10     1.06
SINCE 7/1         4.0               3.1     0.9     10.6
 LIQUID 7/1      0.40                MM      MM     1.06
SNOWDEPTH AVG.      0                 T       0        0
DAYS >= TRACE      16               1.4    14.6        8
DAYS >= 1.0         2               0.8     1.2        2
GREATEST
 SNOW DEPTH         2   02/08                         10  12/26
 24 HR TOTAL      2.6   02/07 TO 02/08

DEGREE_DAYS
HEATING TOTAL    2189              1999     190     1734
 SINCE 7/1         MM              2513      MM       MM
COOLING TOTAL       5                 3       2       13
 SINCE 1/1          0                 2      -2        5

FREEZE DATES
RECORD
 EARLIEST     10/20/1989
 LATEST       04/19/1983
EARLIEST                        11/13
LATEST                          03/19
.......................................................

WIND (MPH)
AVERAGE WIND SPEED              7.8
HIGHEST WIND SPEED/DIRECTION    35/290    DATE  02/20
HIGHEST GUST SPEED/DIRECTION    45/300    DATE  02/20

SKY COVER
POSSIBLE SUNSHINE (PERCENT)   MM
AVERAGE SKY COVER           0.60
NUMBER OF DAYS FAIR           28
NUMBER OF DAYS PC             24
NUMBER OF DAYS CLOUDY         38


WEATHER CONDITIONS. NUMBER OF DAYS WITH
THUNDERSTORM              0     MIXED PRECIP               0
HEAVY RAIN                3     RAIN                       9
LIGHT RAIN               23     FREEZING RAIN              4
LT FREEZING RAIN          9     HAIL                       0
HEAVY SNOW                0     SNOW                       2
LIGHT SNOW                9     SLEET                     10
FOG                      36     FOG W/VIS <= 1/4 MILE      4
HAZE                      4

-  INDICATES NEGATIVE NUMBERS.
R  INDICATES RECORD WAS SET OR TIED.
MM INDICATES DATA IS MISSING.
T  INDICATES TRACE AMOUNT.

&&

...DATA FOR LITTLE ROCK ADAMS FIELD FOR WINTER 2013-2014...

.SUMMARY...
DESPITE A FEW BRIEF WARM PERIODS DURING THE SEASON...TEMPERATURES
WERE WELL BELOW THE 30-YEAR AVERAGE. LOW TEMPERATURES WERE THE
COLDEST IN SEVERAL DECADES...WITH READINGS EVEN DROPPING TO THE
SINGLE DIGITS IN EARLY JANUARY. THIS WAS THE FIRST WINTER WITH
SINGLE DIGIT TEMPERATURES AT LITTLE ROCK SINCE 1995-1996.

RAINFALL WAS CLOSE TO THE 30-YEAR AVERAGE...THOUGH BELOW THE AMOUNT
OF THE LAST TWO WINTERS. SNOWFALL WAS NEARLY AN INCH ABOVE AVERAGE...
THOUGH SIGNIFICANTLY LESS THAN LAST WINTER...AS THERE WERE NO
EXCESSIVE DAILY SNOWFALLS THIS YEAR.

.SEASONAL TEMPERATURES...
THE AVERAGE HIGH AND SEASONAL TEMPERATURES WERE THE COLDEST SINCE
2009-2010.

THE AVERAGE LOW WAS THE COLDEST SINCE 1983-1984...AND THE 13TH
COLDEST ON RECORD.

.NUMBER OF DAYS WITH TEMPERATURES...
AT OR ABOVE 70 DEGREES...8...THE FEWEST SINCE 2010-2011
AT OR BELOW FREEZING...60...THE MOST SINCE 1978-1979
BELOW 20 DEGREES...9...THE MOST SINCE 2000-2001
BELOW 10 DEGREES...1...THE MOST SINCE 1995-1996

.RAINFALL...
EVEN THOUGH RAINFALL WAS ABOVE THE SEASONAL AVERAGE...IT WAS STILL
THE DRIEST WINTER SINCE 2010-2011.

.SNOWFALL...
SNOWFALL WAS ABOVE THE 30-YEAR AVERAGE. HOWEVER...THERE WERE NO
EXCESSIVE DAILY SNOWFALLS...AND THIS HELPED LITTLE ROCK SEE THE
LEAST SNOW SINCE THE WINTER OF 2011-2012.

THERE WERE SIX DAYS WITH MEASURABLE SNOWFALL...MAKING IT THE MOST
SINCE THE WINTER OF 2010-2011. THERE WERE 16 DAYS WITH SNOWFALL...
MEASURABLE OR NOT...WHICH WAS THE MOST SINCE 1983-1984. THERE WERE
10 DAYS WITH SNOW ON THE GROUND...MEASURABLE OR NOT...MAKING IT THE
MOST SINCE 2000-2001.

$$

57





U.S. Dept. of Commerce
NOAA National Weather Service
1325 East West Highway
Silver Spring, MD 20910
E-mail: w-nws.webmaster@noaa.gov
Page last modified: May 16, 2007
NATIONAL WEATHER SERVICE: for Safety, for Work, for Fun - FOR LIFE