476
CXUS51 KOKX 011842
CLSLGA

CLIMATE REPORT
NATIONAL WEATHER SERVICE NEW YORK NY
139 PM EST MON DEC 1 2014


...THE LAGUARDIA NY CLIMATE SUMMARY FOR THE SEASON, FROM
9/1/2014 TO 11/30/2014...

CLIMATE NORMAL PERIOD 1981 TO 2010
CLIMATE RECORD PERIOD 1945 TO 2014

WEATHER         OBSERVED          NORMAL  DEPART  LAST YEAR`S
                 VALUE   DATE(S)  VALUE   FROM    VALUE
                                          NORMAL
.............................................................
TEMPERATURE (F)
RECORD
 HIGH             102   09/02/1953
 LOW               17   11/29/1955
HIGHEST            93   09/02        MM      MM
LOWEST             22   11/19        MM      MM
AVG. MAXIMUM     65.0              65.4    -0.4
AVG. MINIMUM     52.4              51.6     0.8
MEAN             58.7              58.5     0.2
DAYS MAX >= 90      2               0.9     1.1
DAYS MAX <= 32      0               0.0     0.0
DAYS MIN <= 32      7               2.5     4.5
DAYS MIN <= 0       0               0.0     0.0

PRECIPITATION (INCHES)
RECORD
 MAXIMUM        18.94   1977
 MINIMUM         3.99   1965
TOTALS           9.05             10.92   -1.87     6.49
DAILY AVG.       0.10              0.12   -0.02
DAYS >= .01        25              25.8    -0.8
DAYS >= .10        16              16.6    -0.6
DAYS >= .50         6               7.6    -1.6
DAYS >= 1.00        4               2.9     1.1
GREATEST
 24 HR. TOTAL    1.51   MM
 STORM TOTAL       MM
 (MM/DD(HH))            MM

SNOWFALL (INCHES)
RECORDS
 TOTAL            6.1   1989
 24 HR TOTAL       MM
TOTALS            0.4               0.3     0.1
 LIQUID EQUIV    0.04              0.00    0.04
SINCE 7/1         0.4               0.3     0.1
 LIQUID 7/1      0.04
DAYS >= TRACE       2               0.2     1.8
DAYS >= 1.0         0               0.1    -0.1
GREATEST
 SNOW DEPTH         0   MM
 24 HR TOTAL      0.4   MM
 STORM TOTAL       MM
 (MM/DD(HH))            MM

DEGREE_DAYS
HEATING TOTAL     754               774     -20
 SINCE 7/1        754               775     -21
COOLING TOTAL     205               180      25
 SINCE 1/1       1192              1214     -22
..............................................................

WIND (MPH)
AVERAGE WIND SPEED              10.3
HIGHEST WIND SPEED/DIRECTION    35/350    DATE  11/02
HIGHEST GUST SPEED/DIRECTION    41/010    DATE  10/22

SKY COVER
POSSIBLE SUNSHINE (PERCENT)   MM
AVERAGE SKY COVER           0.60
NUMBER OF DAYS FAIR           17
NUMBER OF DAYS PC             40
NUMBER OF DAYS CLOUDY         34

AVERAGE RH (PERCENT)     61

WEATHER CONDITIONS. NUMBER OF DAYS WITH
THUNDERSTORM              0     MIXED PRECIP               0
HEAVY RAIN                4     RAIN                      13
LIGHT RAIN               39     FREEZING RAIN              0
LT FREEZING RAIN          0     HAIL                       0
HEAVY SNOW                0     SNOW                       1
LIGHT SNOW                2     SLEET                      1
FOG                      22     FOG W/VIS <= 1/4 MILE      1
HAZE                      7

-  INDICATES NEGATIVE NUMBERS.
R  INDICATES RECORD WAS SET OR TIED.
MM INDICATES DATA IS MISSING.
T  INDICATES TRACE AMOUNT.

$$







U.S. Dept. of Commerce
NOAA National Weather Service
1325 East West Highway
Silver Spring, MD 20910
E-mail: w-nws.webmaster@noaa.gov
Page last modified: May 16, 2007
NATIONAL WEATHER SERVICE: for Safety, for Work, for Fun - FOR LIFE